INSERT INTO
  `exchange_market` (
    `id`,
    `pair`,
    `isTrending`,
    `isHot`,
    `metadata`,
    `status`,
    `currency`
  )
VALUES
  (
    'c6e32238-fb63-4a43-9e66-7b6c3a3ca0f3',
    'USDT',
    0,
    0,
    '{\"taker\":0.003,\"maker\":0.003,\"precision\":{\"price\":6,\"amount\":0},\"limits\":{\"amount\":{\"min\":10,\"max\":10000000000},\"price\":{},\"cost\":{\"min\":0.1,\"max\":9999999},\"leverage\":{}}}',
    0,
    'DREAMS'
  );
INSERT INTO
  `exchange_market` (
    `id`,
    `pair`,
    `isTrending`,
    `isHot`,
    `metadata`,
    `status`,
    `currency`
  )
VALUES
  (
    'c726eb0f-bb43-45a6-88e0-72f99ec29343',
    'KCS',
    0,
    0,
    '{\"taker\":0.001,\"maker\":0.001,\"precision\":{\"price\":6,\"amount\":4},\"limits\":{\"amount\":{\"min\":1,\"max\":10000000000},\"price\":{},\"cost\":{\"min\":0.01,\"max\":99999999},\"leverage\":{}}}',
    0,
    'GRT'
  );
INSERT INTO
  `exchange_market` (
    `id`,
    `pair`,
    `isTrending`,
    `isHot`,
    `metadata`,
    `status`,
    `currency`
  )
VALUES
  (
    'c7d3351f-1df6-4827-94fc-d56ede208a8a',
    'USDT',
    0,
    0,
    '{\"taker\":0.002,\"maker\":0.002,\"precision\":{\"price\":5,\"amount\":1},\"limits\":{\"amount\":{\"min\":10,\"max\":10000000000},\"price\":{},\"cost\":{\"min\":0.1,\"max\":99999999},\"leverage\":{}}}',
    0,
    'NXRA'
  );
INSERT INTO
  `exchange_market` (
    `id`,
    `pair`,
    `isTrending`,
    `isHot`,
    `metadata`,
    `status`,
    `currency`
  )
VALUES
  (
    'c800f37a-c61a-4160-bd13-8199246fa7de',
    'BTC',
    0,
    0,
    '{\"taker\":0.001,\"maker\":0.001,\"precision\":{\"price\":5,\"amount\":4},\"limits\":{\"amount\":{\"min\":0.0001,\"max\":10000000000},\"price\":{},\"cost\":{\"min\":0.0001,\"max\":99999999},\"leverage\":{}}}',
    0,
    'WBTC'
  );
INSERT INTO
  `exchange_market` (
    `id`,
    `pair`,
    `isTrending`,
    `isHot`,
    `metadata`,
    `status`,
    `currency`
  )
VALUES
  (
    'c84707d7-0b78-4516-912b-75ae1e810d51',
    'USDT',
    0,
    0,
    '{\"taker\":0.001,\"maker\":0.001,\"precision\":{\"price\":4,\"amount\":4},\"limits\":{\"amount\":{\"min\":0.1,\"max\":99999999999999},\"price\":{},\"cost\":{\"min\":0.1,\"max\":5000},\"leverage\":{}}}',
    0,
    'SAND3S'
  );
INSERT INTO
  `exchange_market` (
    `id`,
    `pair`,
    `isTrending`,
    `isHot`,
    `metadata`,
    `status`,
    `currency`
  )
VALUES
  (
    'c84838ca-dee3-439e-97f3-e001c1d86011',
    'USDT',
    0,
    0,
    '{\"taker\":0.001,\"maker\":0.001,\"precision\":{\"price\":4,\"amount\":4},\"limits\":{\"amount\":{\"min\":0.1,\"max\":10000000000},\"price\":{},\"cost\":{\"min\":0.1,\"max\":99999999},\"leverage\":{}}}',
    0,
    'TIA'
  );
INSERT INTO
  `exchange_market` (
    `id`,
    `pair`,
    `isTrending`,
    `isHot`,
    `metadata`,
    `status`,
    `currency`
  )
VALUES
  (
    'c84e9a40-e784-4b73-b3d8-1c5e21603d82',
    'USDT',
    0,
    0,
    '{\"taker\":0.002,\"maker\":0.002,\"precision\":{\"price\":8,\"amount\":4},\"limits\":{\"amount\":{\"min\":10000,\"max\":10000000000},\"price\":{},\"cost\":{\"min\":0.1,\"max\":99999999},\"leverage\":{}}}',
    0,
    'RATS'
  );
INSERT INTO
  `exchange_market` (
    `id`,
    `pair`,
    `isTrending`,
    `isHot`,
    `metadata`,
    `status`,
    `currency`
  )
VALUES
  (
    'c8544ad2-4c31-42fc-be80-13967557ee00',
    'USDT',
    0,
    0,
    '{\"taker\":0.003,\"maker\":0.003,\"precision\":{\"price\":6,\"amount\":4},\"limits\":{\"amount\":{\"min\":100,\"max\":10000000000},\"price\":{},\"cost\":{\"min\":0.1,\"max\":99999999},\"leverage\":{}}}',
    0,
    'KPOL'
  );
INSERT INTO
  `exchange_market` (
    `id`,
    `pair`,
    `isTrending`,
    `isHot`,
    `metadata`,
    `status`,
    `currency`
  )
VALUES
  (
    'c86b774e-2ba8-4e10-b956-6d0e06320af3',
    'USDT',
    0,
    0,
    '{\"taker\":0.003,\"maker\":0.003,\"precision\":{\"price\":5,\"amount\":4},\"limits\":{\"amount\":{\"min\":10,\"max\":10000000000},\"price\":{},\"cost\":{\"min\":0.1,\"max\":99999999},\"leverage\":{}}}',
    0,
    'NAVX'
  );
INSERT INTO
  `exchange_market` (
    `id`,
    `pair`,
    `isTrending`,
    `isHot`,
    `metadata`,
    `status`,
    `currency`
  )
VALUES
  (
    'c8877fb5-936e-4fc2-846a-4b85330ab709',
    'USDT',
    0,
    0,
    '{\"taker\":0.002,\"maker\":0.002,\"precision\":{\"price\":4,\"amount\":2},\"limits\":{\"amount\":{\"min\":0.1,\"max\":10000000000},\"price\":{},\"cost\":{\"min\":0.1,\"max\":99999999},\"leverage\":{}}}',
    0,
    'NAKA'
  );
INSERT INTO
  `exchange_market` (
    `id`,
    `pair`,
    `isTrending`,
    `isHot`,
    `metadata`,
    `status`,
    `currency`
  )
VALUES
  (
    'c896b681-17d1-4d9a-961f-334be776b2e1',
    'USDT',
    0,
    0,
    '{\"taker\":0.001,\"maker\":0.001,\"precision\":{\"price\":3,\"amount\":4},\"limits\":{\"amount\":{\"min\":0.01,\"max\":10000000000},\"price\":{},\"cost\":{\"min\":0.1,\"max\":99999999},\"leverage\":{}}}',
    0,
    'TRB'
  );
INSERT INTO
  `exchange_market` (
    `id`,
    `pair`,
    `isTrending`,
    `isHot`,
    `metadata`,
    `status`,
    `currency`
  )
VALUES
  (
    'c8c43599-2181-48a2-be56-327a0e088830',
    'BTC',
    0,
    0,
    '{\"taker\":0.001,\"maker\":0.001,\"precision\":{\"price\":8,\"amount\":4},\"limits\":{\"amount\":{\"min\":0.01,\"max\":10000000000},\"price\":{},\"cost\":{\"min\":0.00001,\"max\":99999999},\"leverage\":{}}}',
    0,
    'QTUM'
  );
INSERT INTO
  `exchange_market` (
    `id`,
    `pair`,
    `isTrending`,
    `isHot`,
    `metadata`,
    `status`,
    `currency`
  )
VALUES
  (
    'c8fbe1b6-3313-4249-9cb5-b35d5fd6a39e',
    'BTC',
    0,
    0,
    '{\"taker\":0.001,\"maker\":0.001,\"precision\":{\"price\":7,\"amount\":4},\"limits\":{\"amount\":{\"min\":0.01,\"max\":10000000000},\"price\":{},\"cost\":{\"min\":0.000001,\"max\":99999999},\"leverage\":{}}}',
    0,
    'FXS'
  );
INSERT INTO
  `exchange_market` (
    `id`,
    `pair`,
    `isTrending`,
    `isHot`,
    `metadata`,
    `status`,
    `currency`
  )
VALUES
  (
    'c963d94f-baba-4a18-bb1d-5b181a408ce3',
    'USDT',
    0,
    0,
    '{\"taker\":0.001,\"maker\":0.001,\"precision\":{\"price\":8,\"amount\":4},\"limits\":{\"amount\":{\"min\":100000,\"max\":10000000000},\"price\":{},\"cost\":{\"min\":0.1,\"max\":99999999},\"leverage\":{}}}',
    0,
    'BONK'
  );
INSERT INTO
  `exchange_market` (
    `id`,
    `pair`,
    `isTrending`,
    `isHot`,
    `metadata`,
    `status`,
    `currency`
  )
VALUES
  (
    'c964e037-dcdb-46f5-b5b3-133ef1d1528e',
    'USDT',
    0,
    0,
    '{\"taker\":0.001,\"maker\":0.001,\"precision\":{\"price\":4,\"amount\":4},\"limits\":{\"amount\":{\"min\":0.1,\"max\":10000000000},\"price\":{},\"cost\":{\"min\":0.1,\"max\":99999999},\"leverage\":{}}}',
    0,
    'LIT'
  );
INSERT INTO
  `exchange_market` (
    `id`,
    `pair`,
    `isTrending`,
    `isHot`,
    `metadata`,
    `status`,
    `currency`
  )
VALUES
  (
    'c97c4456-cefe-4e46-884b-66f66d681db1',
    'USDT',
    0,
    0,
    '{\"taker\":0.002,\"maker\":0.002,\"precision\":{\"price\":5,\"amount\":1},\"limits\":{\"amount\":{\"min\":10,\"max\":10000000000},\"price\":{},\"cost\":{\"min\":0.1,\"max\":99999999},\"leverage\":{}}}',
    0,
    'MASA'
  );
INSERT INTO
  `exchange_market` (
    `id`,
    `pair`,
    `isTrending`,
    `isHot`,
    `metadata`,
    `status`,
    `currency`
  )
VALUES
  (
    'c9871ae4-4d14-44fe-a242-9cdd17aacb54',
    'USDC',
    0,
    0,
    '{\"taker\":0.002,\"maker\":0.002,\"precision\":{\"price\":6,\"amount\":4},\"limits\":{\"amount\":{\"min\":100,\"max\":10000000000},\"price\":{},\"cost\":{\"min\":0.1,\"max\":99999999},\"leverage\":{}}}',
    0,
    'VRA'
  );
INSERT INTO
  `exchange_market` (
    `id`,
    `pair`,
    `isTrending`,
    `isHot`,
    `metadata`,
    `status`,
    `currency`
  )
VALUES
  (
    'c9a0dcf0-ea50-4692-b69a-e8c1c6c76cf2',
    'USDT',
    0,
    0,
    '{\"taker\":0.001,\"maker\":0.001,\"precision\":{\"price\":4,\"amount\":4},\"limits\":{\"amount\":{\"min\":0.1,\"max\":9999999},\"price\":{},\"cost\":{\"min\":0.1,\"max\":10000},\"leverage\":{}}}',
    0,
    'DOT3L'
  );
INSERT INTO
  `exchange_market` (
    `id`,
    `pair`,
    `isTrending`,
    `isHot`,
    `metadata`,
    `status`,
    `currency`
  )
VALUES
  (
    'c9dc12cd-873a-4962-8f4d-f220c5b6ed9d',
    'USDT',
    0,
    0,
    '{\"taker\":0.003,\"maker\":0.003,\"precision\":{\"price\":6,\"amount\":4},\"limits\":{\"amount\":{\"min\":50,\"max\":10000000000},\"price\":{},\"cost\":{\"min\":0.1,\"max\":99999999},\"leverage\":{}}}',
    0,
    'CAS'
  );
INSERT INTO
  `exchange_market` (
    `id`,
    `pair`,
    `isTrending`,
    `isHot`,
    `metadata`,
    `status`,
    `currency`
  )
VALUES
  (
    'ca2926ed-2e2f-42dc-9f59-bebe05ab7ba4',
    'USDT',
    0,
    0,
    '{\"taker\":0.001,\"maker\":0.001,\"precision\":{\"price\":8,\"amount\":8},\"limits\":{\"amount\":{\"min\":0.1,\"max\":999999999999},\"price\":{},\"cost\":{\"min\":0.1,\"max\":5000},\"leverage\":{}}}',
    0,
    'LUNCDOWN'
  );
INSERT INTO
  `exchange_market` (
    `id`,
    `pair`,
    `isTrending`,
    `isHot`,
    `metadata`,
    `status`,
    `currency`
  )
VALUES
  (
    'ca33f477-cb91-4d32-a480-eb30a1677811',
    'BTC',
    0,
    0,
    '{\"taker\":0.002,\"maker\":0.002,\"precision\":{\"price\":8,\"amount\":2},\"limits\":{\"amount\":{\"min\":100,\"max\":10000000000},\"price\":{},\"cost\":{\"min\":0.00001,\"max\":99999999},\"leverage\":{}}}',
    0,
    'TEL'
  );
INSERT INTO
  `exchange_market` (
    `id`,
    `pair`,
    `isTrending`,
    `isHot`,
    `metadata`,
    `status`,
    `currency`
  )
VALUES
  (
    'ca5b5f3b-b488-41b8-b068-3e5af6d7f78b',
    'USDT',
    0,
    0,
    '{\"taker\":0.001,\"maker\":0.001,\"precision\":{\"price\":5,\"amount\":4},\"limits\":{\"amount\":{\"min\":10,\"max\":10000000000},\"price\":{},\"cost\":{\"min\":0.1,\"max\":99999999},\"leverage\":{}}}',
    0,
    'QKC'
  );
INSERT INTO
  `exchange_market` (
    `id`,
    `pair`,
    `isTrending`,
    `isHot`,
    `metadata`,
    `status`,
    `currency`
  )
VALUES
  (
    'ca66ec68-e573-4410-9cc1-116ba864e28f',
    'BTC',
    0,
    0,
    '{\"taker\":0.001,\"maker\":0.001,\"precision\":{\"price\":8,\"amount\":4},\"limits\":{\"amount\":{\"min\":1,\"max\":10000000000},\"price\":{},\"cost\":{\"min\":0.000001,\"max\":99999999},\"leverage\":{}}}',
    0,
    'CHZ'
  );
INSERT INTO
  `exchange_market` (
    `id`,
    `pair`,
    `isTrending`,
    `isHot`,
    `metadata`,
    `status`,
    `currency`
  )
VALUES
  (
    'cabe0524-ef3a-4d1f-a219-9dbfeaf5c13a',
    'BTC',
    0,
    0,
    '{\"taker\":0.001,\"maker\":0.001,\"precision\":{\"price\":8,\"amount\":4},\"limits\":{\"amount\":{\"min\":0.1,\"max\":10000000000},\"price\":{},\"cost\":{\"min\":0.000001,\"max\":99999999},\"leverage\":{}}}',
    0,
    'TRIAS'
  );
INSERT INTO
  `exchange_market` (
    `id`,
    `pair`,
    `isTrending`,
    `isHot`,
    `metadata`,
    `status`,
    `currency`
  )
VALUES
  (
    'cb303bbb-4ebf-4ade-93ff-b4664ebf1f79',
    'USDT',
    0,
    0,
    '{\"taker\":0.002,\"maker\":0.002,\"precision\":{\"price\":7,\"amount\":4},\"limits\":{\"amount\":{\"min\":100,\"max\":10000000000},\"price\":{},\"cost\":{\"min\":0.1,\"max\":99999999},\"leverage\":{}}}',
    0,
    'RACA'
  );
INSERT INTO
  `exchange_market` (
    `id`,
    `pair`,
    `isTrending`,
    `isHot`,
    `metadata`,
    `status`,
    `currency`
  )
VALUES
  (
    'cb38dc0d-e92f-4f13-a761-c21be8630ecf',
    'USDT',
    0,
    0,
    '{\"taker\":0.002,\"maker\":0.002,\"precision\":{\"price\":4,\"amount\":4},\"limits\":{\"amount\":{\"min\":1,\"max\":10000000000},\"price\":{},\"cost\":{\"min\":0.1,\"max\":99999999},\"leverage\":{}}}',
    0,
    'MAVIA'
  );
INSERT INTO
  `exchange_market` (
    `id`,
    `pair`,
    `isTrending`,
    `isHot`,
    `metadata`,
    `status`,
    `currency`
  )
VALUES
  (
    'cb73b571-0650-42e2-a1e9-0e89eed50b27',
    'USDT',
    0,
    0,
    '{\"taker\":0.003,\"maker\":0.003,\"precision\":{\"price\":6,\"amount\":4},\"limits\":{\"amount\":{\"min\":1,\"max\":10000000000},\"price\":{},\"cost\":{\"min\":0.1,\"max\":99999999},\"leverage\":{}}}',
    0,
    'ARX'
  );
INSERT INTO
  `exchange_market` (
    `id`,
    `pair`,
    `isTrending`,
    `isHot`,
    `metadata`,
    `status`,
    `currency`
  )
VALUES
  (
    'cb919b4b-e038-408d-aca5-b4ef179263a1',
    'USDT',
    0,
    0,
    '{\"taker\":0.001,\"maker\":0.001,\"precision\":{\"price\":3,\"amount\":4},\"limits\":{\"amount\":{\"min\":0.01,\"max\":10000000000},\"price\":{},\"cost\":{\"min\":0.1,\"max\":99999999},\"leverage\":{}}}',
    0,
    'ALICE'
  );
INSERT INTO
  `exchange_market` (
    `id`,
    `pair`,
    `isTrending`,
    `isHot`,
    `metadata`,
    `status`,
    `currency`
  )
VALUES
  (
    'cbb191b5-5589-4771-b031-d15d8d9494b8',
    'USDT',
    0,
    0,
    '{\"taker\":0,\"maker\":0,\"precision\":{\"price\":4,\"amount\":2},\"limits\":{\"amount\":{\"min\":0.1,\"max\":10000000000},\"price\":{},\"cost\":{\"min\":0.1,\"max\":99999999},\"leverage\":{}}}',
    0,
    'USDC'
  );
INSERT INTO
  `exchange_market` (
    `id`,
    `pair`,
    `isTrending`,
    `isHot`,
    `metadata`,
    `status`,
    `currency`
  )
VALUES
  (
    'cbb8d2ff-fe62-46ff-9b62-741cc04d63e3',
    'BTC',
    0,
    0,
    '{\"taker\":0.001,\"maker\":0.001,\"precision\":{\"price\":8,\"amount\":4},\"limits\":{\"amount\":{\"min\":1,\"max\":10000000000},\"price\":{},\"cost\":{\"min\":0.00001,\"max\":99999999},\"leverage\":{}}}',
    0,
    'REQ'
  );
INSERT INTO
  `exchange_market` (
    `id`,
    `pair`,
    `isTrending`,
    `isHot`,
    `metadata`,
    `status`,
    `currency`
  )
VALUES
  (
    'cbc518f2-0f8b-44b5-b13c-807695c9d68c',
    'USDT',
    0,
    0,
    '{\"taker\":0.001,\"maker\":0.001,\"precision\":{\"price\":5,\"amount\":4},\"limits\":{\"amount\":{\"min\":0.1,\"max\":10000000000},\"price\":{},\"cost\":{\"min\":0.1,\"max\":99999999},\"leverage\":{}}}',
    0,
    'ROSE'
  );
INSERT INTO
  `exchange_market` (
    `id`,
    `pair`,
    `isTrending`,
    `isHot`,
    `metadata`,
    `status`,
    `currency`
  )
VALUES
  (
    'cc0bf5b0-5e71-4f3d-8617-5ac37369ac8b',
    'ETH',
    0,
    0,
    '{\"taker\":0.001,\"maker\":0.001,\"precision\":{\"price\":8,\"amount\":4},\"limits\":{\"amount\":{\"min\":0.1,\"max\":10000000000},\"price\":{},\"cost\":{\"min\":0.00001,\"max\":99999999},\"leverage\":{}}}',
    0,
    'LRC'
  );
INSERT INTO
  `exchange_market` (
    `id`,
    `pair`,
    `isTrending`,
    `isHot`,
    `metadata`,
    `status`,
    `currency`
  )
VALUES
  (
    'cc0c35f7-a3bd-4287-b657-d7708a3b672a',
    'BTC',
    0,
    0,
    '{\"taker\":0.001,\"maker\":0.001,\"precision\":{\"price\":8,\"amount\":4},\"limits\":{\"amount\":{\"min\":0.1,\"max\":10000000000},\"price\":{},\"cost\":{\"min\":0.000001,\"max\":99999999},\"leverage\":{}}}',
    0,
    'MTL'
  );
INSERT INTO
  `exchange_market` (
    `id`,
    `pair`,
    `isTrending`,
    `isHot`,
    `metadata`,
    `status`,
    `currency`
  )
VALUES
  (
    'cc13926b-68ff-439f-b8cc-321af4ae75f9',
    'USDT',
    0,
    0,
    '{\"taker\":0.003,\"maker\":0.003,\"precision\":{\"price\":6,\"amount\":4},\"limits\":{\"amount\":{\"min\":1,\"max\":10000000000},\"price\":{},\"cost\":{\"min\":0.1,\"max\":99999999},\"leverage\":{}}}',
    0,
    'ACE'
  );
INSERT INTO
  `exchange_market` (
    `id`,
    `pair`,
    `isTrending`,
    `isHot`,
    `metadata`,
    `status`,
    `currency`
  )
VALUES
  (
    'cc42aa7e-3d2d-449b-b46a-cf21a0d70391',
    'USDT',
    0,
    0,
    '{\"taker\":0.002,\"maker\":0.002,\"precision\":{\"price\":4,\"amount\":2},\"limits\":{\"amount\":{\"min\":1,\"max\":10000000000},\"price\":{},\"cost\":{\"min\":0.1,\"max\":99999999},\"leverage\":{}}}',
    0,
    'UXLINK'
  );
INSERT INTO
  `exchange_market` (
    `id`,
    `pair`,
    `isTrending`,
    `isHot`,
    `metadata`,
    `status`,
    `currency`
  )
VALUES
  (
    'cc578719-7498-41d0-a683-f191fc59edab',
    'USDT',
    0,
    0,
    '{\"taker\":0.002,\"maker\":0.002,\"precision\":{\"price\":5,\"amount\":4},\"limits\":{\"amount\":{\"min\":1,\"max\":10000000000},\"price\":{},\"cost\":{\"min\":0.1,\"max\":99999999},\"leverage\":{}}}',
    0,
    'CANDY'
  );
INSERT INTO
  `exchange_market` (
    `id`,
    `pair`,
    `isTrending`,
    `isHot`,
    `metadata`,
    `status`,
    `currency`
  )
VALUES
  (
    'cc5cb2d8-5bc1-4fc5-ab35-cfccf26081f9',
    'DOGE',
    0,
    0,
    '{\"taker\":0.001,\"maker\":0.001,\"precision\":{\"price\":8,\"amount\":4},\"limits\":{\"amount\":{\"min\":1000,\"max\":10000000000},\"price\":{},\"cost\":{\"min\":0.1,\"max\":99999999},\"leverage\":{}}}',
    0,
    'SHIB'
  );
INSERT INTO
  `exchange_market` (
    `id`,
    `pair`,
    `isTrending`,
    `isHot`,
    `metadata`,
    `status`,
    `currency`
  )
VALUES
  (
    'cca4fb59-92db-497d-bd0b-7d4a41459458',
    'USDT',
    0,
    0,
    '{\"taker\":0.002,\"maker\":0.002,\"precision\":{\"price\":5,\"amount\":4},\"limits\":{\"amount\":{\"min\":0.1,\"max\":10000000000},\"price\":{},\"cost\":{\"min\":0.1,\"max\":99999999},\"leverage\":{}}}',
    0,
    'ONDO'
  );
INSERT INTO
  `exchange_market` (
    `id`,
    `pair`,
    `isTrending`,
    `isHot`,
    `metadata`,
    `status`,
    `currency`
  )
VALUES
  (
    'ccc0be7c-61ca-417e-b7f8-b90d6f310a36',
    'USDT',
    0,
    0,
    '{\"taker\":0.002,\"maker\":0.002,\"precision\":{\"price\":6,\"amount\":4},\"limits\":{\"amount\":{\"min\":100,\"max\":10000000000},\"price\":{},\"cost\":{\"min\":0.1,\"max\":99999999},\"leverage\":{}}}',
    0,
    'TARA'
  );
INSERT INTO
  `exchange_market` (
    `id`,
    `pair`,
    `isTrending`,
    `isHot`,
    `metadata`,
    `status`,
    `currency`
  )
VALUES
  (
    'cd24634f-3599-4859-91bc-e2449313ee51',
    'USDT',
    0,
    0,
    '{\"taker\":0.001,\"maker\":0.001,\"precision\":{\"price\":4,\"amount\":4},\"limits\":{\"amount\":{\"min\":1,\"max\":10000000000},\"price\":{},\"cost\":{\"min\":0.1,\"max\":99999999},\"leverage\":{}}}',
    0,
    'LDO'
  );
INSERT INTO
  `exchange_market` (
    `id`,
    `pair`,
    `isTrending`,
    `isHot`,
    `metadata`,
    `status`,
    `currency`
  )
VALUES
  (
    'cd4c60a6-da65-49c8-a5ce-fb335bf77040',
    'USDT',
    0,
    0,
    '{\"taker\":0.001,\"maker\":0.001,\"precision\":{\"price\":6,\"amount\":6},\"limits\":{\"amount\":{\"min\":0.1,\"max\":999999999999},\"price\":{},\"cost\":{\"min\":0.1,\"max\":5000},\"leverage\":{}}}',
    0,
    'BAKEUP'
  );
INSERT INTO
  `exchange_market` (
    `id`,
    `pair`,
    `isTrending`,
    `isHot`,
    `metadata`,
    `status`,
    `currency`
  )
VALUES
  (
    'cd5f7839-bf5a-477c-86b3-518c2d012a1d',
    'DAI',
    0,
    0,
    '{\"taker\":0.001,\"maker\":0.001,\"precision\":{\"price\":2,\"amount\":7},\"limits\":{\"amount\":{\"min\":0.0001,\"max\":10000000000},\"price\":{},\"cost\":{\"min\":0.1,\"max\":999999999},\"leverage\":{}}}',
    0,
    'ETH'
  );
INSERT INTO
  `exchange_market` (
    `id`,
    `pair`,
    `isTrending`,
    `isHot`,
    `metadata`,
    `status`,
    `currency`
  )
VALUES
  (
    'cd9c8156-bcd1-43d1-8f35-4b6aac71f9c6',
    'USDT',
    0,
    0,
    '{\"taker\":0.003,\"maker\":0.003,\"precision\":{\"price\":5,\"amount\":4},\"limits\":{\"amount\":{\"min\":1,\"max\":10000000000},\"price\":{},\"cost\":{\"min\":0.1,\"max\":99999999},\"leverage\":{}}}',
    0,
    'ODDZ'
  );
INSERT INTO
  `exchange_market` (
    `id`,
    `pair`,
    `isTrending`,
    `isHot`,
    `metadata`,
    `status`,
    `currency`
  )
VALUES
  (
    'cdce4891-420d-487e-ba7f-b7abe6ddb53a',
    'ETH',
    0,
    0,
    '{\"taker\":0.001,\"maker\":0.001,\"precision\":{\"price\":7,\"amount\":4},\"limits\":{\"amount\":{\"min\":0.1,\"max\":10000000000},\"price\":{},\"cost\":{\"min\":0.0001,\"max\":99999999},\"leverage\":{}}}',
    0,
    'VOXEL'
  );
INSERT INTO
  `exchange_market` (
    `id`,
    `pair`,
    `isTrending`,
    `isHot`,
    `metadata`,
    `status`,
    `currency`
  )
VALUES
  (
    'ce0506cf-4f69-4a70-8a01-44ef700d669c',
    'USDT',
    0,
    0,
    '{\"taker\":0.003,\"maker\":0.003,\"precision\":{\"price\":4,\"amount\":2},\"limits\":{\"amount\":{\"min\":0.01,\"max\":10000000000},\"price\":{},\"cost\":{\"min\":0.1,\"max\":99999999},\"leverage\":{}}}',
    0,
    'WHALE'
  );
INSERT INTO
  `exchange_market` (
    `id`,
    `pair`,
    `isTrending`,
    `isHot`,
    `metadata`,
    `status`,
    `currency`
  )
VALUES
  (
    'ce44b8c7-f5cf-4bb9-8bd9-da1599035d8b',
    'USDT',
    0,
    0,
    '{\"taker\":0.001,\"maker\":0.001,\"precision\":{\"price\":5,\"amount\":4},\"limits\":{\"amount\":{\"min\":10,\"max\":10000000000},\"price\":{},\"cost\":{\"min\":0.1,\"max\":99999999},\"leverage\":{}}}',
    0,
    'DOGE'
  );
INSERT INTO
  `exchange_market` (
    `id`,
    `pair`,
    `isTrending`,
    `isHot`,
    `metadata`,
    `status`,
    `currency`
  )
VALUES
  (
    'ce49e32d-ebc8-4871-8c3d-0806495de92f',
    'USDT',
    0,
    0,
    '{\"taker\":0.003,\"maker\":0.003,\"precision\":{\"price\":2,\"amount\":4},\"limits\":{\"amount\":{\"min\":0.0001,\"max\":10000000000},\"price\":{},\"cost\":{\"min\":0.1,\"max\":99999999},\"leverage\":{}}}',
    0,
    'GRAIL'
  );
INSERT INTO
  `exchange_market` (
    `id`,
    `pair`,
    `isTrending`,
    `isHot`,
    `metadata`,
    `status`,
    `currency`
  )
VALUES
  (
    'ce507f82-49d0-4322-903d-34554aab2d7b',
    'USDT',
    0,
    0,
    '{\"taker\":0.002,\"maker\":0.002,\"precision\":{\"price\":5,\"amount\":4},\"limits\":{\"amount\":{\"min\":0.1,\"max\":10000000000},\"price\":{},\"cost\":{\"min\":0.1,\"max\":99999999},\"leverage\":{}}}',
    0,
    'CRO'
  );
INSERT INTO
  `exchange_market` (
    `id`,
    `pair`,
    `isTrending`,
    `isHot`,
    `metadata`,
    `status`,
    `currency`
  )
VALUES
  (
    'cea4901b-fd9e-4d36-97c3-665a6777c714',
    'USDT',
    0,
    0,
    '{\"taker\":0.002,\"maker\":0.002,\"precision\":{\"price\":7,\"amount\":4},\"limits\":{\"amount\":{\"min\":1000,\"max\":10000000000},\"price\":{},\"cost\":{\"min\":0.1,\"max\":99999999},\"leverage\":{}}}',
    0,
    'KARATE'
  );
INSERT INTO
  `exchange_market` (
    `id`,
    `pair`,
    `isTrending`,
    `isHot`,
    `metadata`,
    `status`,
    `currency`
  )
VALUES
  (
    'cecbc5e3-cee5-4114-b875-418eff2df49a',
    'USDT',
    0,
    0,
    '{\"taker\":0.001,\"maker\":0.001,\"precision\":{\"price\":4,\"amount\":4},\"limits\":{\"amount\":{\"min\":0.1,\"max\":10000000000},\"price\":{},\"cost\":{\"min\":0.1,\"max\":99999999},\"leverage\":{}}}',
    0,
    'THETA'
  );
INSERT INTO
  `exchange_market` (
    `id`,
    `pair`,
    `isTrending`,
    `isHot`,
    `metadata`,
    `status`,
    `currency`
  )
VALUES
  (
    'd096b271-d262-4c15-b259-7e58cedeeb64',
    'BTC',
    0,
    0,
    '{\"taker\":0.001,\"maker\":0.001,\"precision\":{\"price\":8,\"amount\":4},\"limits\":{\"amount\":{\"min\":0.1,\"max\":10000000000},\"price\":{},\"cost\":{\"min\":0.000001,\"max\":99999999},\"leverage\":{}}}',
    0,
    'BAND'
  );
INSERT INTO
  `exchange_market` (
    `id`,
    `pair`,
    `isTrending`,
    `isHot`,
    `metadata`,
    `status`,
    `currency`
  )
VALUES
  (
    'd0b1521b-33b8-4ef8-966e-96b2748c1b85',
    'USDT',
    0,
    0,
    '{\"taker\":0.002,\"maker\":0.002,\"precision\":{\"price\":5,\"amount\":1},\"limits\":{\"amount\":{\"min\":0.1,\"max\":10000000000},\"price\":{},\"cost\":{\"min\":0.1,\"max\":99999999},\"leverage\":{}}}',
    0,
    'VAIOT'
  );
INSERT INTO
  `exchange_market` (
    `id`,
    `pair`,
    `isTrending`,
    `isHot`,
    `metadata`,
    `status`,
    `currency`
  )
VALUES
  (
    'd1409dd7-f36f-4e22-ad25-39fa1d19fd46',
    'USDT',
    0,
    0,
    '{\"taker\":0.002,\"maker\":0.002,\"precision\":{\"price\":4,\"amount\":4},\"limits\":{\"amount\":{\"min\":1,\"max\":10000000000},\"price\":{},\"cost\":{\"min\":0.1,\"max\":99999999},\"leverage\":{}}}',
    0,
    'CFG'
  );
INSERT INTO
  `exchange_market` (
    `id`,
    `pair`,
    `isTrending`,
    `isHot`,
    `metadata`,
    `status`,
    `currency`
  )
VALUES
  (
    'd16d1e81-3b57-47cc-a0fa-f3ffb6e0a4eb',
    'ETH',
    0,
    0,
    '{\"taker\":0.003,\"maker\":0.003,\"precision\":{\"price\":8,\"amount\":4},\"limits\":{\"amount\":{\"min\":1,\"max\":10000000000},\"price\":{},\"cost\":{\"min\":0.0001,\"max\":99999999},\"leverage\":{}}}',
    0,
    'SOUL'
  );
INSERT INTO
  `exchange_market` (
    `id`,
    `pair`,
    `isTrending`,
    `isHot`,
    `metadata`,
    `status`,
    `currency`
  )
VALUES
  (
    'd1b50296-bf85-41e5-8620-5f4fdf19bc75',
    'USDT',
    0,
    0,
    '{\"taker\":0.001,\"maker\":0.001,\"precision\":{\"price\":4,\"amount\":4},\"limits\":{\"amount\":{\"min\":0.1,\"max\":9999999999999},\"price\":{},\"cost\":{\"min\":0.1,\"max\":5000},\"leverage\":{}}}',
    0,
    'ETHDOWN'
  );
INSERT INTO
  `exchange_market` (
    `id`,
    `pair`,
    `isTrending`,
    `isHot`,
    `metadata`,
    `status`,
    `currency`
  )
VALUES
  (
    'd1fbc9a2-f1af-41c7-8f16-b2cb85fac882',
    'USDT',
    0,
    0,
    '{\"taker\":0.002,\"maker\":0.002,\"precision\":{\"price\":5,\"amount\":4},\"limits\":{\"amount\":{\"min\":1,\"max\":10000000000},\"price\":{},\"cost\":{\"min\":0.1,\"max\":99999999},\"leverage\":{}}}',
    0,
    'CWAR'
  );
INSERT INTO
  `exchange_market` (
    `id`,
    `pair`,
    `isTrending`,
    `isHot`,
    `metadata`,
    `status`,
    `currency`
  )
VALUES
  (
    'd201dbe7-c49c-40da-aeb2-e3bf44c5d3b3',
    'USDT',
    0,
    0,
    '{\"taker\":0.001,\"maker\":0.001,\"precision\":{\"price\":4,\"amount\":4},\"limits\":{\"amount\":{\"min\":0.1,\"max\":10000000000},\"price\":{},\"cost\":{\"min\":0.1,\"max\":99999999},\"leverage\":{}}}',
    0,
    'WRX'
  );
INSERT INTO
  `exchange_market` (
    `id`,
    `pair`,
    `isTrending`,
    `isHot`,
    `metadata`,
    `status`,
    `currency`
  )
VALUES
  (
    'd2412d1b-e015-42e2-b26e-8481567af413',
    'USDT',
    0,
    0,
    '{\"taker\":0.003,\"maker\":0.003,\"precision\":{\"price\":7,\"amount\":0},\"limits\":{\"amount\":{\"min\":10,\"max\":10000000000},\"price\":{},\"cost\":{\"min\":0.1,\"max\":99999999},\"leverage\":{}}}',
    0,
    'BEPRO'
  );
INSERT INTO
  `exchange_market` (
    `id`,
    `pair`,
    `isTrending`,
    `isHot`,
    `metadata`,
    `status`,
    `currency`
  )
VALUES
  (
    'd242f39d-fe93-45c2-8e63-25f788910609',
    'BTC',
    0,
    0,
    '{\"taker\":0.003,\"maker\":0.003,\"precision\":{\"price\":8,\"amount\":2},\"limits\":{\"amount\":{\"min\":0.1,\"max\":10000000000},\"price\":{},\"cost\":{\"min\":0.000001,\"max\":99999999},\"leverage\":{}}}',
    0,
    'AMPL'
  );
INSERT INTO
  `exchange_market` (
    `id`,
    `pair`,
    `isTrending`,
    `isHot`,
    `metadata`,
    `status`,
    `currency`
  )
VALUES
  (
    'd24be9b5-c139-4ff7-8da4-f0af6b93f167',
    'USDT',
    0,
    0,
    '{\"taker\":0.001,\"maker\":0.001,\"precision\":{\"price\":4,\"amount\":4},\"limits\":{\"amount\":{\"min\":1,\"max\":10000000000},\"price\":{},\"cost\":{\"min\":0.1,\"max\":99999999},\"leverage\":{}}}',
    0,
    'FLUX'
  );
INSERT INTO
  `exchange_market` (
    `id`,
    `pair`,
    `isTrending`,
    `isHot`,
    `metadata`,
    `status`,
    `currency`
  )
VALUES
  (
    'd28a0bc7-9937-4292-8421-e39ce7468311',
    'USDT',
    0,
    0,
    '{\"taker\":0.003,\"maker\":0.003,\"precision\":{\"price\":4,\"amount\":4},\"limits\":{\"amount\":{\"min\":1,\"max\":10000000000},\"price\":{},\"cost\":{\"min\":0.1,\"max\":99999999},\"leverage\":{}}}',
    0,
    'ALEX'
  );
INSERT INTO
  `exchange_market` (
    `id`,
    `pair`,
    `isTrending`,
    `isHot`,
    `metadata`,
    `status`,
    `currency`
  )
VALUES
  (
    'd2be01c5-d221-4107-9df1-288fb0fd4cd7',
    'USDT',
    0,
    0,
    '{\"taker\":0.003,\"maker\":0.003,\"precision\":{\"price\":5,\"amount\":4},\"limits\":{\"amount\":{\"min\":0.01,\"max\":10000000000},\"price\":{},\"cost\":{\"min\":0.1,\"max\":99999999},\"leverage\":{}}}',
    0,
    'HTR'
  );
INSERT INTO
  `exchange_market` (
    `id`,
    `pair`,
    `isTrending`,
    `isHot`,
    `metadata`,
    `status`,
    `currency`
  )
VALUES
  (
    'd2d9bc7f-a82f-4fbc-9cfb-6a2427fa06de',
    'USDT',
    0,
    0,
    '{\"taker\":0.001,\"maker\":0.001,\"precision\":{\"price\":5,\"amount\":4},\"limits\":{\"amount\":{\"min\":1,\"max\":10000000000},\"price\":{},\"cost\":{\"min\":0.1,\"max\":99999999},\"leverage\":{}}}',
    0,
    'OXT'
  );
INSERT INTO
  `exchange_market` (
    `id`,
    `pair`,
    `isTrending`,
    `isHot`,
    `metadata`,
    `status`,
    `currency`
  )
VALUES
  (
    'd2dd7294-9265-47cb-ba55-b87ccfed30fd',
    'USDT',
    0,
    0,
    '{\"taker\":0.002,\"maker\":0.002,\"precision\":{\"price\":4,\"amount\":4},\"limits\":{\"amount\":{\"min\":1,\"max\":10000000000},\"price\":{},\"cost\":{\"min\":0.1,\"max\":99999999},\"leverage\":{}}}',
    0,
    'SCA'
  );
INSERT INTO
  `exchange_market` (
    `id`,
    `pair`,
    `isTrending`,
    `isHot`,
    `metadata`,
    `status`,
    `currency`
  )
VALUES
  (
    'd2fdc828-2443-42b4-aa57-6870a1417258',
    'USDT',
    0,
    0,
    '{\"taker\":0.001,\"maker\":0.001,\"precision\":{\"price\":4,\"amount\":4},\"limits\":{\"amount\":{\"min\":0.1,\"max\":10000000000},\"price\":{},\"cost\":{\"min\":0.1,\"max\":99999999},\"leverage\":{}}}',
    0,
    'CELO'
  );
INSERT INTO
  `exchange_market` (
    `id`,
    `pair`,
    `isTrending`,
    `isHot`,
    `metadata`,
    `status`,
    `currency`
  )
VALUES
  (
    'd35faf62-02ac-40ac-92f3-92aa2f890446',
    'USDT',
    0,
    0,
    '{\"taker\":0.001,\"maker\":0.001,\"precision\":{\"price\":4,\"amount\":4},\"limits\":{\"amount\":{\"min\":1,\"max\":10000000000},\"price\":{},\"cost\":{\"min\":0.1,\"max\":99999999},\"leverage\":{}}}',
    0,
    'OSMO'
  );
INSERT INTO
  `exchange_market` (
    `id`,
    `pair`,
    `isTrending`,
    `isHot`,
    `metadata`,
    `status`,
    `currency`
  )
VALUES
  (
    'd3609027-7dbf-406c-8513-5d7429d7ca92',
    'USDT',
    0,
    0,
    '{\"taker\":0.003,\"maker\":0.003,\"precision\":{\"price\":4,\"amount\":4},\"limits\":{\"amount\":{\"min\":0.1,\"max\":10000000000},\"price\":{},\"cost\":{\"min\":0.1,\"max\":99999999},\"leverage\":{}}}',
    0,
    'SCLP'
  );
INSERT INTO
  `exchange_market` (
    `id`,
    `pair`,
    `isTrending`,
    `isHot`,
    `metadata`,
    `status`,
    `currency`
  )
VALUES
  (
    'd39c45d1-6377-4d3f-8471-eccf157aee3f',
    'USDT',
    0,
    0,
    '{\"taker\":0.002,\"maker\":0.002,\"precision\":{\"price\":5,\"amount\":4},\"limits\":{\"amount\":{\"min\":10,\"max\":10000000000},\"price\":{},\"cost\":{\"min\":0.1,\"max\":99999999},\"leverage\":{}}}',
    0,
    'LOCUS'
  );
INSERT INTO
  `exchange_market` (
    `id`,
    `pair`,
    `isTrending`,
    `isHot`,
    `metadata`,
    `status`,
    `currency`
  )
VALUES
  (
    'd42b0fe3-2736-4975-a4f2-ecba1dadae8a',
    'USDT',
    0,
    0,
    '{\"taker\":0.002,\"maker\":0.002,\"precision\":{\"price\":6,\"amount\":0},\"limits\":{\"amount\":{\"min\":1000,\"max\":10000000000},\"price\":{},\"cost\":{\"min\":0.1,\"max\":99999999},\"leverage\":{}}}',
    0,
    'TEL'
  );
INSERT INTO
  `exchange_market` (
    `id`,
    `pair`,
    `isTrending`,
    `isHot`,
    `metadata`,
    `status`,
    `currency`
  )
VALUES
  (
    'd444309f-512c-4884-8037-72fbdd276d77',
    'USDT',
    0,
    0,
    '{\"taker\":0.001,\"maker\":0.001,\"precision\":{\"price\":2,\"amount\":4},\"limits\":{\"amount\":{\"min\":0.0001,\"max\":10000000000},\"price\":{},\"cost\":{\"min\":0.1,\"max\":99999999},\"leverage\":{}}}',
    0,
    'BCH'
  );
INSERT INTO
  `exchange_market` (
    `id`,
    `pair`,
    `isTrending`,
    `isHot`,
    `metadata`,
    `status`,
    `currency`
  )
VALUES
  (
    'd4c7ea03-bc9f-4380-8f26-4f9681c5060a',
    'ETH',
    0,
    0,
    '{\"taker\":0.002,\"maker\":0.002,\"precision\":{\"price\":8,\"amount\":4},\"limits\":{\"amount\":{\"min\":10,\"max\":10000000000},\"price\":{},\"cost\":{\"min\":0.00001,\"max\":99999999},\"leverage\":{}}}',
    0,
    'TARA'
  );
INSERT INTO
  `exchange_market` (
    `id`,
    `pair`,
    `isTrending`,
    `isHot`,
    `metadata`,
    `status`,
    `currency`
  )
VALUES
  (
    'd575f547-17d0-43a3-b0e6-f1b1da3c2c2a',
    'USDT',
    0,
    0,
    '{\"taker\":0.002,\"maker\":0.002,\"precision\":{\"price\":5,\"amount\":4},\"limits\":{\"amount\":{\"min\":1,\"max\":160000},\"price\":{},\"cost\":{\"min\":0.1,\"max\":50000},\"leverage\":{}}}',
    0,
    'ISLM'
  );
INSERT INTO
  `exchange_market` (
    `id`,
    `pair`,
    `isTrending`,
    `isHot`,
    `metadata`,
    `status`,
    `currency`
  )
VALUES
  (
    'd58625de-b841-4fc5-89c7-edc248890261',
    'BTC',
    0,
    0,
    '{\"taker\":0.002,\"maker\":0.002,\"precision\":{\"price\":8,\"amount\":4},\"limits\":{\"amount\":{\"min\":1,\"max\":10000000000},\"price\":{},\"cost\":{\"min\":0.000001,\"max\":99999999},\"leverage\":{}}}',
    0,
    'TLOS'
  );
INSERT INTO
  `exchange_market` (
    `id`,
    `pair`,
    `isTrending`,
    `isHot`,
    `metadata`,
    `status`,
    `currency`
  )
VALUES
  (
    'd5b046ff-0f16-403c-a64d-c4c43eb1244c',
    'ETH',
    0,
    0,
    '{\"taker\":0.001,\"maker\":0.001,\"precision\":{\"price\":7,\"amount\":4},\"limits\":{\"amount\":{\"min\":0.1,\"max\":10000000000},\"price\":{},\"cost\":{\"min\":0.0001,\"max\":99999999},\"leverage\":{}}}',
    0,
    'KNC'
  );
INSERT INTO
  `exchange_market` (
    `id`,
    `pair`,
    `isTrending`,
    `isHot`,
    `metadata`,
    `status`,
    `currency`
  )
VALUES
  (
    'd5fc28f7-102c-4499-9a6c-08fe99fad6bd',
    'BTC',
    0,
    0,
    '{\"taker\":0.001,\"maker\":0.001,\"precision\":{\"price\":8,\"amount\":4},\"limits\":{\"amount\":{\"min\":10,\"max\":10000000000},\"price\":{},\"cost\":{\"min\":0.000001,\"max\":99999999},\"leverage\":{}}}',
    0,
    'GFT'
  );
INSERT INTO
  `exchange_market` (
    `id`,
    `pair`,
    `isTrending`,
    `isHot`,
    `metadata`,
    `status`,
    `currency`
  )
VALUES
  (
    'd6c0bb10-f5ab-4828-a168-adff3eca40c2',
    'USDT',
    0,
    0,
    '{\"taker\":0.003,\"maker\":0.003,\"precision\":{\"price\":4,\"amount\":4},\"limits\":{\"amount\":{\"min\":0.01,\"max\":10000000000},\"price\":{},\"cost\":{\"min\":0.1,\"max\":99999999},\"leverage\":{}}}',
    0,
    'XPRT'
  );
INSERT INTO
  `exchange_market` (
    `id`,
    `pair`,
    `isTrending`,
    `isHot`,
    `metadata`,
    `status`,
    `currency`
  )
VALUES
  (
    'd6c63bd7-16c1-439d-a0be-df7abc290c95',
    'USDT',
    0,
    0,
    '{\"taker\":0.002,\"maker\":0.002,\"precision\":{\"price\":4,\"amount\":4},\"limits\":{\"amount\":{\"min\":0.1,\"max\":10000000000},\"price\":{},\"cost\":{\"min\":0.1,\"max\":99999999},\"leverage\":{}}}',
    0,
    'WEMIX'
  );
INSERT INTO
  `exchange_market` (
    `id`,
    `pair`,
    `isTrending`,
    `isHot`,
    `metadata`,
    `status`,
    `currency`
  )
VALUES
  (
    'd700880a-8462-4498-b94f-abb016935ded',
    'USDT',
    0,
    0,
    '{\"taker\":0.002,\"maker\":0.002,\"precision\":{\"price\":4,\"amount\":2},\"limits\":{\"amount\":{\"min\":1,\"max\":1000000000},\"price\":{},\"cost\":{\"min\":0.1,\"max\":99999999},\"leverage\":{}}}',
    0,
    'DRIFT'
  );
INSERT INTO
  `exchange_market` (
    `id`,
    `pair`,
    `isTrending`,
    `isHot`,
    `metadata`,
    `status`,
    `currency`
  )
VALUES
  (
    'd71cffc6-412b-44ab-b079-16e2d6dcc0b3',
    'USDT',
    0,
    0,
    '{\"taker\":0.001,\"maker\":0.001,\"precision\":{\"price\":4,\"amount\":4},\"limits\":{\"amount\":{\"min\":1,\"max\":10000000000},\"price\":{},\"cost\":{\"min\":0.1,\"max\":99999999},\"leverage\":{}}}',
    0,
    'NTRN'
  );
INSERT INTO
  `exchange_market` (
    `id`,
    `pair`,
    `isTrending`,
    `isHot`,
    `metadata`,
    `status`,
    `currency`
  )
VALUES
  (
    'd774f191-d165-47f5-a1ca-a211f849ce02',
    'BTC',
    0,
    0,
    '{\"taker\":0.002,\"maker\":0.002,\"precision\":{\"price\":8,\"amount\":4},\"limits\":{\"amount\":{\"min\":1,\"max\":10000000000},\"price\":{},\"cost\":{\"min\":0.000001,\"max\":99999999},\"leverage\":{}}}',
    0,
    'KAS'
  );
INSERT INTO
  `exchange_market` (
    `id`,
    `pair`,
    `isTrending`,
    `isHot`,
    `metadata`,
    `status`,
    `currency`
  )
VALUES
  (
    'd781bcc7-abfd-4ba6-8fd4-829df75de2ac',
    'USDT',
    0,
    0,
    '{\"taker\":0.001,\"maker\":0.001,\"precision\":{\"price\":6,\"amount\":6},\"limits\":{\"amount\":{\"min\":0.1,\"max\":99999999999999},\"price\":{},\"cost\":{\"min\":0.1,\"max\":5000},\"leverage\":{}}}',
    0,
    'SHIB2S'
  );
INSERT INTO
  `exchange_market` (
    `id`,
    `pair`,
    `isTrending`,
    `isHot`,
    `metadata`,
    `status`,
    `currency`
  )
VALUES
  (
    'd78f52f5-6614-4030-a321-04c5c566bb51',
    'USDT',
    0,
    0,
    '{\"taker\":0.001,\"maker\":0.001,\"precision\":{\"price\":7,\"amount\":0},\"limits\":{\"amount\":{\"min\":10000,\"max\":10000000000},\"price\":{},\"cost\":{\"min\":0.1,\"max\":99999999},\"leverage\":{}}}',
    0,
    'FLOKI'
  );
INSERT INTO
  `exchange_market` (
    `id`,
    `pair`,
    `isTrending`,
    `isHot`,
    `metadata`,
    `status`,
    `currency`
  )
VALUES
  (
    'd7bf0222-db6c-40e7-bfc0-7b1e5eba437b',
    'USDT',
    0,
    0,
    '{\"taker\":0.001,\"maker\":0.001,\"precision\":{\"price\":3,\"amount\":4},\"limits\":{\"amount\":{\"min\":0.01,\"max\":10000000000},\"price\":{},\"cost\":{\"min\":0.1,\"max\":99999999},\"leverage\":{}}}',
    0,
    'INJ'
  );
INSERT INTO
  `exchange_market` (
    `id`,
    `pair`,
    `isTrending`,
    `isHot`,
    `metadata`,
    `status`,
    `currency`
  )
VALUES
  (
    'd7e13dc5-f50a-4c6d-9862-25daf7be8bfe',
    'USDC',
    0,
    0,
    '{\"taker\":0.001,\"maker\":0.001,\"precision\":{\"price\":4,\"amount\":4},\"limits\":{\"amount\":{\"min\":0.1,\"max\":10000000000},\"price\":{},\"cost\":{\"min\":0.1,\"max\":99999999},\"leverage\":{}}}',
    0,
    'KDA'
  );
INSERT INTO
  `exchange_market` (
    `id`,
    `pair`,
    `isTrending`,
    `isHot`,
    `metadata`,
    `status`,
    `currency`
  )
VALUES
  (
    'd7e5be24-bcec-41bf-88b0-9f1a2e8d7779',
    'KCS',
    0,
    0,
    '{\"taker\":0.001,\"maker\":0.001,\"precision\":{\"price\":6,\"amount\":4},\"limits\":{\"amount\":{\"min\":1,\"max\":10000000000},\"price\":{},\"cost\":{\"min\":0.01,\"max\":99999999},\"leverage\":{}}}',
    0,
    'DOGE'
  );
INSERT INTO
  `exchange_market` (
    `id`,
    `pair`,
    `isTrending`,
    `isHot`,
    `metadata`,
    `status`,
    `currency`
  )
VALUES
  (
    'd81e58e6-b667-4bea-962f-3e2ba8597fa8',
    'USDT',
    0,
    0,
    '{\"taker\":0.003,\"maker\":0.003,\"precision\":{\"price\":5,\"amount\":4},\"limits\":{\"amount\":{\"min\":1,\"max\":10000000000},\"price\":{},\"cost\":{\"min\":0.1,\"max\":99999999},\"leverage\":{}}}',
    0,
    'HMND'
  );
INSERT INTO
  `exchange_market` (
    `id`,
    `pair`,
    `isTrending`,
    `isHot`,
    `metadata`,
    `status`,
    `currency`
  )
VALUES
  (
    'd862b1a3-f16f-41c3-a6f4-0bafb70b0bea',
    'USDT',
    0,
    0,
    '{\"taker\":0.002,\"maker\":0.002,\"precision\":{\"price\":5,\"amount\":1},\"limits\":{\"amount\":{\"min\":10,\"max\":10000000000},\"price\":{},\"cost\":{\"min\":0.1,\"max\":99999999},\"leverage\":{}}}',
    0,
    'CXT'
  );
INSERT INTO
  `exchange_market` (
    `id`,
    `pair`,
    `isTrending`,
    `isHot`,
    `metadata`,
    `status`,
    `currency`
  )
VALUES
  (
    'd88c232c-c7e1-4423-8fd6-27fce6edd680',
    'USDT',
    0,
    0,
    '{\"taker\":0.002,\"maker\":0.002,\"precision\":{\"price\":5,\"amount\":4},\"limits\":{\"amount\":{\"min\":1,\"max\":10000000000},\"price\":{},\"cost\":{\"min\":0.1,\"max\":99999999},\"leverage\":{}}}',
    0,
    'XYM'
  );
INSERT INTO
  `exchange_market` (
    `id`,
    `pair`,
    `isTrending`,
    `isHot`,
    `metadata`,
    `status`,
    `currency`
  )
VALUES
  (
    'd93630ae-9ff8-4259-b9ce-7420ba489264',
    'USDT',
    0,
    0,
    '{\"taker\":0.002,\"maker\":0.002,\"precision\":{\"price\":8,\"amount\":4},\"limits\":{\"amount\":{\"min\":100000000,\"max\":100000000000000},\"price\":{},\"cost\":{\"min\":0.1,\"max\":99999999},\"leverage\":{}}}',
    0,
    'BABYDOGE'
  );
INSERT INTO
  `exchange_market` (
    `id`,
    `pair`,
    `isTrending`,
    `isHot`,
    `metadata`,
    `status`,
    `currency`
  )
VALUES
  (
    'd93d41f9-f4b0-46b3-a6df-c74cf23dc537',
    'USDT',
    0,
    0,
    '{\"taker\":0.001,\"maker\":0.001,\"precision\":{\"price\":8,\"amount\":8},\"limits\":{\"amount\":{\"min\":0.1,\"max\":10000000000},\"price\":{},\"cost\":{\"min\":0.1,\"max\":30000},\"leverage\":{}}}',
    0,
    'EOS3L'
  );
INSERT INTO
  `exchange_market` (
    `id`,
    `pair`,
    `isTrending`,
    `isHot`,
    `metadata`,
    `status`,
    `currency`
  )
VALUES
  (
    'd970d851-1756-4f80-bf0d-d5cc30de1244',
    'ETH',
    0,
    0,
    '{\"taker\":0.001,\"maker\":0.001,\"precision\":{\"price\":8,\"amount\":4},\"limits\":{\"amount\":{\"min\":0.1,\"max\":10000000000},\"price\":{},\"cost\":{\"min\":0.0001,\"max\":99999999},\"leverage\":{}}}',
    0,
    'FET'
  );
INSERT INTO
  `exchange_market` (
    `id`,
    `pair`,
    `isTrending`,
    `isHot`,
    `metadata`,
    `status`,
    `currency`
  )
VALUES
  (
    'd99c4152-e1c6-4210-98f7-36b7012c610a',
    'USDT',
    0,
    0,
    '{\"taker\":0.002,\"maker\":0.002,\"precision\":{\"price\":4,\"amount\":4},\"limits\":{\"amount\":{\"min\":0.1,\"max\":10000000000},\"price\":{},\"cost\":{\"min\":0.1,\"max\":99999999},\"leverage\":{}}}',
    0,
    'XAVA'
  );
INSERT INTO
  `exchange_market` (
    `id`,
    `pair`,
    `isTrending`,
    `isHot`,
    `metadata`,
    `status`,
    `currency`
  )
VALUES
  (
    'd9cdad03-9d5b-45f4-96f4-a932ee9010b0',
    'USDT',
    0,
    0,
    '{\"taker\":0.002,\"maker\":0.002,\"precision\":{\"price\":8,\"amount\":4},\"limits\":{\"amount\":{\"min\":10000,\"max\":10000000000},\"price\":{},\"cost\":{\"min\":0.1,\"max\":99999999},\"leverage\":{}}}',
    0,
    'BOB'
  );
INSERT INTO
  `exchange_market` (
    `id`,
    `pair`,
    `isTrending`,
    `isHot`,
    `metadata`,
    `status`,
    `currency`
  )
VALUES
  (
    'd9d05d8c-9651-447f-9fde-3260267bd800',
    'USDT',
    0,
    0,
    '{\"taker\":0.002,\"maker\":0.002,\"precision\":{\"price\":4,\"amount\":4},\"limits\":{\"amount\":{\"min\":0.1,\"max\":10000000000},\"price\":{},\"cost\":{\"min\":0.1,\"max\":99999999},\"leverage\":{}}}',
    0,
    'LBR'
  );
INSERT INTO
  `exchange_market` (
    `id`,
    `pair`,
    `isTrending`,
    `isHot`,
    `metadata`,
    `status`,
    `currency`
  )
VALUES
  (
    'd9d77b91-db91-47e1-a228-00736ebd8bdb',
    'BTC',
    0,
    0,
    '{\"taker\":0.001,\"maker\":0.001,\"precision\":{\"price\":8,\"amount\":4},\"limits\":{\"amount\":{\"min\":0.1,\"max\":10000000000},\"price\":{},\"cost\":{\"min\":0.00001,\"max\":99999999},\"leverage\":{}}}',
    0,
    'FET'
  );
INSERT INTO
  `exchange_market` (
    `id`,
    `pair`,
    `isTrending`,
    `isHot`,
    `metadata`,
    `status`,
    `currency`
  )
VALUES
  (
    'da078f6e-7dc8-47c9-8164-dceb84d185e4',
    'ETH',
    0,
    0,
    '{\"taker\":0.001,\"maker\":0.001,\"precision\":{\"price\":8,\"amount\":4},\"limits\":{\"amount\":{\"min\":1,\"max\":10000000000},\"price\":{},\"cost\":{\"min\":0.0001,\"max\":99999999},\"leverage\":{}}}',
    0,
    'WAXP'
  );
INSERT INTO
  `exchange_market` (
    `id`,
    `pair`,
    `isTrending`,
    `isHot`,
    `metadata`,
    `status`,
    `currency`
  )
VALUES
  (
    'da3e75ff-51b5-4909-85d6-b3b76c08a4d2',
    'USDT',
    0,
    0,
    '{\"taker\":0.003,\"maker\":0.003,\"precision\":{\"price\":7,\"amount\":4},\"limits\":{\"amount\":{\"min\":10,\"max\":10000000000},\"price\":{},\"cost\":{\"min\":0.1,\"max\":99999999},\"leverage\":{}}}',
    0,
    'DVPN'
  );
INSERT INTO
  `exchange_market` (
    `id`,
    `pair`,
    `isTrending`,
    `isHot`,
    `metadata`,
    `status`,
    `currency`
  )
VALUES
  (
    'da7135af-9bd7-4e2d-b390-9003aeee8d2b',
    'BTC',
    0,
    0,
    '{\"taker\":0.003,\"maker\":0.003,\"precision\":{\"price\":8,\"amount\":4},\"limits\":{\"amount\":{\"min\":1,\"max\":10000000000},\"price\":{},\"cost\":{\"min\":0.000001,\"max\":99999999},\"leverage\":{}}}',
    0,
    'NWC'
  );
INSERT INTO
  `exchange_market` (
    `id`,
    `pair`,
    `isTrending`,
    `isHot`,
    `metadata`,
    `status`,
    `currency`
  )
VALUES
  (
    'dab3ddea-4b69-4ea0-833a-f8ed423b9aef',
    'USDT',
    0,
    0,
    '{\"taker\":0.001,\"maker\":0.001,\"precision\":{\"price\":5,\"amount\":4},\"limits\":{\"amount\":{\"min\":1,\"max\":10000000000},\"price\":{},\"cost\":{\"min\":0.1,\"max\":99999999},\"leverage\":{}}}',
    0,
    'GFT'
  );
INSERT INTO
  `exchange_market` (
    `id`,
    `pair`,
    `isTrending`,
    `isHot`,
    `metadata`,
    `status`,
    `currency`
  )
VALUES
  (
    'dadfbb54-3dac-4c00-87b3-6aa3141e0ccd',
    'USDT',
    0,
    0,
    '{\"taker\":0.001,\"maker\":0.001,\"precision\":{\"price\":4,\"amount\":4},\"limits\":{\"amount\":{\"min\":1,\"max\":10000000000},\"price\":{},\"cost\":{\"min\":0.1,\"max\":99999999},\"leverage\":{}}}',
    0,
    'MINA'
  );
INSERT INTO
  `exchange_market` (
    `id`,
    `pair`,
    `isTrending`,
    `isHot`,
    `metadata`,
    `status`,
    `currency`
  )
VALUES
  (
    'db4a34ab-0125-45cf-8e5b-cbfb7d1c6735',
    'USDT',
    0,
    0,
    '{\"taker\":0.002,\"maker\":0.002,\"precision\":{\"price\":4,\"amount\":4},\"limits\":{\"amount\":{\"min\":0.01,\"max\":10000000000},\"price\":{},\"cost\":{\"min\":0.1,\"max\":99999999},\"leverage\":{}}}',
    0,
    'WAVES'
  );
INSERT INTO
  `exchange_market` (
    `id`,
    `pair`,
    `isTrending`,
    `isHot`,
    `metadata`,
    `status`,
    `currency`
  )
VALUES
  (
    'db67723f-9d01-497d-af14-3f4a5a115a3d',
    'USDT',
    0,
    0,
    '{\"taker\":0.002,\"maker\":0.002,\"precision\":{\"price\":6,\"amount\":4},\"limits\":{\"amount\":{\"min\":1,\"max\":10000000000},\"price\":{},\"cost\":{\"min\":0.1,\"max\":99999999},\"leverage\":{}}}',
    0,
    'MTS'
  );
INSERT INTO
  `exchange_market` (
    `id`,
    `pair`,
    `isTrending`,
    `isHot`,
    `metadata`,
    `status`,
    `currency`
  )
VALUES
  (
    'db8ed049-10d1-4a96-82ef-9db57dbf15e7',
    'USDT',
    0,
    0,
    '{\"taker\":0.003,\"maker\":0.003,\"precision\":{\"price\":7,\"amount\":4},\"limits\":{\"amount\":{\"min\":10,\"max\":10000000000},\"price\":{},\"cost\":{\"min\":0.1,\"max\":99999999},\"leverage\":{}}}',
    0,
    'MARS4'
  );
INSERT INTO
  `exchange_market` (
    `id`,
    `pair`,
    `isTrending`,
    `isHot`,
    `metadata`,
    `status`,
    `currency`
  )
VALUES
  (
    'dbf751d3-c327-418e-a597-39cdaf99e39f',
    'USDT',
    0,
    0,
    '{\"taker\":0.001,\"maker\":0.001,\"precision\":{\"price\":6,\"amount\":4},\"limits\":{\"amount\":{\"min\":10,\"max\":10000000000},\"price\":{},\"cost\":{\"min\":0.1,\"max\":99999999},\"leverage\":{}}}',
    0,
    'ACH'
  );
INSERT INTO
  `exchange_market` (
    `id`,
    `pair`,
    `isTrending`,
    `isHot`,
    `metadata`,
    `status`,
    `currency`
  )
VALUES
  (
    'dd230b56-6daf-4f86-aa3b-ebfc96e18307',
    'USDT',
    0,
    0,
    '{\"taker\":0.002,\"maker\":0.002,\"precision\":{\"price\":8,\"amount\":4},\"limits\":{\"amount\":{\"min\":10000,\"max\":30000000000},\"price\":{},\"cost\":{\"min\":0.1,\"max\":99999999},\"leverage\":{}}}',
    0,
    'BTT'
  );
INSERT INTO
  `exchange_market` (
    `id`,
    `pair`,
    `isTrending`,
    `isHot`,
    `metadata`,
    `status`,
    `currency`
  )
VALUES
  (
    'dd3e2bf2-0f59-43f2-b4b8-55b774c9ba54',
    'USDT',
    0,
    0,
    '{\"taker\":0.003,\"maker\":0.003,\"precision\":{\"price\":6,\"amount\":4},\"limits\":{\"amount\":{\"min\":100,\"max\":10000000000},\"price\":{},\"cost\":{\"min\":0.1,\"max\":99999999},\"leverage\":{}}}',
    0,
    'BIDP'
  );
INSERT INTO
  `exchange_market` (
    `id`,
    `pair`,
    `isTrending`,
    `isHot`,
    `metadata`,
    `status`,
    `currency`
  )
VALUES
  (
    'dd4d8f1f-df34-45e4-982c-52d11cb177f9',
    'USDT',
    0,
    0,
    '{\"taker\":0.003,\"maker\":0.003,\"precision\":{\"price\":5,\"amount\":4},\"limits\":{\"amount\":{\"min\":0.1,\"max\":10000000000},\"price\":{},\"cost\":{\"min\":0.1,\"max\":99999999},\"leverage\":{}}}',
    0,
    'HBB'
  );
INSERT INTO
  `exchange_market` (
    `id`,
    `pair`,
    `isTrending`,
    `isHot`,
    `metadata`,
    `status`,
    `currency`
  )
VALUES
  (
    'ddc8dca9-5395-47ad-907f-55e7f7104273',
    'USDC',
    0,
    0,
    '{\"taker\":0.001,\"maker\":0.001,\"precision\":{\"price\":8,\"amount\":4},\"limits\":{\"amount\":{\"min\":10000,\"max\":10000000000},\"price\":{},\"cost\":{\"min\":0.1,\"max\":99999999},\"leverage\":{}}}',
    0,
    'SHIB'
  );
INSERT INTO
  `exchange_market` (
    `id`,
    `pair`,
    `isTrending`,
    `isHot`,
    `metadata`,
    `status`,
    `currency`
  )
VALUES
  (
    'ddd4079e-5ce2-4852-bfc8-bb7a58c3a7ba',
    'USDT',
    0,
    0,
    '{\"taker\":0.001,\"maker\":0.001,\"precision\":{\"price\":6,\"amount\":6},\"limits\":{\"amount\":{\"min\":0.1,\"max\":999999999999},\"price\":{},\"cost\":{\"min\":0.1,\"max\":5000},\"leverage\":{}}}',
    0,
    'TRBUP'
  );
INSERT INTO
  `exchange_market` (
    `id`,
    `pair`,
    `isTrending`,
    `isHot`,
    `metadata`,
    `status`,
    `currency`
  )
VALUES
  (
    'ddeb2176-406c-45c2-b4cf-3aedcc4aff59',
    'USDT',
    0,
    0,
    '{\"taker\":0.002,\"maker\":0.002,\"precision\":{\"price\":4,\"amount\":2},\"limits\":{\"amount\":{\"min\":1,\"max\":10000000000},\"price\":{},\"cost\":{\"min\":0.1,\"max\":99999999},\"leverage\":{}}}',
    0,
    'SQR'
  );
INSERT INTO
  `exchange_market` (
    `id`,
    `pair`,
    `isTrending`,
    `isHot`,
    `metadata`,
    `status`,
    `currency`
  )
VALUES
  (
    'ddebb3e2-20f0-468c-b536-74b533f7dc1a',
    'USDT',
    0,
    0,
    '{\"taker\":0.002,\"maker\":0.002,\"precision\":{\"price\":7,\"amount\":4},\"limits\":{\"amount\":{\"min\":10,\"max\":10000000000},\"price\":{},\"cost\":{\"min\":0.1,\"max\":99999999},\"leverage\":{}}}',
    0,
    'XWG'
  );
INSERT INTO
  `exchange_market` (
    `id`,
    `pair`,
    `isTrending`,
    `isHot`,
    `metadata`,
    `status`,
    `currency`
  )
VALUES
  (
    'de1abf8f-4613-47bf-a16e-76ecd79628e6',
    'USDT',
    0,
    0,
    '{\"taker\":0.001,\"maker\":0.001,\"precision\":{\"price\":4,\"amount\":2},\"limits\":{\"amount\":{\"min\":1,\"max\":10000000000},\"price\":{},\"cost\":{\"min\":0.1,\"max\":99999999},\"leverage\":{}}}',
    0,
    'LISTA'
  );
INSERT INTO
  `exchange_market` (
    `id`,
    `pair`,
    `isTrending`,
    `isHot`,
    `metadata`,
    `status`,
    `currency`
  )
VALUES
  (
    'dec72942-5df2-40c1-a8be-7c56bfe9418f',
    'USDT',
    0,
    0,
    '{\"taker\":0.003,\"maker\":0.003,\"precision\":{\"price\":5,\"amount\":1},\"limits\":{\"amount\":{\"min\":10,\"max\":10000000000},\"price\":{},\"cost\":{\"min\":0.1,\"max\":99999999},\"leverage\":{}}}',
    0,
    'ZERC'
  );
INSERT INTO
  `exchange_market` (
    `id`,
    `pair`,
    `isTrending`,
    `isHot`,
    `metadata`,
    `status`,
    `currency`
  )
VALUES
  (
    'def71ab2-2a7f-432c-818e-515165f578e2',
    'USDT',
    0,
    0,
    '{\"taker\":0.003,\"maker\":0.003,\"precision\":{\"price\":5,\"amount\":4},\"limits\":{\"amount\":{\"min\":1,\"max\":10000000000},\"price\":{},\"cost\":{\"min\":0.1,\"max\":99999999},\"leverage\":{}}}',
    0,
    'MNDE'
  );
INSERT INTO
  `exchange_market` (
    `id`,
    `pair`,
    `isTrending`,
    `isHot`,
    `metadata`,
    `status`,
    `currency`
  )
VALUES
  (
    'defb8d01-f7e7-4aad-93ff-05d1bd42e79a',
    'USDT',
    0,
    0,
    '{\"taker\":0.003,\"maker\":0.003,\"precision\":{\"price\":5,\"amount\":4},\"limits\":{\"amount\":{\"min\":0.1,\"max\":10000000000},\"price\":{},\"cost\":{\"min\":0.1,\"max\":99999999},\"leverage\":{}}}',
    0,
    'DPET'
  );
INSERT INTO
  `exchange_market` (
    `id`,
    `pair`,
    `isTrending`,
    `isHot`,
    `metadata`,
    `status`,
    `currency`
  )
VALUES
  (
    'df089748-6a9b-4fd3-981c-f3f04a149778',
    'USDT',
    0,
    0,
    '{\"taker\":0.001,\"maker\":0.001,\"precision\":{\"price\":8,\"amount\":8},\"limits\":{\"amount\":{\"min\":0.1,\"max\":9999999999},\"price\":{},\"cost\":{\"min\":0.1,\"max\":10000},\"leverage\":{}}}',
    0,
    'GMT3S'
  );
INSERT INTO
  `exchange_market` (
    `id`,
    `pair`,
    `isTrending`,
    `isHot`,
    `metadata`,
    `status`,
    `currency`
  )
VALUES
  (
    'df0b05d9-9a53-48b7-af40-32c9a989ec3c',
    'USDT',
    0,
    0,
    '{\"taker\":0.001,\"maker\":0.001,\"precision\":{\"price\":4,\"amount\":4},\"limits\":{\"amount\":{\"min\":1,\"max\":10000000000},\"price\":{},\"cost\":{\"min\":0.1,\"max\":99999999},\"leverage\":{}}}',
    0,
    'ARB'
  );
INSERT INTO
  `exchange_market` (
    `id`,
    `pair`,
    `isTrending`,
    `isHot`,
    `metadata`,
    `status`,
    `currency`
  )
VALUES
  (
    'df4a8c07-3da0-4f5e-8459-180ce39d7044',
    'USDT',
    0,
    0,
    '{\"taker\":0.001,\"maker\":0.001,\"precision\":{\"price\":5,\"amount\":4},\"limits\":{\"amount\":{\"min\":1,\"max\":10000000000},\"price\":{},\"cost\":{\"min\":0.1,\"max\":99999999},\"leverage\":{}}}',
    0,
    'WAXP'
  );
INSERT INTO
  `exchange_market` (
    `id`,
    `pair`,
    `isTrending`,
    `isHot`,
    `metadata`,
    `status`,
    `currency`
  )
VALUES
  (
    'df708ce1-eec9-4381-822d-96a79af4efbe',
    'USDT',
    0,
    0,
    '{\"taker\":0.003,\"maker\":0.003,\"precision\":{\"price\":4,\"amount\":4},\"limits\":{\"amount\":{\"min\":1,\"max\":100000000},\"price\":{},\"cost\":{\"min\":0.1,\"max\":99999999},\"leverage\":{}}}',
    0,
    'TADA'
  );
INSERT INTO
  `exchange_market` (
    `id`,
    `pair`,
    `isTrending`,
    `isHot`,
    `metadata`,
    `status`,
    `currency`
  )
VALUES
  (
    'df8bb130-d69c-4fdd-883c-e38c98de39c5',
    'USDT',
    0,
    0,
    '{\"taker\":0.002,\"maker\":0.002,\"precision\":{\"price\":6,\"amount\":0},\"limits\":{\"amount\":{\"min\":100,\"max\":10000000000},\"price\":{},\"cost\":{\"min\":0.1,\"max\":99999999},\"leverage\":{}}}',
    0,
    'MOXIE'
  );
INSERT INTO
  `exchange_market` (
    `id`,
    `pair`,
    `isTrending`,
    `isHot`,
    `metadata`,
    `status`,
    `currency`
  )
VALUES
  (
    'dfba01ed-c75f-4a09-8b62-e9a7e378d8ec',
    'BTC',
    0,
    0,
    '{\"taker\":0.001,\"maker\":0.001,\"precision\":{\"price\":7,\"amount\":4},\"limits\":{\"amount\":{\"min\":0.001,\"max\":10000000000},\"price\":{},\"cost\":{\"min\":0.000001,\"max\":99999999},\"leverage\":{}}}',
    0,
    'CREAM'
  );
INSERT INTO
  `exchange_market` (
    `id`,
    `pair`,
    `isTrending`,
    `isHot`,
    `metadata`,
    `status`,
    `currency`
  )
VALUES
  (
    'dfc08132-642a-450e-89c9-9b46c16bfad4',
    'USDT',
    0,
    0,
    '{\"taker\":0.002,\"maker\":0.002,\"precision\":{\"price\":5,\"amount\":4},\"limits\":{\"amount\":{\"min\":10,\"max\":10000000000},\"price\":{},\"cost\":{\"min\":0.1,\"max\":99999999},\"leverage\":{}}}',
    0,
    'RPK'
  );
INSERT INTO
  `exchange_market` (
    `id`,
    `pair`,
    `isTrending`,
    `isHot`,
    `metadata`,
    `status`,
    `currency`
  )
VALUES
  (
    'dfce8cd6-6a10-4c2e-b57c-a86ae865d940',
    'USDT',
    0,
    0,
    '{\"taker\":0.001,\"maker\":0.001,\"precision\":{\"price\":4,\"amount\":4},\"limits\":{\"amount\":{\"min\":0.1,\"max\":10000000000},\"price\":{},\"cost\":{\"min\":0.1,\"max\":99999999},\"leverage\":{}}}',
    0,
    'VOXEL'
  );
INSERT INTO
  `exchange_market` (
    `id`,
    `pair`,
    `isTrending`,
    `isHot`,
    `metadata`,
    `status`,
    `currency`
  )
VALUES
  (
    'dfd13b79-c330-4c59-aa3d-d62ba0f0b7b5',
    'USDT',
    0,
    0,
    '{\"taker\":0.002,\"maker\":0.002,\"precision\":{\"price\":6,\"amount\":0},\"limits\":{\"amount\":{\"min\":100,\"max\":10000000000},\"price\":{},\"cost\":{\"min\":0.1,\"max\":99999999},\"leverage\":{}}}',
    0,
    'GMRX'
  );
INSERT INTO
  `exchange_market` (
    `id`,
    `pair`,
    `isTrending`,
    `isHot`,
    `metadata`,
    `status`,
    `currency`
  )
VALUES
  (
    'dfd92344-374f-4936-b1e1-a5cbf711c80c',
    'USDT',
    0,
    0,
    '{\"taker\":0.002,\"maker\":0.002,\"precision\":{\"price\":5,\"amount\":1},\"limits\":{\"amount\":{\"min\":10,\"max\":10000000000},\"price\":{},\"cost\":{\"min\":0.1,\"max\":99999999},\"leverage\":{}}}',
    0,
    'SQD'
  );
INSERT INTO
  `exchange_market` (
    `id`,
    `pair`,
    `isTrending`,
    `isHot`,
    `metadata`,
    `status`,
    `currency`
  )
VALUES
  (
    'dfe69ca0-3a80-411c-adb3-284f52f041c5',
    'USDT',
    0,
    0,
    '{\"taker\":0.001,\"maker\":0.001,\"precision\":{\"price\":4,\"amount\":4},\"limits\":{\"amount\":{\"min\":0.1,\"max\":10000000000},\"price\":{},\"cost\":{\"min\":0.1,\"max\":99999999},\"leverage\":{}}}',
    0,
    'IOTA'
  );
INSERT INTO
  `exchange_market` (
    `id`,
    `pair`,
    `isTrending`,
    `isHot`,
    `metadata`,
    `status`,
    `currency`
  )
VALUES
  (
    'e03c5ece-6fcb-4a3c-b3c1-3d1f45565400',
    'USDT',
    0,
    0,
    '{\"taker\":0.001,\"maker\":0.001,\"precision\":{\"price\":6,\"amount\":0},\"limits\":{\"amount\":{\"min\":1000,\"max\":10000000000},\"price\":{},\"cost\":{\"min\":0.1,\"max\":99999999},\"leverage\":{}}}',
    0,
    'DOGS'
  );
INSERT INTO
  `exchange_market` (
    `id`,
    `pair`,
    `isTrending`,
    `isHot`,
    `metadata`,
    `status`,
    `currency`
  )
VALUES
  (
    'e0738db1-f79f-4e16-a5e7-5a41141fc848',
    'BTC',
    0,
    0,
    '{\"taker\":0.001,\"maker\":0.001,\"precision\":{\"price\":8,\"amount\":4},\"limits\":{\"amount\":{\"min\":0.1,\"max\":10000000000},\"price\":{},\"cost\":{\"min\":0.00001,\"max\":99999999},\"leverage\":{}}}',
    0,
    'ELF'
  );
INSERT INTO
  `exchange_market` (
    `id`,
    `pair`,
    `isTrending`,
    `isHot`,
    `metadata`,
    `status`,
    `currency`
  )
VALUES
  (
    'e0a6f0cd-41ed-4a5f-9dcd-fa33f0f05b6a',
    'USDT',
    0,
    0,
    '{\"taker\":0.002,\"maker\":0.002,\"precision\":{\"price\":4,\"amount\":2},\"limits\":{\"amount\":{\"min\":1,\"max\":10000000000},\"price\":{},\"cost\":{\"min\":0.1,\"max\":99999999},\"leverage\":{}}}',
    0,
    'MERL'
  );
INSERT INTO
  `exchange_market` (
    `id`,
    `pair`,
    `isTrending`,
    `isHot`,
    `metadata`,
    `status`,
    `currency`
  )
VALUES
  (
    'e0f9e850-b35d-4b6b-b01e-5c5b05a22293',
    'USDT',
    0,
    0,
    '{\"taker\":0.001,\"maker\":0.001,\"precision\":{\"price\":6,\"amount\":6},\"limits\":{\"amount\":{\"min\":0.1,\"max\":999999999999},\"price\":{},\"cost\":{\"min\":0.1,\"max\":5000},\"leverage\":{}}}',
    0,
    'PYTHUP'
  );
INSERT INTO
  `exchange_market` (
    `id`,
    `pair`,
    `isTrending`,
    `isHot`,
    `metadata`,
    `status`,
    `currency`
  )
VALUES
  (
    'e0fdd8fe-6dd4-49d6-8351-4980c76b7afa',
    'USDT',
    0,
    0,
    '{\"taker\":0.002,\"maker\":0.002,\"precision\":{\"price\":8,\"amount\":0},\"limits\":{\"amount\":{\"min\":1000,\"max\":100000000000},\"price\":{},\"cost\":{\"min\":0.1,\"max\":99999999},\"leverage\":{}}}',
    0,
    'BEER'
  );
INSERT INTO
  `exchange_market` (
    `id`,
    `pair`,
    `isTrending`,
    `isHot`,
    `metadata`,
    `status`,
    `currency`
  )
VALUES
  (
    'e103beed-2d52-40e2-b70d-8d958f447dbd',
    'ETH',
    0,
    0,
    '{\"taker\":0.001,\"maker\":0.001,\"precision\":{\"price\":8,\"amount\":4},\"limits\":{\"amount\":{\"min\":10,\"max\":10000000000},\"price\":{},\"cost\":{\"min\":0.0001,\"max\":99999999},\"leverage\":{}}}',
    0,
    'VET'
  );
INSERT INTO
  `exchange_market` (
    `id`,
    `pair`,
    `isTrending`,
    `isHot`,
    `metadata`,
    `status`,
    `currency`
  )
VALUES
  (
    'e241caf5-8255-47e1-8133-dc9df7eb6595',
    'USDT',
    0,
    0,
    '{\"taker\":0.001,\"maker\":0.001,\"precision\":{\"price\":4,\"amount\":2},\"limits\":{\"amount\":{\"min\":1,\"max\":10000000000},\"price\":{},\"cost\":{\"min\":0.1,\"max\":99999999},\"leverage\":{}}}',
    0,
    'SENSO'
  );
INSERT INTO
  `exchange_market` (
    `id`,
    `pair`,
    `isTrending`,
    `isHot`,
    `metadata`,
    `status`,
    `currency`
  )
VALUES
  (
    'e262c355-03d8-4233-acee-a4c2651f3d88',
    'USDT',
    0,
    0,
    '{\"taker\":0.001,\"maker\":0.001,\"precision\":{\"price\":3,\"amount\":2},\"limits\":{\"amount\":{\"min\":0.1,\"max\":10000000000},\"price\":{},\"cost\":{\"min\":0.1,\"max\":99999999},\"leverage\":{}}}',
    0,
    'XTZ'
  );
INSERT INTO
  `exchange_market` (
    `id`,
    `pair`,
    `isTrending`,
    `isHot`,
    `metadata`,
    `status`,
    `currency`
  )
VALUES
  (
    'e2963217-eed5-4895-b07d-ba88693da3c5',
    'USDT',
    0,
    0,
    '{\"taker\":0.003,\"maker\":0.003,\"precision\":{\"price\":4,\"amount\":4},\"limits\":{\"amount\":{\"min\":1,\"max\":10000000000},\"price\":{},\"cost\":{\"min\":0.1,\"max\":99999999},\"leverage\":{}}}',
    0,
    'BMX'
  );
INSERT INTO
  `exchange_market` (
    `id`,
    `pair`,
    `isTrending`,
    `isHot`,
    `metadata`,
    `status`,
    `currency`
  )
VALUES
  (
    'e29e6ff0-ba9f-45ef-a076-306b15b0eed6',
    'USDT',
    0,
    0,
    '{\"taker\":0.001,\"maker\":0.001,\"precision\":{\"price\":8,\"amount\":4},\"limits\":{\"amount\":{\"min\":0.1,\"max\":99999999},\"price\":{},\"cost\":{\"min\":0.1,\"max\":10000},\"leverage\":{}}}',
    0,
    'NEAR3L'
  );
INSERT INTO
  `exchange_market` (
    `id`,
    `pair`,
    `isTrending`,
    `isHot`,
    `metadata`,
    `status`,
    `currency`
  )
VALUES
  (
    'e306fad4-4127-4ebf-8130-9a6a5e867b80',
    'USDT',
    0,
    0,
    '{\"taker\":0.003,\"maker\":0.003,\"precision\":{\"price\":4,\"amount\":4},\"limits\":{\"amount\":{\"min\":0.1,\"max\":10000000000},\"price\":{},\"cost\":{\"min\":0.1,\"max\":99999999},\"leverage\":{}}}',
    0,
    'MNW'
  );
INSERT INTO
  `exchange_market` (
    `id`,
    `pair`,
    `isTrending`,
    `isHot`,
    `metadata`,
    `status`,
    `currency`
  )
VALUES
  (
    'e31e410c-6ac8-4206-b8e7-6427a14910cc',
    'USDT',
    0,
    0,
    '{\"taker\":0.001,\"maker\":0.001,\"precision\":{\"price\":6,\"amount\":0},\"limits\":{\"amount\":{\"min\":10,\"max\":10000000000},\"price\":{},\"cost\":{\"min\":0.1,\"max\":99999999},\"leverage\":{}}}',
    0,
    'MAPO'
  );
INSERT INTO
  `exchange_market` (
    `id`,
    `pair`,
    `isTrending`,
    `isHot`,
    `metadata`,
    `status`,
    `currency`
  )
VALUES
  (
    'e33086a1-96dd-4623-91f1-e1e47ff68362',
    'USDT',
    0,
    0,
    '{\"taker\":0.001,\"maker\":0.001,\"precision\":{\"price\":4,\"amount\":4},\"limits\":{\"amount\":{\"min\":1,\"max\":10000000000},\"price\":{},\"cost\":{\"min\":0.1,\"max\":99999999},\"leverage\":{}}}',
    0,
    'KMD'
  );
INSERT INTO
  `exchange_market` (
    `id`,
    `pair`,
    `isTrending`,
    `isHot`,
    `metadata`,
    `status`,
    `currency`
  )
VALUES
  (
    'e33e9e5f-7432-4b5c-b53c-4c5e84b8fa22',
    'USDT',
    0,
    0,
    '{\"taker\":0.001,\"maker\":0.001,\"precision\":{\"price\":4,\"amount\":4},\"limits\":{\"amount\":{\"min\":0.01,\"max\":10000000000},\"price\":{},\"cost\":{\"min\":0.1,\"max\":99999999},\"leverage\":{}}}',
    0,
    'MOVR'
  );
INSERT INTO
  `exchange_market` (
    `id`,
    `pair`,
    `isTrending`,
    `isHot`,
    `metadata`,
    `status`,
    `currency`
  )
VALUES
  (
    'e3584f07-3a90-43cb-be12-0a37d3be646b',
    'BTC',
    0,
    0,
    '{\"taker\":0.003,\"maker\":0.003,\"precision\":{\"price\":8,\"amount\":4},\"limits\":{\"amount\":{\"min\":0.01,\"max\":10000000000},\"price\":{},\"cost\":{\"min\":0.00001,\"max\":99999999},\"leverage\":{}}}',
    0,
    'ELA'
  );
INSERT INTO
  `exchange_market` (
    `id`,
    `pair`,
    `isTrending`,
    `isHot`,
    `metadata`,
    `status`,
    `currency`
  )
VALUES
  (
    'e3656273-12a0-488d-aa65-68f5e33d6524',
    'USDT',
    0,
    0,
    '{\"taker\":0.001,\"maker\":0.001,\"precision\":{\"price\":6,\"amount\":0},\"limits\":{\"amount\":{\"min\":100,\"max\":10000000000},\"price\":{},\"cost\":{\"min\":0.1,\"max\":99999999},\"leverage\":{}}}',
    0,
    'BOME'
  );
INSERT INTO
  `exchange_market` (
    `id`,
    `pair`,
    `isTrending`,
    `isHot`,
    `metadata`,
    `status`,
    `currency`
  )
VALUES
  (
    'e3827fcd-36ef-4216-9bec-0ed5290d0086',
    'BTC',
    0,
    0,
    '{\"taker\":0.001,\"maker\":0.001,\"precision\":{\"price\":8,\"amount\":4},\"limits\":{\"amount\":{\"min\":1,\"max\":10000000000},\"price\":{},\"cost\":{\"min\":0.000001,\"max\":99999999},\"leverage\":{}}}',
    0,
    'TFUEL'
  );
INSERT INTO
  `exchange_market` (
    `id`,
    `pair`,
    `isTrending`,
    `isHot`,
    `metadata`,
    `status`,
    `currency`
  )
VALUES
  (
    'e396228e-d1d4-4756-99e0-55e96a72226c',
    'USDC',
    0,
    0,
    '{\"taker\":0.001,\"maker\":0.001,\"precision\":{\"price\":4,\"amount\":4},\"limits\":{\"amount\":{\"min\":1,\"max\":10000000000},\"price\":{},\"cost\":{\"min\":0.1,\"max\":99999999},\"leverage\":{}}}',
    0,
    'GMT'
  );
INSERT INTO
  `exchange_market` (
    `id`,
    `pair`,
    `isTrending`,
    `isHot`,
    `metadata`,
    `status`,
    `currency`
  )
VALUES
  (
    'e429ed08-c03f-435d-8b7e-8aa8df28d4cd',
    'USDT',
    0,
    0,
    '{\"taker\":0.003,\"maker\":0.003,\"precision\":{\"price\":8,\"amount\":0},\"limits\":{\"amount\":{\"min\":10000,\"max\":10000000000},\"price\":{},\"cost\":{\"min\":0.1,\"max\":99999999},\"leverage\":{}}}',
    0,
    'NOTAI'
  );
INSERT INTO
  `exchange_market` (
    `id`,
    `pair`,
    `isTrending`,
    `isHot`,
    `metadata`,
    `status`,
    `currency`
  )
VALUES
  (
    'e46cc6eb-4336-4b71-b7b1-99e459b83a79',
    'USDT',
    0,
    0,
    '{\"taker\":0.003,\"maker\":0.003,\"precision\":{\"price\":8,\"amount\":0},\"limits\":{\"amount\":{\"min\":10000,\"max\":10000000000},\"price\":{},\"cost\":{\"min\":0.1,\"max\":99999999},\"leverage\":{}}}',
    0,
    'UFO'
  );
INSERT INTO
  `exchange_market` (
    `id`,
    `pair`,
    `isTrending`,
    `isHot`,
    `metadata`,
    `status`,
    `currency`
  )
VALUES
  (
    'e4eb4850-0460-4d30-aecc-7a4133c8a1ca',
    'USDT',
    0,
    0,
    '{\"taker\":0.001,\"maker\":0.001,\"precision\":{\"price\":3,\"amount\":2},\"limits\":{\"amount\":{\"min\":0.1,\"max\":100000000},\"price\":{},\"cost\":{\"min\":0.1,\"max\":99999999},\"leverage\":{}}}',
    0,
    'OMNI'
  );
INSERT INTO
  `exchange_market` (
    `id`,
    `pair`,
    `isTrending`,
    `isHot`,
    `metadata`,
    `status`,
    `currency`
  )
VALUES
  (
    'e565d235-d739-449e-89d3-e2454b30b0a5',
    'USDT',
    0,
    0,
    '{\"taker\":0.001,\"maker\":0.001,\"precision\":{\"price\":8,\"amount\":4},\"limits\":{\"amount\":{\"min\":0.1,\"max\":99999999999},\"price\":{},\"cost\":{\"min\":0.1,\"max\":5000},\"leverage\":{}}}',
    0,
    'MANA3L'
  );
INSERT INTO
  `exchange_market` (
    `id`,
    `pair`,
    `isTrending`,
    `isHot`,
    `metadata`,
    `status`,
    `currency`
  )
VALUES
  (
    'e588bc8c-c42e-4405-bf5a-f953b5c9b022',
    'USDT',
    0,
    0,
    '{\"taker\":0.002,\"maker\":0.002,\"precision\":{\"price\":4,\"amount\":4},\"limits\":{\"amount\":{\"min\":0.1,\"max\":10000000000},\"price\":{},\"cost\":{\"min\":0.1,\"max\":99999999},\"leverage\":{}}}',
    0,
    'SD'
  );
INSERT INTO
  `exchange_market` (
    `id`,
    `pair`,
    `isTrending`,
    `isHot`,
    `metadata`,
    `status`,
    `currency`
  )
VALUES
  (
    'e62adbed-f9e2-46fb-9177-7203bc02d045',
    'USDT',
    0,
    0,
    '{\"taker\":0.001,\"maker\":0.001,\"precision\":{\"price\":8,\"amount\":8},\"limits\":{\"amount\":{\"min\":0.1,\"max\":999999999},\"price\":{},\"cost\":{\"min\":0.1,\"max\":10000},\"leverage\":{}}}',
    0,
    'ATOM3S'
  );
INSERT INTO
  `exchange_market` (
    `id`,
    `pair`,
    `isTrending`,
    `isHot`,
    `metadata`,
    `status`,
    `currency`
  )
VALUES
  (
    'e699e807-b8c5-48ad-a8ef-e3e7b47f5ac1',
    'USDT',
    0,
    0,
    '{\"taker\":0.003,\"maker\":0.003,\"precision\":{\"price\":7,\"amount\":4},\"limits\":{\"amount\":{\"min\":10,\"max\":10000000000},\"price\":{},\"cost\":{\"min\":0.1,\"max\":99999999},\"leverage\":{}}}',
    0,
    'XCN'
  );
INSERT INTO
  `exchange_market` (
    `id`,
    `pair`,
    `isTrending`,
    `isHot`,
    `metadata`,
    `status`,
    `currency`
  )
VALUES
  (
    'e70e46f3-e544-41b4-82c6-f08d4aa8eb3a',
    'USDT',
    0,
    0,
    '{\"taker\":0.003,\"maker\":0.003,\"precision\":{\"price\":5,\"amount\":4},\"limits\":{\"amount\":{\"min\":10,\"max\":10000000000},\"price\":{},\"cost\":{\"min\":0.1,\"max\":99999999},\"leverage\":{}}}',
    0,
    'VANRY'
  );
INSERT INTO
  `exchange_market` (
    `id`,
    `pair`,
    `isTrending`,
    `isHot`,
    `metadata`,
    `status`,
    `currency`
  )
VALUES
  (
    'e7303fec-dd08-4fc8-abab-626d97901841',
    'USDT',
    0,
    0,
    '{\"taker\":0.001,\"maker\":0.001,\"precision\":{\"price\":4,\"amount\":4},\"limits\":{\"amount\":{\"min\":0.1,\"max\":10000000000},\"price\":{},\"cost\":{\"min\":0.1,\"max\":99999999},\"leverage\":{}}}',
    0,
    'KAVA'
  );
INSERT INTO
  `exchange_market` (
    `id`,
    `pair`,
    `isTrending`,
    `isHot`,
    `metadata`,
    `status`,
    `currency`
  )
VALUES
  (
    'e7ab353b-ad78-4ed3-8003-3c689929e458',
    'USDT',
    0,
    0,
    '{\"taker\":0.003,\"maker\":0.003,\"precision\":{\"price\":4,\"amount\":2},\"limits\":{\"amount\":{\"min\":0.1,\"max\":10000000000},\"price\":{},\"cost\":{\"min\":0.1,\"max\":99999999},\"leverage\":{}}}',
    0,
    'TRADE'
  );
INSERT INTO
  `exchange_market` (
    `id`,
    `pair`,
    `isTrending`,
    `isHot`,
    `metadata`,
    `status`,
    `currency`
  )
VALUES
  (
    'e7ec1f53-3416-4520-aac7-f89721f21a1e',
    'KCS',
    0,
    0,
    '{\"taker\":0.001,\"maker\":0.001,\"precision\":{\"price\":4,\"amount\":4},\"limits\":{\"amount\":{\"min\":0.01,\"max\":10000000000},\"price\":{},\"cost\":{\"min\":0.01,\"max\":99999999},\"leverage\":{}}}',
    0,
    'AAVE'
  );
INSERT INTO
  `exchange_market` (
    `id`,
    `pair`,
    `isTrending`,
    `isHot`,
    `metadata`,
    `status`,
    `currency`
  )
VALUES
  (
    'e7fc0736-2048-44b9-835a-4eabf0191e0f',
    'ETH',
    0,
    0,
    '{\"taker\":0.002,\"maker\":0.002,\"precision\":{\"price\":7,\"amount\":4},\"limits\":{\"amount\":{\"min\":0.01,\"max\":10000000000},\"price\":{},\"cost\":{\"min\":0.0001,\"max\":99999999},\"leverage\":{}}}',
    0,
    'OMG'
  );
INSERT INTO
  `exchange_market` (
    `id`,
    `pair`,
    `isTrending`,
    `isHot`,
    `metadata`,
    `status`,
    `currency`
  )
VALUES
  (
    'e8122bb0-d070-42b0-b666-21e6c5d265f2',
    'USDT',
    0,
    0,
    '{\"taker\":0.001,\"maker\":0.001,\"precision\":{\"price\":4,\"amount\":4},\"limits\":{\"amount\":{\"min\":0.01,\"max\":10000000000},\"price\":{},\"cost\":{\"min\":0.1,\"max\":99999999},\"leverage\":{}}}',
    0,
    'FLOW'
  );
INSERT INTO
  `exchange_market` (
    `id`,
    `pair`,
    `isTrending`,
    `isHot`,
    `metadata`,
    `status`,
    `currency`
  )
VALUES
  (
    'e86b0c42-53bc-48c6-9e02-1e5af202bbaa',
    'USDT',
    0,
    0,
    '{\"taker\":0.001,\"maker\":0.001,\"precision\":{\"price\":4,\"amount\":2},\"limits\":{\"amount\":{\"min\":1,\"max\":10000000000},\"price\":{},\"cost\":{\"min\":0.1,\"max\":99999999},\"leverage\":{}}}',
    0,
    'ZK'
  );
INSERT INTO
  `exchange_market` (
    `id`,
    `pair`,
    `isTrending`,
    `isHot`,
    `metadata`,
    `status`,
    `currency`
  )
VALUES
  (
    'e871c437-a5be-4e24-b189-c8c6b8384c0d',
    'ETH',
    0,
    0,
    '{\"taker\":0.001,\"maker\":0.001,\"precision\":{\"price\":8,\"amount\":4},\"limits\":{\"amount\":{\"min\":0.1,\"max\":10000000000},\"price\":{},\"cost\":{\"min\":0.00001,\"max\":99999999},\"leverage\":{}}}',
    0,
    'PHA'
  );
INSERT INTO
  `exchange_market` (
    `id`,
    `pair`,
    `isTrending`,
    `isHot`,
    `metadata`,
    `status`,
    `currency`
  )
VALUES
  (
    'e87d4260-218d-47bd-9d2b-46dc188b3828',
    'KCS',
    0,
    0,
    '{\"taker\":0.001,\"maker\":0.001,\"precision\":{\"price\":6,\"amount\":4},\"limits\":{\"amount\":{\"min\":0.1,\"max\":10000000000},\"price\":{},\"cost\":{\"min\":0.01,\"max\":99999999},\"leverage\":{}}}',
    0,
    'XLM'
  );
INSERT INTO
  `exchange_market` (
    `id`,
    `pair`,
    `isTrending`,
    `isHot`,
    `metadata`,
    `status`,
    `currency`
  )
VALUES
  (
    'e89a0ba5-bfb2-42c5-ae0f-757ea5b22a67',
    'USDT',
    0,
    0,
    '{\"taker\":0.002,\"maker\":0.002,\"precision\":{\"price\":4,\"amount\":4},\"limits\":{\"amount\":{\"min\":1,\"max\":10000000000},\"price\":{},\"cost\":{\"min\":0.1,\"max\":99999999},\"leverage\":{}}}',
    0,
    'LMWR'
  );
INSERT INTO
  `exchange_market` (
    `id`,
    `pair`,
    `isTrending`,
    `isHot`,
    `metadata`,
    `status`,
    `currency`
  )
VALUES
  (
    'e9ac3e90-b018-4104-8ad0-1664085a4ce2',
    'USDT',
    0,
    0,
    '{\"taker\":0.001,\"maker\":0.001,\"precision\":{\"price\":4,\"amount\":4},\"limits\":{\"amount\":{\"min\":0.1,\"max\":10000000000},\"price\":{},\"cost\":{\"min\":0.1,\"max\":99999999},\"leverage\":{}}}',
    0,
    'BURGER'
  );
INSERT INTO
  `exchange_market` (
    `id`,
    `pair`,
    `isTrending`,
    `isHot`,
    `metadata`,
    `status`,
    `currency`
  )
VALUES
  (
    'ea73ad48-ad67-465b-abbd-aad09ddb1052',
    'USDT',
    0,
    0,
    '{\"taker\":0.001,\"maker\":0.001,\"precision\":{\"price\":3,\"amount\":2},\"limits\":{\"amount\":{\"min\":0.1,\"max\":10000000000},\"price\":{},\"cost\":{\"min\":0.1,\"max\":99999999},\"leverage\":{}}}',
    0,
    'EDU'
  );
INSERT INTO
  `exchange_market` (
    `id`,
    `pair`,
    `isTrending`,
    `isHot`,
    `metadata`,
    `status`,
    `currency`
  )
VALUES
  (
    'ea7d2da1-b706-4543-80e0-0cb37d5f1374',
    'USDT',
    0,
    0,
    '{\"taker\":0.001,\"maker\":0.001,\"precision\":{\"price\":4,\"amount\":4},\"limits\":{\"amount\":{\"min\":0.1,\"max\":10000000000},\"price\":{},\"cost\":{\"min\":0.1,\"max\":99999999},\"leverage\":{}}}',
    0,
    'KNC'
  );
INSERT INTO
  `exchange_market` (
    `id`,
    `pair`,
    `isTrending`,
    `isHot`,
    `metadata`,
    `status`,
    `currency`
  )
VALUES
  (
    'ea96c8e5-7e70-4a88-8d08-fb49c79122d1',
    'USDT',
    0,
    0,
    '{\"taker\":0.003,\"maker\":0.003,\"precision\":{\"price\":5,\"amount\":4},\"limits\":{\"amount\":{\"min\":10,\"max\":10000000000},\"price\":{},\"cost\":{\"min\":0.1,\"max\":99999999},\"leverage\":{}}}',
    0,
    'NAVI'
  );
INSERT INTO
  `exchange_market` (
    `id`,
    `pair`,
    `isTrending`,
    `isHot`,
    `metadata`,
    `status`,
    `currency`
  )
VALUES
  (
    'eab3b7b5-9cce-4b4a-8e23-f7b87101d11f',
    'BTC',
    0,
    0,
    '{\"taker\":0.001,\"maker\":0.001,\"precision\":{\"price\":8,\"amount\":4},\"limits\":{\"amount\":{\"min\":1,\"max\":10000000000},\"price\":{},\"cost\":{\"min\":0.00001,\"max\":99999999},\"leverage\":{}}}',
    0,
    'AMB'
  );
INSERT INTO
  `exchange_market` (
    `id`,
    `pair`,
    `isTrending`,
    `isHot`,
    `metadata`,
    `status`,
    `currency`
  )
VALUES
  (
    'eabc1023-6334-4db3-82a8-e41d610dbca5',
    'USDT',
    0,
    0,
    '{\"taker\":0.003,\"maker\":0.003,\"precision\":{\"price\":4,\"amount\":4},\"limits\":{\"amount\":{\"min\":0.05,\"max\":10000000000},\"price\":{},\"cost\":{\"min\":0.1,\"max\":99999999},\"leverage\":{}}}',
    0,
    'UQC'
  );
INSERT INTO
  `exchange_market` (
    `id`,
    `pair`,
    `isTrending`,
    `isHot`,
    `metadata`,
    `status`,
    `currency`
  )
VALUES
  (
    'ead8f388-9674-4394-a951-3455949f68e0',
    'BTC',
    0,
    0,
    '{\"taker\":0.003,\"maker\":0.003,\"precision\":{\"price\":8,\"amount\":4},\"limits\":{\"amount\":{\"min\":0.01,\"max\":10000000000},\"price\":{},\"cost\":{\"min\":0.000001,\"max\":99999999},\"leverage\":{}}}',
    0,
    'EWT'
  );
INSERT INTO
  `exchange_market` (
    `id`,
    `pair`,
    `isTrending`,
    `isHot`,
    `metadata`,
    `status`,
    `currency`
  )
VALUES
  (
    'eb08229b-a28f-49e3-a581-003594775dd3',
    'USDT',
    0,
    0,
    '{\"taker\":0.003,\"maker\":0.003,\"precision\":{\"price\":6,\"amount\":4},\"limits\":{\"amount\":{\"min\":100,\"max\":10000000000},\"price\":{},\"cost\":{\"min\":0.1,\"max\":99999999},\"leverage\":{}}}',
    0,
    'OLT'
  );
INSERT INTO
  `exchange_market` (
    `id`,
    `pair`,
    `isTrending`,
    `isHot`,
    `metadata`,
    `status`,
    `currency`
  )
VALUES
  (
    'eb098ea4-1751-4fe4-8ef9-7e150b4cdf9e',
    'USDT',
    0,
    0,
    '{\"taker\":0.001,\"maker\":0.001,\"precision\":{\"price\":4,\"amount\":4},\"limits\":{\"amount\":{\"min\":0.1,\"max\":10000000000},\"price\":{},\"cost\":{\"min\":0.1,\"max\":99999999},\"leverage\":{}}}',
    0,
    'ENJ'
  );
INSERT INTO
  `exchange_market` (
    `id`,
    `pair`,
    `isTrending`,
    `isHot`,
    `metadata`,
    `status`,
    `currency`
  )
VALUES
  (
    'eb48773e-0db8-407a-a1f5-37bbe61c6400',
    'USDT',
    0,
    0,
    '{\"taker\":0.001,\"maker\":0.001,\"precision\":{\"price\":3,\"amount\":2},\"limits\":{\"amount\":{\"min\":0.1,\"max\":10000000000},\"price\":{},\"cost\":{\"min\":0.1,\"max\":99999999},\"leverage\":{}}}',
    0,
    'TRIAS'
  );
INSERT INTO
  `exchange_market` (
    `id`,
    `pair`,
    `isTrending`,
    `isHot`,
    `metadata`,
    `status`,
    `currency`
  )
VALUES
  (
    'ebb0c618-f733-41f4-91ef-949058cf65f6',
    'USDT',
    0,
    0,
    '{\"taker\":0.002,\"maker\":0.002,\"precision\":{\"price\":5,\"amount\":4},\"limits\":{\"amount\":{\"min\":1,\"max\":10000000000},\"price\":{},\"cost\":{\"min\":0.1,\"max\":99999999},\"leverage\":{}}}',
    0,
    'PIP'
  );
INSERT INTO
  `exchange_market` (
    `id`,
    `pair`,
    `isTrending`,
    `isHot`,
    `metadata`,
    `status`,
    `currency`
  )
VALUES
  (
    'ebb6ea65-5e7a-4807-9d79-09175e3c32c2',
    'BTC',
    0,
    0,
    '{\"taker\":0.001,\"maker\":0.001,\"precision\":{\"price\":8,\"amount\":4},\"limits\":{\"amount\":{\"min\":10,\"max\":10000000000},\"price\":{},\"cost\":{\"min\":0.00001,\"max\":99999999},\"leverage\":{}}}',
    0,
    'KEY'
  );
INSERT INTO
  `exchange_market` (
    `id`,
    `pair`,
    `isTrending`,
    `isHot`,
    `metadata`,
    `status`,
    `currency`
  )
VALUES
  (
    'ec173e4f-f929-44db-bfae-5b7575b726f2',
    'USDT',
    0,
    0,
    '{\"taker\":0.001,\"maker\":0.001,\"precision\":{\"price\":5,\"amount\":4},\"limits\":{\"amount\":{\"min\":10,\"max\":10000000000},\"price\":{},\"cost\":{\"min\":0.1,\"max\":99999999},\"leverage\":{}}}',
    0,
    'GALAX'
  );
INSERT INTO
  `exchange_market` (
    `id`,
    `pair`,
    `isTrending`,
    `isHot`,
    `metadata`,
    `status`,
    `currency`
  )
VALUES
  (
    'ec6ed1a4-9a85-4687-83ac-95529f19a8e5',
    'USDT',
    0,
    0,
    '{\"taker\":0.001,\"maker\":0.001,\"precision\":{\"price\":4,\"amount\":4},\"limits\":{\"amount\":{\"min\":0.1,\"max\":10000000000},\"price\":{},\"cost\":{\"min\":0.1,\"max\":99999999},\"leverage\":{}}}',
    0,
    'DOT'
  );
INSERT INTO
  `exchange_market` (
    `id`,
    `pair`,
    `isTrending`,
    `isHot`,
    `metadata`,
    `status`,
    `currency`
  )
VALUES
  (
    'ec79bcd1-e190-452f-b8e8-d17e068bb4f7',
    'USDT',
    0,
    0,
    '{\"taker\":0.002,\"maker\":0.002,\"precision\":{\"price\":4,\"amount\":4},\"limits\":{\"amount\":{\"min\":1,\"max\":100000000},\"price\":{},\"cost\":{\"min\":0.1,\"max\":99999999},\"leverage\":{}}}',
    0,
    'DECHAT'
  );
INSERT INTO
  `exchange_market` (
    `id`,
    `pair`,
    `isTrending`,
    `isHot`,
    `metadata`,
    `status`,
    `currency`
  )
VALUES
  (
    'eca77173-25ba-4de2-b8c4-10ba99c5a9c5',
    'USDT',
    0,
    0,
    '{\"taker\":0.001,\"maker\":0.001,\"precision\":{\"price\":4,\"amount\":4},\"limits\":{\"amount\":{\"min\":0.1,\"max\":10000000000},\"price\":{},\"cost\":{\"min\":0.1,\"max\":99999999},\"leverage\":{}}}',
    0,
    'NEAR'
  );
INSERT INTO
  `exchange_market` (
    `id`,
    `pair`,
    `isTrending`,
    `isHot`,
    `metadata`,
    `status`,
    `currency`
  )
VALUES
  (
    'ecc4a9f4-130e-4dca-a2a0-26524b61f282',
    'USDT',
    0,
    0,
    '{\"taker\":0.002,\"maker\":0.002,\"precision\":{\"price\":6,\"amount\":0},\"limits\":{\"amount\":{\"min\":100,\"max\":10000000000},\"price\":{},\"cost\":{\"min\":0.1,\"max\":99999999},\"leverage\":{}}}',
    0,
    'LKI'
  );
INSERT INTO
  `exchange_market` (
    `id`,
    `pair`,
    `isTrending`,
    `isHot`,
    `metadata`,
    `status`,
    `currency`
  )
VALUES
  (
    'ed4fe8dd-ca15-46f0-81ab-d6c8b743162d',
    'USDT',
    0,
    0,
    '{\"taker\":0.002,\"maker\":0.002,\"precision\":{\"price\":3,\"amount\":2},\"limits\":{\"amount\":{\"min\":0.1,\"max\":10000000000},\"price\":{},\"cost\":{\"min\":0.1,\"max\":99999999},\"leverage\":{}}}',
    0,
    'AERO'
  );
INSERT INTO
  `exchange_market` (
    `id`,
    `pair`,
    `isTrending`,
    `isHot`,
    `metadata`,
    `status`,
    `currency`
  )
VALUES
  (
    'ed5f0f5e-66e2-496e-9ec8-631005436859',
    'USDT',
    0,
    0,
    '{\"taker\":0.001,\"maker\":0.001,\"precision\":{\"price\":2,\"amount\":4},\"limits\":{\"amount\":{\"min\":0.0001,\"max\":10000000000},\"price\":{},\"cost\":{\"min\":0.1,\"max\":99999999},\"leverage\":{}}}',
    0,
    'PAXG'
  );
INSERT INTO
  `exchange_market` (
    `id`,
    `pair`,
    `isTrending`,
    `isHot`,
    `metadata`,
    `status`,
    `currency`
  )
VALUES
  (
    'ed603bba-d97d-4e16-836d-d9fca690494f',
    'USDT',
    0,
    0,
    '{\"taker\":0.001,\"maker\":0.001,\"precision\":{\"price\":5,\"amount\":4},\"limits\":{\"amount\":{\"min\":1,\"max\":10000000000},\"price\":{},\"cost\":{\"min\":0.1,\"max\":99999999},\"leverage\":{}}}',
    0,
    'TFUEL'
  );
INSERT INTO
  `exchange_market` (
    `id`,
    `pair`,
    `isTrending`,
    `isHot`,
    `metadata`,
    `status`,
    `currency`
  )
VALUES
  (
    'edd7b3b3-af74-4924-a6a1-bc319651bc0e',
    'USDT',
    0,
    0,
    '{\"taker\":0.003,\"maker\":0.003,\"precision\":{\"price\":6,\"amount\":0},\"limits\":{\"amount\":{\"min\":100,\"max\":10000000000},\"price\":{},\"cost\":{\"min\":0.1,\"max\":99999999},\"leverage\":{}}}',
    0,
    'VEMP'
  );
INSERT INTO
  `exchange_market` (
    `id`,
    `pair`,
    `isTrending`,
    `isHot`,
    `metadata`,
    `status`,
    `currency`
  )
VALUES
  (
    'ee28c12b-1956-49d3-9cb2-eeb5c1d90fdf',
    'ETH',
    0,
    0,
    '{\"taker\":0.003,\"maker\":0.003,\"precision\":{\"price\":8,\"amount\":4},\"limits\":{\"amount\":{\"min\":10,\"max\":10000000000},\"price\":{},\"cost\":{\"min\":0.1,\"max\":99999999},\"leverage\":{}}}',
    0,
    'CSIX'
  );
INSERT INTO
  `exchange_market` (
    `id`,
    `pair`,
    `isTrending`,
    `isHot`,
    `metadata`,
    `status`,
    `currency`
  )
VALUES
  (
    'ee73fb3c-e606-483f-853a-74f94c2588b8',
    'USDT',
    0,
    0,
    '{\"taker\":0.003,\"maker\":0.003,\"precision\":{\"price\":5,\"amount\":4},\"limits\":{\"amount\":{\"min\":1,\"max\":10000000000},\"price\":{},\"cost\":{\"min\":0.1,\"max\":99999999},\"leverage\":{}}}',
    0,
    'UNO'
  );
INSERT INTO
  `exchange_market` (
    `id`,
    `pair`,
    `isTrending`,
    `isHot`,
    `metadata`,
    `status`,
    `currency`
  )
VALUES
  (
    'ef49d9f7-8688-49ba-8d4a-3a7e5435e0f7',
    'USDT',
    0,
    0,
    '{\"taker\":0.001,\"maker\":0.001,\"precision\":{\"price\":2,\"amount\":2},\"limits\":{\"amount\":{\"min\":0.1,\"max\":10000000000},\"price\":{},\"cost\":{\"min\":0.1,\"max\":99999999},\"leverage\":{}}}',
    0,
    'ORDI'
  );
INSERT INTO
  `exchange_market` (
    `id`,
    `pair`,
    `isTrending`,
    `isHot`,
    `metadata`,
    `status`,
    `currency`
  )
VALUES
  (
    'ef63cfeb-589f-45dc-b9cc-b90ffca4ced1',
    'BTC',
    0,
    0,
    '{\"taker\":0.001,\"maker\":0.001,\"precision\":{\"price\":7,\"amount\":4},\"limits\":{\"amount\":{\"min\":0.01,\"max\":10000000000},\"price\":{},\"cost\":{\"min\":0.00001,\"max\":99999999},\"leverage\":{}}}',
    0,
    'KCS'
  );
INSERT INTO
  `exchange_market` (
    `id`,
    `pair`,
    `isTrending`,
    `isHot`,
    `metadata`,
    `status`,
    `currency`
  )
VALUES
  (
    'ef7e05f4-7195-42ba-b234-338e71449475',
    'USDT',
    0,
    0,
    '{\"taker\":0.001,\"maker\":0.001,\"precision\":{\"price\":4,\"amount\":2},\"limits\":{\"amount\":{\"min\":1,\"max\":10000000000},\"price\":{},\"cost\":{\"min\":0.1,\"max\":99999999},\"leverage\":{}}}',
    0,
    'SLF'
  );
INSERT INTO
  `exchange_market` (
    `id`,
    `pair`,
    `isTrending`,
    `isHot`,
    `metadata`,
    `status`,
    `currency`
  )
VALUES
  (
    'ef948b30-29f7-4507-a48b-b6f6401b1d1c',
    'USDT',
    0,
    0,
    '{\"taker\":0.003,\"maker\":0.003,\"precision\":{\"price\":5,\"amount\":4},\"limits\":{\"amount\":{\"min\":10,\"max\":245000},\"price\":{},\"cost\":{\"min\":0.1,\"max\":25000},\"leverage\":{}}}',
    0,
    'TSUGT'
  );
INSERT INTO
  `exchange_market` (
    `id`,
    `pair`,
    `isTrending`,
    `isHot`,
    `metadata`,
    `status`,
    `currency`
  )
VALUES
  (
    'efa7488d-e5c2-4600-94e4-f24630d79f42',
    'USDT',
    0,
    0,
    '{\"taker\":0.002,\"maker\":0.002,\"precision\":{\"price\":8,\"amount\":4},\"limits\":{\"amount\":{\"min\":100000,\"max\":26000000000},\"price\":{},\"cost\":{\"min\":0.1,\"max\":99999999},\"leverage\":{}}}',
    0,
    'NFT'
  );
INSERT INTO
  `exchange_market` (
    `id`,
    `pair`,
    `isTrending`,
    `isHot`,
    `metadata`,
    `status`,
    `currency`
  )
VALUES
  (
    'efad8e61-c69a-479f-a56f-5baa23bf26af',
    'USDT',
    0,
    0,
    '{\"taker\":0.001,\"maker\":0.001,\"precision\":{\"price\":4,\"amount\":4},\"limits\":{\"amount\":{\"min\":1,\"max\":10000000000},\"price\":{},\"cost\":{\"min\":0.1,\"max\":99999999},\"leverage\":{}}}',
    0,
    'NFP'
  );
INSERT INTO
  `exchange_market` (
    `id`,
    `pair`,
    `isTrending`,
    `isHot`,
    `metadata`,
    `status`,
    `currency`
  )
VALUES
  (
    'efd0769f-1ec5-4784-bb1c-b92c76bd4bf0',
    'USDT',
    0,
    0,
    '{\"taker\":0.003,\"maker\":0.003,\"precision\":{\"price\":8,\"amount\":4},\"limits\":{\"amount\":{\"min\":1000000,\"max\":26000000000},\"price\":{},\"cost\":{\"min\":0.1,\"max\":99999999},\"leverage\":{}}}',
    0,
    'VOLT'
  );
INSERT INTO
  `exchange_market` (
    `id`,
    `pair`,
    `isTrending`,
    `isHot`,
    `metadata`,
    `status`,
    `currency`
  )
VALUES
  (
    'f012a5f0-d733-4dea-9d4b-d687b2032e8e',
    'ETH',
    0,
    0,
    '{\"taker\":0.003,\"maker\":0.003,\"precision\":{\"price\":8,\"amount\":4},\"limits\":{\"amount\":{\"min\":1,\"max\":10000000000},\"price\":{},\"cost\":{\"min\":0.00001,\"max\":99999999},\"leverage\":{}}}',
    0,
    'STORE'
  );
INSERT INTO
  `exchange_market` (
    `id`,
    `pair`,
    `isTrending`,
    `isHot`,
    `metadata`,
    `status`,
    `currency`
  )
VALUES
  (
    'f027e874-270d-47c8-a4bf-3431596b4117',
    'USDC',
    0,
    0,
    '{\"taker\":0.001,\"maker\":0.001,\"precision\":{\"price\":4,\"amount\":4},\"limits\":{\"amount\":{\"min\":1,\"max\":10000000000},\"price\":{},\"cost\":{\"min\":0.1,\"max\":99999999},\"leverage\":{}}}',
    0,
    'ALGO'
  );
INSERT INTO
  `exchange_market` (
    `id`,
    `pair`,
    `isTrending`,
    `isHot`,
    `metadata`,
    `status`,
    `currency`
  )
VALUES
  (
    'f04eb156-011d-4eb2-9301-cacb0f3f0e26',
    'USDT',
    0,
    0,
    '{\"taker\":0.003,\"maker\":0.003,\"precision\":{\"price\":7,\"amount\":0},\"limits\":{\"amount\":{\"min\":100,\"max\":10000000000},\"price\":{},\"cost\":{\"min\":0.1,\"max\":99999999},\"leverage\":{}}}',
    0,
    'NATIX'
  );
INSERT INTO
  `exchange_market` (
    `id`,
    `pair`,
    `isTrending`,
    `isHot`,
    `metadata`,
    `status`,
    `currency`
  )
VALUES
  (
    'f0799d10-fb94-493a-9608-ddedd98e508b',
    'USDT',
    0,
    0,
    '{\"taker\":0.003,\"maker\":0,\"precision\":{\"price\":5,\"amount\":4},\"limits\":{\"amount\":{\"min\":1,\"max\":10000000000},\"price\":{},\"cost\":{\"min\":0.1,\"max\":99999999},\"leverage\":{}}}',
    0,
    'CIRUS'
  );
INSERT INTO
  `exchange_market` (
    `id`,
    `pair`,
    `isTrending`,
    `isHot`,
    `metadata`,
    `status`,
    `currency`
  )
VALUES
  (
    'f08406ac-7961-46ba-92db-37bbf0cc2c39',
    'USDC',
    0,
    0,
    '{\"taker\":0.001,\"maker\":0.001,\"precision\":{\"price\":3,\"amount\":4},\"limits\":{\"amount\":{\"min\":0.01,\"max\":10000000000},\"price\":{},\"cost\":{\"min\":0.1,\"max\":99999999},\"leverage\":{}}}',
    0,
    'KCS'
  );
INSERT INTO
  `exchange_market` (
    `id`,
    `pair`,
    `isTrending`,
    `isHot`,
    `metadata`,
    `status`,
    `currency`
  )
VALUES
  (
    'f0d39466-148a-48cd-acff-7467459e87d1',
    'USDT',
    0,
    0,
    '{\"taker\":0.001,\"maker\":0.001,\"precision\":{\"price\":3,\"amount\":4},\"limits\":{\"amount\":{\"min\":0.1,\"max\":10000000000},\"price\":{},\"cost\":{\"min\":0.1,\"max\":99999999},\"leverage\":{}}}',
    0,
    'GNS'
  );
INSERT INTO
  `exchange_market` (
    `id`,
    `pair`,
    `isTrending`,
    `isHot`,
    `metadata`,
    `status`,
    `currency`
  )
VALUES
  (
    'f0f8a895-4a5f-4e27-b1b4-4c69fe0801bb',
    'BTC',
    0,
    0,
    '{\"taker\":0.001,\"maker\":0.001,\"precision\":{\"price\":8,\"amount\":4},\"limits\":{\"amount\":{\"min\":10,\"max\":10000000000},\"price\":{},\"cost\":{\"min\":0.000001,\"max\":99999999},\"leverage\":{}}}',
    0,
    'REEF'
  );
INSERT INTO
  `exchange_market` (
    `id`,
    `pair`,
    `isTrending`,
    `isHot`,
    `metadata`,
    `status`,
    `currency`
  )
VALUES
  (
    'f17326f5-59a9-4396-b3e0-b427a090ea24',
    'USDT',
    0,
    0,
    '{\"taker\":0.001,\"maker\":0.001,\"precision\":{\"price\":6,\"amount\":6},\"limits\":{\"amount\":{\"min\":0.1,\"max\":999999999999},\"price\":{},\"cost\":{\"min\":0.1,\"max\":5000},\"leverage\":{}}}',
    0,
    'UNFIUP'
  );
INSERT INTO
  `exchange_market` (
    `id`,
    `pair`,
    `isTrending`,
    `isHot`,
    `metadata`,
    `status`,
    `currency`
  )
VALUES
  (
    'f1861f06-0dcc-4f2e-90ee-6fe4e27070d5',
    'USDT',
    0,
    0,
    '{\"taker\":0.001,\"maker\":0.001,\"precision\":{\"price\":8,\"amount\":8},\"limits\":{\"amount\":{\"min\":0.1,\"max\":999999999999},\"price\":{},\"cost\":{\"min\":0.1,\"max\":5000},\"leverage\":{}}}',
    0,
    'PEPEDOWN'
  );
INSERT INTO
  `exchange_market` (
    `id`,
    `pair`,
    `isTrending`,
    `isHot`,
    `metadata`,
    `status`,
    `currency`
  )
VALUES
  (
    'f1a8a322-2cd9-42ef-b1a7-b5038dfc1333',
    'BTC',
    0,
    0,
    '{\"taker\":0.003,\"maker\":0.003,\"precision\":{\"price\":8,\"amount\":4},\"limits\":{\"amount\":{\"min\":1,\"max\":10000000000},\"price\":{},\"cost\":{\"min\":0.000001,\"max\":99999999},\"leverage\":{}}}',
    0,
    'XDB'
  );
INSERT INTO
  `exchange_market` (
    `id`,
    `pair`,
    `isTrending`,
    `isHot`,
    `metadata`,
    `status`,
    `currency`
  )
VALUES
  (
    'f1c496e9-28a5-4e30-bd38-a439a6efe904',
    'USDT',
    0,
    0,
    '{\"taker\":0.001,\"maker\":0.001,\"precision\":{\"price\":4,\"amount\":4},\"limits\":{\"amount\":{\"min\":0.1,\"max\":10000000000},\"price\":{},\"cost\":{\"min\":0.1,\"max\":99999999},\"leverage\":{}}}',
    0,
    'MASK'
  );
INSERT INTO
  `exchange_market` (
    `id`,
    `pair`,
    `isTrending`,
    `isHot`,
    `metadata`,
    `status`,
    `currency`
  )
VALUES
  (
    'f1e00fe6-2044-4009-9270-5255ce03105b',
    'BTC',
    0,
    0,
    '{\"taker\":0.002,\"maker\":0.002,\"precision\":{\"price\":8,\"amount\":4},\"limits\":{\"amount\":{\"min\":100,\"max\":10000000000},\"price\":{},\"cost\":{\"min\":0.000001,\"max\":99999999},\"leverage\":{}}}',
    0,
    'VRA'
  );
INSERT INTO
  `exchange_market` (
    `id`,
    `pair`,
    `isTrending`,
    `isHot`,
    `metadata`,
    `status`,
    `currency`
  )
VALUES
  (
    'f212b3d4-a4cc-4c9b-8198-f96cf98b8862',
    'BTC',
    0,
    0,
    '{\"taker\":0.001,\"maker\":0.001,\"precision\":{\"price\":8,\"amount\":4},\"limits\":{\"amount\":{\"min\":1,\"max\":10000000000},\"price\":{},\"cost\":{\"min\":0.00001,\"max\":99999999},\"leverage\":{}}}',
    0,
    'LOOM'
  );
INSERT INTO
  `exchange_market` (
    `id`,
    `pair`,
    `isTrending`,
    `isHot`,
    `metadata`,
    `status`,
    `currency`
  )
VALUES
  (
    'f2286e02-1e43-4e8e-a9db-93dfcc07b640',
    'USDT',
    0,
    0,
    '{\"taker\":0.002,\"maker\":0.002,\"precision\":{\"price\":5,\"amount\":4},\"limits\":{\"amount\":{\"min\":10,\"max\":10000000000},\"price\":{},\"cost\":{\"min\":0.1,\"max\":99999999},\"leverage\":{}}}',
    0,
    'FLAME'
  );
INSERT INTO
  `exchange_market` (
    `id`,
    `pair`,
    `isTrending`,
    `isHot`,
    `metadata`,
    `status`,
    `currency`
  )
VALUES
  (
    'f2408b6e-a165-4d28-a17e-2b1419d3fcb5',
    'USDT',
    0,
    0,
    '{\"taker\":0.001,\"maker\":0.001,\"precision\":{\"price\":4,\"amount\":4},\"limits\":{\"amount\":{\"min\":1,\"max\":10000000000},\"price\":{},\"cost\":{\"min\":0.1,\"max\":99999999},\"leverage\":{}}}',
    0,
    'STORJ'
  );
INSERT INTO
  `exchange_market` (
    `id`,
    `pair`,
    `isTrending`,
    `isHot`,
    `metadata`,
    `status`,
    `currency`
  )
VALUES
  (
    'f24545b3-c6ae-4804-bd4e-d44b594c90b4',
    'USDT',
    0,
    0,
    '{\"taker\":0.002,\"maker\":0.002,\"precision\":{\"price\":6,\"amount\":0},\"limits\":{\"amount\":{\"min\":100,\"max\":10000000000},\"price\":{},\"cost\":{\"min\":0.1,\"max\":99999999},\"leverage\":{}}}',
    0,
    'OPAI'
  );
INSERT INTO
  `exchange_market` (
    `id`,
    `pair`,
    `isTrending`,
    `isHot`,
    `metadata`,
    `status`,
    `currency`
  )
VALUES
  (
    'f24b39c2-4c70-48cd-a81f-0d9945eec86e',
    'BTC',
    0,
    0,
    '{\"taker\":0.001,\"maker\":0.001,\"precision\":{\"price\":8,\"amount\":4},\"limits\":{\"amount\":{\"min\":1,\"max\":10000000000},\"price\":{},\"cost\":{\"min\":0.000001,\"max\":99999999},\"leverage\":{}}}',
    0,
    'DATA'
  );
INSERT INTO
  `exchange_market` (
    `id`,
    `pair`,
    `isTrending`,
    `isHot`,
    `metadata`,
    `status`,
    `currency`
  )
VALUES
  (
    'f262bb7b-dcdd-4cde-a115-192f14c67de9',
    'USDT',
    0,
    0,
    '{\"taker\":0.001,\"maker\":0.001,\"precision\":{\"price\":8,\"amount\":4},\"limits\":{\"amount\":{\"min\":100000,\"max\":17000000000},\"price\":{},\"cost\":{\"min\":0.1,\"max\":99999999},\"leverage\":{}}}',
    0,
    'SHIB'
  );
INSERT INTO
  `exchange_market` (
    `id`,
    `pair`,
    `isTrending`,
    `isHot`,
    `metadata`,
    `status`,
    `currency`
  )
VALUES
  (
    'f28e09d2-9012-4a17-8f49-df0b4ccb7e0d',
    'USDT',
    0,
    0,
    '{\"taker\":0.003,\"maker\":0.003,\"precision\":{\"price\":6,\"amount\":4},\"limits\":{\"amount\":{\"min\":1,\"max\":10000000000},\"price\":{},\"cost\":{\"min\":0.1,\"max\":99999999},\"leverage\":{}}}',
    0,
    'LMR'
  );
INSERT INTO
  `exchange_market` (
    `id`,
    `pair`,
    `isTrending`,
    `isHot`,
    `metadata`,
    `status`,
    `currency`
  )
VALUES
  (
    'f31dbfe4-2b87-4609-b387-c6e6fb1fb31a',
    'USDT',
    0,
    0,
    '{\"taker\":0.001,\"maker\":0.001,\"precision\":{\"price\":7,\"amount\":0},\"limits\":{\"amount\":{\"min\":1000,\"max\":10000000000},\"price\":{},\"cost\":{\"min\":0.1,\"max\":99999999},\"leverage\":{}}}',
    0,
    'NEIROCTO'
  );
INSERT INTO
  `exchange_market` (
    `id`,
    `pair`,
    `isTrending`,
    `isHot`,
    `metadata`,
    `status`,
    `currency`
  )
VALUES
  (
    'f337f36f-1fb5-4a70-ba3c-88571df77fd8',
    'USDT',
    0,
    0,
    '{\"taker\":0.002,\"maker\":0.002,\"precision\":{\"price\":5,\"amount\":1},\"limits\":{\"amount\":{\"min\":10,\"max\":1000000000},\"price\":{},\"cost\":{\"min\":0.1,\"max\":99999999},\"leverage\":{}}}',
    0,
    'SKY'
  );
INSERT INTO
  `exchange_market` (
    `id`,
    `pair`,
    `isTrending`,
    `isHot`,
    `metadata`,
    `status`,
    `currency`
  )
VALUES
  (
    'f365f5b5-9d16-4f34-8b2e-cee184586177',
    'BTC',
    0,
    0,
    '{\"taker\":0.003,\"maker\":0.003,\"precision\":{\"price\":8,\"amount\":4},\"limits\":{\"amount\":{\"min\":1,\"max\":10000000000},\"price\":{},\"cost\":{\"min\":0.000001,\"max\":99999999},\"leverage\":{}}}',
    0,
    'SHR'
  );
INSERT INTO
  `exchange_market` (
    `id`,
    `pair`,
    `isTrending`,
    `isHot`,
    `metadata`,
    `status`,
    `currency`
  )
VALUES
  (
    'f3a87641-6b57-49af-8ff9-5406674478b2',
    'USDT',
    0,
    0,
    '{\"taker\":0.001,\"maker\":0.001,\"precision\":{\"price\":5,\"amount\":4},\"limits\":{\"amount\":{\"min\":1,\"max\":10000000000},\"price\":{},\"cost\":{\"min\":0.1,\"max\":99999999},\"leverage\":{}}}',
    0,
    'ZIL'
  );
INSERT INTO
  `exchange_market` (
    `id`,
    `pair`,
    `isTrending`,
    `isHot`,
    `metadata`,
    `status`,
    `currency`
  )
VALUES
  (
    'f3d43b0b-8063-4f08-b9ec-958612f5701f',
    'USDT',
    0,
    0,
    '{\"taker\":0.001,\"maker\":0.001,\"precision\":{\"price\":2,\"amount\":4},\"limits\":{\"amount\":{\"min\":0.01,\"max\":10000000000},\"price\":{},\"cost\":{\"min\":1,\"max\":99999999},\"leverage\":{}}}',
    0,
    'EGLD'
  );
INSERT INTO
  `exchange_market` (
    `id`,
    `pair`,
    `isTrending`,
    `isHot`,
    `metadata`,
    `status`,
    `currency`
  )
VALUES
  (
    'f4066aef-dd8f-4910-a247-7b089a0931b9',
    'BTC',
    0,
    0,
    '{\"taker\":0.003,\"maker\":0,\"precision\":{\"price\":8,\"amount\":4},\"limits\":{\"amount\":{\"min\":0.1,\"max\":10000000000},\"price\":{},\"cost\":{\"min\":0.00001,\"max\":99999999},\"leverage\":{}}}',
    0,
    'VSYS'
  );
INSERT INTO
  `exchange_market` (
    `id`,
    `pair`,
    `isTrending`,
    `isHot`,
    `metadata`,
    `status`,
    `currency`
  )
VALUES
  (
    'f4190876-996c-4264-bb27-1ae77b369d6b',
    'USDT',
    0,
    0,
    '{\"taker\":0.001,\"maker\":0.001,\"precision\":{\"price\":4,\"amount\":4},\"limits\":{\"amount\":{\"min\":0.1,\"max\":999999999999},\"price\":{},\"cost\":{\"min\":0.1,\"max\":5000},\"leverage\":{}}}',
    0,
    'INJUP'
  );
INSERT INTO
  `exchange_market` (
    `id`,
    `pair`,
    `isTrending`,
    `isHot`,
    `metadata`,
    `status`,
    `currency`
  )
VALUES
  (
    'f4580038-5671-4c83-9590-886d3980064d',
    'USDT',
    0,
    0,
    '{\"taker\":0.001,\"maker\":0.001,\"precision\":{\"price\":3,\"amount\":2},\"limits\":{\"amount\":{\"min\":0.01,\"max\":10000000000},\"price\":{},\"cost\":{\"min\":0.1,\"max\":99999999},\"leverage\":{}}}',
    0,
    'SNX'
  );
INSERT INTO
  `exchange_market` (
    `id`,
    `pair`,
    `isTrending`,
    `isHot`,
    `metadata`,
    `status`,
    `currency`
  )
VALUES
  (
    'f4e43a55-14a8-425b-8f06-5a12ec19ef77',
    'USDT',
    0,
    0,
    '{\"taker\":0.003,\"maker\":0.003,\"precision\":{\"price\":6,\"amount\":4},\"limits\":{\"amount\":{\"min\":0.1,\"max\":10000000000},\"price\":{},\"cost\":{\"min\":0.1,\"max\":99999999},\"leverage\":{}}}',
    0,
    'STND'
  );
INSERT INTO
  `exchange_market` (
    `id`,
    `pair`,
    `isTrending`,
    `isHot`,
    `metadata`,
    `status`,
    `currency`
  )
VALUES
  (
    'f4f74a06-e1a3-4128-b479-cb04e375cb43',
    'BTC',
    0,
    0,
    '{\"taker\":0.003,\"maker\":0.003,\"precision\":{\"price\":8,\"amount\":4},\"limits\":{\"amount\":{\"min\":0.1,\"max\":10000000000},\"price\":{},\"cost\":{\"min\":0.000001,\"max\":99999999},\"leverage\":{}}}',
    0,
    'WEST'
  );
INSERT INTO
  `exchange_market` (
    `id`,
    `pair`,
    `isTrending`,
    `isHot`,
    `metadata`,
    `status`,
    `currency`
  )
VALUES
  (
    'f59b995a-b578-4ad5-820d-b680eebcd117',
    'USDT',
    0,
    0,
    '{\"taker\":0.001,\"maker\":0.001,\"precision\":{\"price\":4,\"amount\":4},\"limits\":{\"amount\":{\"min\":0.1,\"max\":10000000000},\"price\":{},\"cost\":{\"min\":0.1,\"max\":99999999},\"leverage\":{}}}',
    0,
    'COMBO'
  );
INSERT INTO
  `exchange_market` (
    `id`,
    `pair`,
    `isTrending`,
    `isHot`,
    `metadata`,
    `status`,
    `currency`
  )
VALUES
  (
    'f5bb6e7c-23f4-40aa-845f-c7b8a2cc59ec',
    'USDT',
    0,
    0,
    '{\"taker\":0.001,\"maker\":0.001,\"precision\":{\"price\":4,\"amount\":4},\"limits\":{\"amount\":{\"min\":0.1,\"max\":10000000000},\"price\":{},\"cost\":{\"min\":0.1,\"max\":99999999},\"leverage\":{}}}',
    0,
    'KLAY'
  );
INSERT INTO
  `exchange_market` (
    `id`,
    `pair`,
    `isTrending`,
    `isHot`,
    `metadata`,
    `status`,
    `currency`
  )
VALUES
  (
    'f5f20cb8-06e7-4efc-8304-733b4dc1f19b',
    'USDT',
    0,
    0,
    '{\"taker\":0.003,\"maker\":0.003,\"precision\":{\"price\":5,\"amount\":1},\"limits\":{\"amount\":{\"min\":10,\"max\":10000000000},\"price\":{},\"cost\":{\"min\":0.1,\"max\":99999999},\"leverage\":{}}}',
    0,
    'TRUF'
  );
INSERT INTO
  `exchange_market` (
    `id`,
    `pair`,
    `isTrending`,
    `isHot`,
    `metadata`,
    `status`,
    `currency`
  )
VALUES
  (
    'f63c08ea-5713-40a6-be6c-d302ab0072f6',
    'KCS',
    0,
    0,
    '{\"taker\":0.001,\"maker\":0.001,\"precision\":{\"price\":3,\"amount\":6},\"limits\":{\"amount\":{\"min\":0.001,\"max\":10000000000},\"price\":{},\"cost\":{\"min\":0.01,\"max\":99999999},\"leverage\":{}}}',
    0,
    'LTC'
  );
INSERT INTO
  `exchange_market` (
    `id`,
    `pair`,
    `isTrending`,
    `isHot`,
    `metadata`,
    `status`,
    `currency`
  )
VALUES
  (
    'f6728627-b253-4992-bf2f-346674d03dad',
    'USDT',
    0,
    0,
    '{\"taker\":0.001,\"maker\":0.001,\"precision\":{\"price\":5,\"amount\":4},\"limits\":{\"amount\":{\"min\":1,\"max\":10000000000},\"price\":{},\"cost\":{\"min\":0.1,\"max\":99999999},\"leverage\":{}}}',
    0,
    'T'
  );
INSERT INTO
  `exchange_market` (
    `id`,
    `pair`,
    `isTrending`,
    `isHot`,
    `metadata`,
    `status`,
    `currency`
  )
VALUES
  (
    'f6b7fb99-766f-40df-9512-440ee5b4a4cb',
    'USDT',
    0,
    0,
    '{\"taker\":0.002,\"maker\":0.002,\"precision\":{\"price\":5,\"amount\":4},\"limits\":{\"amount\":{\"min\":10,\"max\":10000000000},\"price\":{},\"cost\":{\"min\":0.1,\"max\":99999999},\"leverage\":{}}}',
    0,
    'BDX'
  );
INSERT INTO
  `exchange_market` (
    `id`,
    `pair`,
    `isTrending`,
    `isHot`,
    `metadata`,
    `status`,
    `currency`
  )
VALUES
  (
    'f6cfe95d-5f6e-404c-bbbe-cda700dba841',
    'USDT',
    0,
    0,
    '{\"taker\":0.001,\"maker\":0.001,\"precision\":{\"price\":6,\"amount\":4},\"limits\":{\"amount\":{\"min\":10,\"max\":10000000000},\"price\":{},\"cost\":{\"min\":0.1,\"max\":99999999},\"leverage\":{}}}',
    0,
    'RSR'
  );
INSERT INTO
  `exchange_market` (
    `id`,
    `pair`,
    `isTrending`,
    `isHot`,
    `metadata`,
    `status`,
    `currency`
  )
VALUES
  (
    'f700cd20-b7cc-4740-b15c-f6e56504c791',
    'BTC',
    0,
    0,
    '{\"taker\":0.001,\"maker\":0.001,\"precision\":{\"price\":8,\"amount\":4},\"limits\":{\"amount\":{\"min\":1,\"max\":10000000000},\"price\":{},\"cost\":{\"min\":0.000001,\"max\":99999999},\"leverage\":{}}}',
    0,
    'COTI'
  );
INSERT INTO
  `exchange_market` (
    `id`,
    `pair`,
    `isTrending`,
    `isHot`,
    `metadata`,
    `status`,
    `currency`
  )
VALUES
  (
    'f7220fa1-7121-4414-9b1c-8c171226861a',
    'USDC',
    0,
    0,
    '{\"taker\":0.001,\"maker\":0.001,\"precision\":{\"price\":4,\"amount\":2},\"limits\":{\"amount\":{\"min\":0.01,\"max\":10000000000},\"price\":{},\"cost\":{\"min\":0.1,\"max\":99999999},\"leverage\":{}}}',
    0,
    'USDT'
  );
INSERT INTO
  `exchange_market` (
    `id`,
    `pair`,
    `isTrending`,
    `isHot`,
    `metadata`,
    `status`,
    `currency`
  )
VALUES
  (
    'f7405249-0d40-4195-a74f-c37ac10c47a8',
    'USDT',
    0,
    0,
    '{\"taker\":0.002,\"maker\":0.002,\"precision\":{\"price\":6,\"amount\":0},\"limits\":{\"amount\":{\"min\":10,\"max\":10000000000},\"price\":{},\"cost\":{\"min\":0.1,\"max\":99999999},\"leverage\":{}}}',
    0,
    'BLAST'
  );
INSERT INTO
  `exchange_market` (
    `id`,
    `pair`,
    `isTrending`,
    `isHot`,
    `metadata`,
    `status`,
    `currency`
  )
VALUES
  (
    'f74b3066-923d-4877-ab58-3b72dc1bd1f6',
    'USDT',
    0,
    0,
    '{\"taker\":0.001,\"maker\":0.001,\"precision\":{\"price\":4,\"amount\":4},\"limits\":{\"amount\":{\"min\":0.1,\"max\":10000000000},\"price\":{},\"cost\":{\"min\":0.1,\"max\":99999999},\"leverage\":{}}}',
    0,
    'C98'
  );
INSERT INTO
  `exchange_market` (
    `id`,
    `pair`,
    `isTrending`,
    `isHot`,
    `metadata`,
    `status`,
    `currency`
  )
VALUES
  (
    'f7588e6a-3d81-43f6-be2b-ccc6e16c1a8c',
    'USDT',
    0,
    0,
    '{\"taker\":0.003,\"maker\":0.003,\"precision\":{\"price\":6,\"amount\":4},\"limits\":{\"amount\":{\"min\":10,\"max\":10000000000},\"price\":{},\"cost\":{\"min\":0.1,\"max\":99999999},\"leverage\":{}}}',
    0,
    'AOG'
  );
INSERT INTO
  `exchange_market` (
    `id`,
    `pair`,
    `isTrending`,
    `isHot`,
    `metadata`,
    `status`,
    `currency`
  )
VALUES
  (
    'f774462f-26b6-4374-9119-cdd62e381bfd',
    'USDT',
    0,
    0,
    '{\"taker\":0.002,\"maker\":0.002,\"precision\":{\"price\":5,\"amount\":2},\"limits\":{\"amount\":{\"min\":1,\"max\":10000000000},\"price\":{},\"cost\":{\"min\":0.1,\"max\":99999999},\"leverage\":{}}}',
    0,
    'AITECH'
  );
INSERT INTO
  `exchange_market` (
    `id`,
    `pair`,
    `isTrending`,
    `isHot`,
    `metadata`,
    `status`,
    `currency`
  )
VALUES
  (
    'f7a44e1d-640e-42b4-9390-170c412d301c',
    'USDT',
    0,
    0,
    '{\"taker\":0.001,\"maker\":0.001,\"precision\":{\"price\":5,\"amount\":4},\"limits\":{\"amount\":{\"min\":1,\"max\":10000000000},\"price\":{},\"cost\":{\"min\":0.1,\"max\":99999999},\"leverage\":{}}}',
    0,
    'LOOM'
  );
INSERT INTO
  `exchange_market` (
    `id`,
    `pair`,
    `isTrending`,
    `isHot`,
    `metadata`,
    `status`,
    `currency`
  )
VALUES
  (
    'f80ab9b6-8d68-4e0e-b77f-d9f770bd73cb',
    'BTC',
    0,
    0,
    '{\"taker\":0.002,\"maker\":0.002,\"precision\":{\"price\":6,\"amount\":8},\"limits\":{\"amount\":{\"min\":0.001,\"max\":10000000000},\"price\":{},\"cost\":{\"min\":0.00001,\"max\":99999999},\"leverage\":{}}}',
    0,
    'BSV'
  );
INSERT INTO
  `exchange_market` (
    `id`,
    `pair`,
    `isTrending`,
    `isHot`,
    `metadata`,
    `status`,
    `currency`
  )
VALUES
  (
    'f82218ed-d54a-4141-92eb-5f53bf5e2237',
    'USDT',
    0,
    0,
    '{\"taker\":0.001,\"maker\":0.001,\"precision\":{\"price\":4,\"amount\":4},\"limits\":{\"amount\":{\"min\":0.1,\"max\":10000000000},\"price\":{},\"cost\":{\"min\":0.1,\"max\":99999999},\"leverage\":{}}}',
    0,
    'RUNE'
  );
INSERT INTO
  `exchange_market` (
    `id`,
    `pair`,
    `isTrending`,
    `isHot`,
    `metadata`,
    `status`,
    `currency`
  )
VALUES
  (
    'f8400347-9c3a-4e26-be50-65b51d187c2c',
    'BTC',
    0,
    0,
    '{\"taker\":0.001,\"maker\":0.001,\"precision\":{\"price\":8,\"amount\":4},\"limits\":{\"amount\":{\"min\":0.1,\"max\":10000000000},\"price\":{},\"cost\":{\"min\":0.000001,\"max\":99999999},\"leverage\":{}}}',
    0,
    'STRIKE'
  );
INSERT INTO
  `exchange_market` (
    `id`,
    `pair`,
    `isTrending`,
    `isHot`,
    `metadata`,
    `status`,
    `currency`
  )
VALUES
  (
    'f8b86d54-16ef-4a2d-91b9-27be97717f9e',
    'ETH',
    0,
    0,
    '{\"taker\":0.001,\"maker\":0.001,\"precision\":{\"price\":8,\"amount\":4},\"limits\":{\"amount\":{\"min\":1,\"max\":10000000000},\"price\":{},\"cost\":{\"min\":0.0001,\"max\":99999999},\"leverage\":{}}}',
    0,
    'DGB'
  );
INSERT INTO
  `exchange_market` (
    `id`,
    `pair`,
    `isTrending`,
    `isHot`,
    `metadata`,
    `status`,
    `currency`
  )
VALUES
  (
    'f8da5c77-43f1-443b-bb6c-3b816cc98c7b',
    'USDT',
    0,
    0,
    '{\"taker\":0.001,\"maker\":0.001,\"precision\":{\"price\":8,\"amount\":8},\"limits\":{\"amount\":{\"min\":0.01,\"max\":10000000000},\"price\":{},\"cost\":{\"min\":0.1,\"max\":50000},\"leverage\":{}}}',
    0,
    'ETH3L'
  );
INSERT INTO
  `exchange_market` (
    `id`,
    `pair`,
    `isTrending`,
    `isHot`,
    `metadata`,
    `status`,
    `currency`
  )
VALUES
  (
    'f8ee62d0-9443-4f2e-bfe3-9916f4f542f6',
    'USDT',
    0,
    0,
    '{\"taker\":0.001,\"maker\":0.001,\"precision\":{\"price\":4,\"amount\":2},\"limits\":{\"amount\":{\"min\":1,\"max\":10000000000},\"price\":{},\"cost\":{\"min\":0.1,\"max\":99999999},\"leverage\":{}}}',
    0,
    'XLM'
  );
INSERT INTO
  `exchange_market` (
    `id`,
    `pair`,
    `isTrending`,
    `isHot`,
    `metadata`,
    `status`,
    `currency`
  )
VALUES
  (
    'f92c94ea-a23a-47f2-8eb0-8c6b37be91ef',
    'BTC',
    0,
    0,
    '{\"taker\":0.001,\"maker\":0.001,\"precision\":{\"price\":8,\"amount\":4},\"limits\":{\"amount\":{\"min\":0.1,\"max\":10000000000},\"price\":{},\"cost\":{\"min\":0.00001,\"max\":99999999},\"leverage\":{}}}',
    0,
    'ENJ'
  );
INSERT INTO
  `exchange_market` (
    `id`,
    `pair`,
    `isTrending`,
    `isHot`,
    `metadata`,
    `status`,
    `currency`
  )
VALUES
  (
    'f92f5ea2-b083-4d03-b41b-cd9320ff7919',
    'BTC',
    0,
    0,
    '{\"taker\":0.001,\"maker\":0.001,\"precision\":{\"price\":8,\"amount\":4},\"limits\":{\"amount\":{\"min\":1,\"max\":10000000000},\"price\":{},\"cost\":{\"min\":0.00001,\"max\":99999999},\"leverage\":{}}}',
    0,
    'FTM'
  );
INSERT INTO
  `exchange_market` (
    `id`,
    `pair`,
    `isTrending`,
    `isHot`,
    `metadata`,
    `status`,
    `currency`
  )
VALUES
  (
    'f9a18553-321a-42ac-9403-89545286da32',
    'USDT',
    0,
    0,
    '{\"taker\":0.002,\"maker\":0.002,\"precision\":{\"price\":4,\"amount\":4},\"limits\":{\"amount\":{\"min\":1,\"max\":10000000000},\"price\":{},\"cost\":{\"min\":0.1,\"max\":99999999},\"leverage\":{}}}',
    0,
    'DMAIL'
  );
INSERT INTO
  `exchange_market` (
    `id`,
    `pair`,
    `isTrending`,
    `isHot`,
    `metadata`,
    `status`,
    `currency`
  )
VALUES
  (
    'f9d8c2b8-beac-457d-a525-c244272e593e',
    'USDT',
    0,
    0,
    '{\"taker\":0.002,\"maker\":0.002,\"precision\":{\"price\":8,\"amount\":0},\"limits\":{\"amount\":{\"min\":10000000,\"max\":1000000000000},\"price\":{},\"cost\":{\"min\":0.1,\"max\":99999999},\"leverage\":{}}}',
    0,
    'LADYS'
  );
INSERT INTO
  `exchange_market` (
    `id`,
    `pair`,
    `isTrending`,
    `isHot`,
    `metadata`,
    `status`,
    `currency`
  )
VALUES
  (
    'fa86dd68-77f9-4293-877f-4df30aebfd58',
    'USDT',
    0,
    0,
    '{\"taker\":0.001,\"maker\":0.001,\"precision\":{\"price\":4,\"amount\":4},\"limits\":{\"amount\":{\"min\":0.1,\"max\":999999999999},\"price\":{},\"cost\":{\"min\":0.1,\"max\":5000},\"leverage\":{}}}',
    0,
    'BTCDOWN'
  );
INSERT INTO
  `exchange_market` (
    `id`,
    `pair`,
    `isTrending`,
    `isHot`,
    `metadata`,
    `status`,
    `currency`
  )
VALUES
  (
    'fa9d9409-0b83-4299-80b3-9dff1b4fcf02',
    'USDT',
    0,
    0,
    '{\"taker\":0.003,\"maker\":0.003,\"precision\":{\"price\":5,\"amount\":4},\"limits\":{\"amount\":{\"min\":1,\"max\":10000000000},\"price\":{},\"cost\":{\"min\":0.1,\"max\":99999999},\"leverage\":{}}}',
    0,
    'DOVI'
  );
INSERT INTO
  `exchange_market` (
    `id`,
    `pair`,
    `isTrending`,
    `isHot`,
    `metadata`,
    `status`,
    `currency`
  )
VALUES
  (
    'facf45d3-c5e7-4193-90af-34985fa52365',
    'USDT',
    0,
    0,
    '{\"taker\":0.001,\"maker\":0.001,\"precision\":{\"price\":4,\"amount\":4},\"limits\":{\"amount\":{\"min\":1,\"max\":10000000000},\"price\":{},\"cost\":{\"min\":0.1,\"max\":99999999},\"leverage\":{}}}',
    0,
    'ZRX'
  );
INSERT INTO
  `exchange_market` (
    `id`,
    `pair`,
    `isTrending`,
    `isHot`,
    `metadata`,
    `status`,
    `currency`
  )
VALUES
  (
    'fb4ff7c1-d116-41b9-a085-25818d997d88',
    'USDT',
    0,
    0,
    '{\"taker\":0.001,\"maker\":0.001,\"precision\":{\"price\":4,\"amount\":2},\"limits\":{\"amount\":{\"min\":10,\"max\":10000000000},\"price\":{},\"cost\":{\"min\":0.1,\"max\":99999999},\"leverage\":{}}}',
    0,
    'TRX'
  );
INSERT INTO
  `exchange_market` (
    `id`,
    `pair`,
    `isTrending`,
    `isHot`,
    `metadata`,
    `status`,
    `currency`
  )
VALUES
  (
    'fb602071-4232-405c-b591-daaf4c0e98e8',
    'BTC',
    0,
    0,
    '{\"taker\":0.001,\"maker\":0.001,\"precision\":{\"price\":8,\"amount\":4},\"limits\":{\"amount\":{\"min\":10,\"max\":10000000000},\"price\":{},\"cost\":{\"min\":0.000001,\"max\":99999999},\"leverage\":{}}}',
    0,
    'CKB'
  );
INSERT INTO
  `exchange_market` (
    `id`,
    `pair`,
    `isTrending`,
    `isHot`,
    `metadata`,
    `status`,
    `currency`
  )
VALUES
  (
    'fb656f1e-63d6-4938-8da2-3526dca8d33e',
    'USDT',
    0,
    0,
    '{\"taker\":0.001,\"maker\":0.001,\"precision\":{\"price\":4,\"amount\":4},\"limits\":{\"amount\":{\"min\":1,\"max\":10000000000},\"price\":{},\"cost\":{\"min\":0.1,\"max\":99999999},\"leverage\":{}}}',
    0,
    'MAGIC'
  );
INSERT INTO
  `exchange_market` (
    `id`,
    `pair`,
    `isTrending`,
    `isHot`,
    `metadata`,
    `status`,
    `currency`
  )
VALUES
  (
    'fba020ab-e25d-41f5-be07-dc0926d565b7',
    'ETH',
    0,
    0,
    '{\"taker\":0.001,\"maker\":0.001,\"precision\":{\"price\":8,\"amount\":4},\"limits\":{\"amount\":{\"min\":1,\"max\":10000000000},\"price\":{},\"cost\":{\"min\":0.00001,\"max\":99999999},\"leverage\":{}}}',
    0,
    'TLM'
  );
INSERT INTO
  `exchange_market` (
    `id`,
    `pair`,
    `isTrending`,
    `isHot`,
    `metadata`,
    `status`,
    `currency`
  )
VALUES
  (
    'fbb45e63-b2bc-4595-a352-944a7321d265',
    'USDT',
    0,
    0,
    '{\"taker\":0.002,\"maker\":0.002,\"precision\":{\"price\":5,\"amount\":4},\"limits\":{\"amount\":{\"min\":10,\"max\":10000000000},\"price\":{},\"cost\":{\"min\":0.1,\"max\":99999999},\"leverage\":{}}}',
    0,
    'KAGI'
  );
INSERT INTO
  `exchange_market` (
    `id`,
    `pair`,
    `isTrending`,
    `isHot`,
    `metadata`,
    `status`,
    `currency`
  )
VALUES
  (
    'fbd6e417-4d81-453d-911f-b6b7706e4c99',
    'USDT',
    0,
    0,
    '{\"taker\":0.003,\"maker\":0.003,\"precision\":{\"price\":7,\"amount\":4},\"limits\":{\"amount\":{\"min\":1000,\"max\":10000000000},\"price\":{},\"cost\":{\"min\":0.1,\"max\":99999999},\"leverage\":{}}}',
    0,
    'ISSP'
  );
INSERT INTO
  `exchange_market` (
    `id`,
    `pair`,
    `isTrending`,
    `isHot`,
    `metadata`,
    `status`,
    `currency`
  )
VALUES
  (
    'fc23682a-f38f-455b-92a0-c9a8a4feecb2',
    'BTC',
    0,
    0,
    '{\"taker\":0.001,\"maker\":0.001,\"precision\":{\"price\":5,\"amount\":4},\"limits\":{\"amount\":{\"min\":0.0001,\"max\":10000000000},\"price\":{},\"cost\":{\"min\":0.00001,\"max\":99999999},\"leverage\":{}}}',
    0,
    'MKR'
  );
INSERT INTO
  `exchange_market` (
    `id`,
    `pair`,
    `isTrending`,
    `isHot`,
    `metadata`,
    `status`,
    `currency`
  )
VALUES
  (
    'fc41edf5-6b28-4e34-ad43-17f8ee709c03',
    'USDC',
    0,
    0,
    '{\"taker\":0.001,\"maker\":0.001,\"precision\":{\"price\":4,\"amount\":4},\"limits\":{\"amount\":{\"min\":0.01,\"max\":10000000000},\"price\":{},\"cost\":{\"min\":0.1,\"max\":99999999},\"leverage\":{}}}',
    0,
    'EOS'
  );
INSERT INTO
  `exchange_market` (
    `id`,
    `pair`,
    `isTrending`,
    `isHot`,
    `metadata`,
    `status`,
    `currency`
  )
VALUES
  (
    'fd1b237d-98fd-4223-beb0-6767169d2f04',
    'USDT',
    0,
    0,
    '{\"taker\":0.002,\"maker\":0.002,\"precision\":{\"price\":6,\"amount\":0},\"limits\":{\"amount\":{\"min\":10,\"max\":10000000000},\"price\":{},\"cost\":{\"min\":0.1,\"max\":99999999},\"leverage\":{}}}',
    0,
    'GRAPE'
  );
INSERT INTO
  `exchange_market` (
    `id`,
    `pair`,
    `isTrending`,
    `isHot`,
    `metadata`,
    `status`,
    `currency`
  )
VALUES
  (
    'fd39bf81-72c9-4b12-b571-69b5b5bccc74',
    'KCS',
    0,
    0,
    '{\"taker\":0.001,\"maker\":0.001,\"precision\":{\"price\":5,\"amount\":4},\"limits\":{\"amount\":{\"min\":0.01,\"max\":10000000000},\"price\":{},\"cost\":{\"min\":0.01,\"max\":99999999},\"leverage\":{}}}',
    0,
    'ADA'
  );
INSERT INTO
  `exchange_market` (
    `id`,
    `pair`,
    `isTrending`,
    `isHot`,
    `metadata`,
    `status`,
    `currency`
  )
VALUES
  (
    'fd3f5f0d-a50e-48a7-a268-33ec3307a815',
    'USDT',
    0,
    0,
    '{\"taker\":0.001,\"maker\":0.001,\"precision\":{\"price\":5,\"amount\":4},\"limits\":{\"amount\":{\"min\":1,\"max\":10000000000},\"price\":{},\"cost\":{\"min\":0.1,\"max\":99999999},\"leverage\":{}}}',
    0,
    'WOO'
  );
INSERT INTO
  `exchange_market` (
    `id`,
    `pair`,
    `isTrending`,
    `isHot`,
    `metadata`,
    `status`,
    `currency`
  )
VALUES
  (
    'fd5992f6-d8f3-4a66-b6e5-27c5db83945b',
    'USDT',
    0,
    0,
    '{\"taker\":0.002,\"maker\":0.002,\"precision\":{\"price\":5,\"amount\":1},\"limits\":{\"amount\":{\"min\":10,\"max\":1000000000},\"price\":{},\"cost\":{\"min\":0.1,\"max\":99999999},\"leverage\":{}}}',
    0,
    'CTA'
  );
INSERT INTO
  `exchange_market` (
    `id`,
    `pair`,
    `isTrending`,
    `isHot`,
    `metadata`,
    `status`,
    `currency`
  )
VALUES
  (
    'fd69a7e5-f1ea-417c-a126-21a37dc47fa6',
    'USDT',
    0,
    0,
    '{\"taker\":0.003,\"maker\":0.003,\"precision\":{\"price\":5,\"amount\":1},\"limits\":{\"amount\":{\"min\":10,\"max\":10000000000},\"price\":{},\"cost\":{\"min\":0.1,\"max\":99999999},\"leverage\":{}}}',
    0,
    'NEXG'
  );
INSERT INTO
  `exchange_market` (
    `id`,
    `pair`,
    `isTrending`,
    `isHot`,
    `metadata`,
    `status`,
    `currency`
  )
VALUES
  (
    'fd85613c-dccd-49fe-9ef1-8a4c889b9027',
    'USDT',
    0,
    0,
    '{\"taker\":0.001,\"maker\":0.001,\"precision\":{\"price\":3,\"amount\":2},\"limits\":{\"amount\":{\"min\":1,\"max\":10000000000},\"price\":{},\"cost\":{\"min\":0.1,\"max\":99999999},\"leverage\":{}}}',
    0,
    'SUPER'
  );
INSERT INTO
  `exchange_market` (
    `id`,
    `pair`,
    `isTrending`,
    `isHot`,
    `metadata`,
    `status`,
    `currency`
  )
VALUES
  (
    'fda80ad6-a6f8-4369-8922-8b6e3a782afc',
    'ETH',
    0,
    0,
    '{\"taker\":0.001,\"maker\":0.001,\"precision\":{\"price\":7,\"amount\":4},\"limits\":{\"amount\":{\"min\":0.1,\"max\":10000000000},\"price\":{},\"cost\":{\"min\":0.0001,\"max\":99999999},\"leverage\":{}}}',
    0,
    'DEGO'
  );
INSERT INTO
  `exchange_market` (
    `id`,
    `pair`,
    `isTrending`,
    `isHot`,
    `metadata`,
    `status`,
    `currency`
  )
VALUES
  (
    'fdaaa37e-5226-473a-be99-d6d40724003f',
    'KCS',
    0,
    0,
    '{\"taker\":0.001,\"maker\":0.001,\"precision\":{\"price\":4,\"amount\":4},\"limits\":{\"amount\":{\"min\":0.01,\"max\":10000000000},\"price\":{},\"cost\":{\"min\":0.01,\"max\":99999999},\"leverage\":{}}}',
    0,
    'DASH'
  );
INSERT INTO
  `exchange_market` (
    `id`,
    `pair`,
    `isTrending`,
    `isHot`,
    `metadata`,
    `status`,
    `currency`
  )
VALUES
  (
    'fdb64b77-4472-47fc-a38d-b0604c9aecc0',
    'USDT',
    0,
    0,
    '{\"taker\":0.003,\"maker\":0.003,\"precision\":{\"price\":6,\"amount\":4},\"limits\":{\"amount\":{\"min\":0.01,\"max\":10000000000},\"price\":{},\"cost\":{\"min\":0.1,\"max\":99999999},\"leverage\":{}}}',
    0,
    'XTM'
  );
INSERT INTO
  `exchange_market` (
    `id`,
    `pair`,
    `isTrending`,
    `isHot`,
    `metadata`,
    `status`,
    `currency`
  )
VALUES
  (
    'fe136b8e-9573-444f-9727-3d644fc29ed1',
    'USDT',
    0,
    0,
    '{\"taker\":0.001,\"maker\":0.001,\"precision\":{\"price\":3,\"amount\":4},\"limits\":{\"amount\":{\"min\":0.01,\"max\":10000000000},\"price\":{},\"cost\":{\"min\":0.1,\"max\":99999999},\"leverage\":{}}}',
    0,
    'AXS'
  );
INSERT INTO
  `exchange_market` (
    `id`,
    `pair`,
    `isTrending`,
    `isHot`,
    `metadata`,
    `status`,
    `currency`
  )
VALUES
  (
    'fe3594cc-6e35-4c0d-ad81-e91e1f85ae02',
    'ETH',
    0,
    0,
    '{\"taker\":0.001,\"maker\":0.001,\"precision\":{\"price\":6,\"amount\":4},\"limits\":{\"amount\":{\"min\":0.01,\"max\":10000000000},\"price\":{},\"cost\":{\"min\":0.1,\"max\":99999999},\"leverage\":{}}}',
    0,
    'HIGH'
  );
INSERT INTO
  `exchange_market` (
    `id`,
    `pair`,
    `isTrending`,
    `isHot`,
    `metadata`,
    `status`,
    `currency`
  )
VALUES
  (
    'fecc88a5-8246-4550-b3c7-12bd8f69cd62',
    'USDT',
    0,
    0,
    '{\"taker\":0.001,\"maker\":0.001,\"precision\":{\"price\":5,\"amount\":4},\"limits\":{\"amount\":{\"min\":1,\"max\":10000000000},\"price\":{},\"cost\":{\"min\":0.1,\"max\":99999999},\"leverage\":{}}}',
    0,
    'BLZ'
  );
INSERT INTO
  `exchange_market` (
    `id`,
    `pair`,
    `isTrending`,
    `isHot`,
    `metadata`,
    `status`,
    `currency`
  )
VALUES
  (
    'ff2fa135-293d-474a-9d05-5e821aea225a',
    'BTC',
    0,
    0,
    '{\"taker\":0.001,\"maker\":0.001,\"precision\":{\"price\":8,\"amount\":4},\"limits\":{\"amount\":{\"min\":0.01,\"max\":10000000000},\"price\":{},\"cost\":{\"min\":0.000001,\"max\":99999999},\"leverage\":{}}}',
    0,
    'DOT'
  );
INSERT INTO
  `exchange_market` (
    `id`,
    `pair`,
    `isTrending`,
    `isHot`,
    `metadata`,
    `status`,
    `currency`
  )
VALUES
  (
    'ff5c5538-1556-422b-a32e-74ca042c4919',
    'USDT',
    0,
    0,
    '{\"taker\":0.002,\"maker\":0.002,\"precision\":{\"price\":3,\"amount\":2},\"limits\":{\"amount\":{\"min\":0.001,\"max\":10000000000},\"price\":{},\"cost\":{\"min\":0.1,\"max\":99999999},\"leverage\":{}}}',
    0,
    'TIME'
  );
INSERT INTO
  `exchange_market` (
    `id`,
    `pair`,
    `isTrending`,
    `isHot`,
    `metadata`,
    `status`,
    `currency`
  )
VALUES
  (
    'ff65f0de-1001-4e93-84fa-35e47585d855',
    'USDT',
    0,
    0,
    '{\"taker\":0.002,\"maker\":0.002,\"precision\":{\"price\":3,\"amount\":4},\"limits\":{\"amount\":{\"min\":0.01,\"max\":10000000000},\"price\":{},\"cost\":{\"min\":0.1,\"max\":99999999},\"leverage\":{}}}',
    0,
    'HNT'
  );
INSERT INTO
  `exchange_market` (
    `id`,
    `pair`,
    `isTrending`,
    `isHot`,
    `metadata`,
    `status`,
    `currency`
  )
VALUES
  (
    'ff7e405c-a911-45c5-8925-4aaaf7c55834',
    'USDT',
    0,
    0,
    '{\"taker\":0.002,\"maker\":0.002,\"precision\":{\"price\":5,\"amount\":4},\"limits\":{\"amount\":{\"min\":1,\"max\":10000000000},\"price\":{},\"cost\":{\"min\":0.1,\"max\":99999999},\"leverage\":{}}}',
    0,
    'XDC'
  );

# ------------------------------------------------------------
# DATA DUMP FOR TABLE: exchange_order
# ------------------------------------------------------------

INSERT INTO
  `exchange_order` (
    `id`,
    `userId`,
    `referenceId`,
    `status`,
    `symbol`,
    `type`,
    `timeInForce`,
    `side`,
    `price`,
    `average`,
    `amount`,
    `filled`,
    `remaining`,
    `cost`,
    `trades`,
    `fee`,
    `feeCurrency`,
    `createdAt`,
    `updatedAt`,
    `deletedAt`
  )
VALUES
  (
    '1dcda347-d785-4648-81c7-b88c8faa9ad2',
    '5043cffe-2bdb-4385-93b4-dddb6dc2f97a',
    '67005d4514eff2000775e30b',
    'CLOSED',
    'BTC/USDT',
    'MARKET',
    'GTC',
    'BUY',
    62429.3,
    62429.3,
    0.00001,
    0.00001,
    0,
    0.624293,
    '\"[]\"',
    0.000624293,
    'BTC',
    '2024-10-04 21:25:25',
    '2024-10-04 21:25:25',
    NULL
  );
INSERT INTO
  `exchange_order` (
    `id`,
    `userId`,
    `referenceId`,
    `status`,
    `symbol`,
    `type`,
    `timeInForce`,
    `side`,
    `price`,
    `average`,
    `amount`,
    `filled`,
    `remaining`,
    `cost`,
    `trades`,
    `fee`,
    `feeCurrency`,
    `createdAt`,
    `updatedAt`,
    `deletedAt`
  )
VALUES
  (
    '9d6e625e-23ef-45e0-b569-19d300f6dcb2',
    '5043cffe-2bdb-4385-93b4-dddb6dc2f97a',
    '67005db2094f320007663e32',
    'CLOSED',
    'BTC/USDT',
    'MARKET',
    'GTC',
    'BUY',
    62429.3,
    62429.3,
    0.0001,
    0.0001,
    0,
    6.24293,
    '\"[]\"',
    0.00624293,
    'BTC',
    '2024-10-04 21:27:15',
    '2024-10-04 21:27:15',
    NULL
  );

# ------------------------------------------------------------
# DATA DUMP FOR TABLE: exchange_watchlist
# ------------------------------------------------------------


# ------------------------------------------------------------
# DATA DUMP FOR TABLE: extension
# ------------------------------------------------------------

INSERT INTO
  `extension` (
    `id`,
    `productId`,
    `name`,
    `title`,
    `description`,
    `link`,
    `status`,
    `version`,
    `image`
  )
VALUES
  (
    '01960858-0ad4-4393-b1b7-beedf5f0aa8a',
    'F8C1C44E',
    'forex',
    'Forex & Investment',
    'Optimize your forex trading with advanced investment tools and features.',
    'https://codecanyon.net/item/forex-investment-addon-for-bicrypto/36668679',
    0,
    '0.0.1',
    '/img/extensions/forex.png'
  );
INSERT INTO
  `extension` (
    `id`,
    `productId`,
    `name`,
    `title`,
    `description`,
    `link`,
    `status`,
    `version`,
    `image`
  )
VALUES
  (
    '0b23e0af-4175-42eb-9cfc-e15907091808',
    'DBFE65CA',
    'p2p',
    'Peer To Peer Exchange',
    'Enable peer-to-peer trading with live chat, offers moderation, and more.',
    'https://codecanyon.net/item/p2p-trading-addon-for-bicrypto-p2p-livechat-offers-moderation/44593497',
    0,
    '0.0.1',
    '/img/extensions/p2p.png'
  );
INSERT INTO
  `extension` (
    `id`,
    `productId`,
    `name`,
    `title`,
    `description`,
    `link`,
    `status`,
    `version`,
    `image`
  )
VALUES
  (
    '0d18248d-e53c-4256-8673-68240d05b79d',
    'C4160F60',
    'swap',
    'Swap',
    'Facilitate cryptocurrency swapping with ease and reliability.',
    NULL,
    0,
    '0.0.1',
    '/img/extensions/swap.png'
  );
INSERT INTO
  `extension` (
    `id`,
    `productId`,
    `name`,
    `title`,
    `description`,
    `link`,
    `status`,
    `version`,
    `image`
  )
VALUES
  (
    '22d70d6a-c8e9-4911-9dd1-10d008f10623',
    'B96677A0',
    'ai_investment',
    'AI Investments',
    'Enhance your trading experience with AI-driven investment strategies and insights.',
    'https://codecanyon.net/item/bot-investment-addon-for-bicrypto-crypto-trader-investment-subscription/35988984',
    0,
    '0.0.1',
    '/img/extensions/ai-investment.png'
  );
INSERT INTO
  `extension` (
    `id`,
    `productId`,
    `name`,
    `title`,
    `description`,
    `link`,
    `status`,
    `version`,
    `image`
  )
VALUES
  (
    '28ae85f5-890e-40cf-932c-f3811e86a0cf',
    '90AC59FB',
    'knowledge_base',
    'Knowledge Base & FAQs',
    'Comprehensive knowledge base and FAQs to support your users and improve engagement.',
    'https://codecanyon.net/item/knowledge-base-faqs-addon-for-bicrypto/39166202',
    0,
    '0.0.1',
    '/img/extensions/knowledge-base.png'
  );
INSERT INTO
  `extension` (
    `id`,
    `productId`,
    `name`,
    `title`,
    `description`,
    `link`,
    `status`,
    `version`,
    `image`
  )
VALUES
  (
    '2e1e5a95-992e-489c-a104-0e77a746baa6',
    '6FCAE834',
    'ecommerce',
    'Ecommerce',
    'Expand your business with ecommerce capabilities, including digital products and wishlists.',
    'https://codecanyon.net/item/ecommerce-addon-for-bicrypto-digital-products-wishlist-licenses/44624493',
    0,
    '0.0.1',
    '/img/extensions/ecommerce.png'
  );
INSERT INTO
  `extension` (
    `id`,
    `productId`,
    `name`,
    `title`,
    `description`,
    `link`,
    `status`,
    `version`,
    `image`
  )
VALUES
  (
    '4d2f9fe6-77bb-4693-a228-ea558198b668',
    'F47D081C',
    'wallet_connect',
    'Wallet Connect',
    'Seamlessly integrate wallet login and connect features into your platform.',
    'https://codecanyon.net/item/wallet-connect-addon-for-bicrypto-wallet-login-connect/37548018',
    0,
    '0.0.1',
    '/img/extensions/wallet-connect.png'
  );
INSERT INTO
  `extension` (
    `id`,
    `productId`,
    `name`,
    `title`,
    `description`,
    `link`,
    `status`,
    `version`,
    `image`
  )
VALUES
  (
    '85ad3bbe-5ea1-4c5a-b536-0b150ff63b8e',
    'A94B6354',
    'futures',
    'Futures',
    'Trade futures contracts with leverage and advanced trading features.',
    'https://codecanyon.net/item/futures-leverage-trading-addon-for-bicrypto/46094641',
    0,
    '0.0.1',
    '/img/extensions/futures.png'
  );
INSERT INTO
  `extension` (
    `id`,
    `productId`,
    `name`,
    `title`,
    `description`,
    `link`,
    `status`,
    `version`,
    `image`
  )
VALUES
  (
    '8b843c43-89c2-4765-8f18-1c587ab1e57a',
    '5868429E',
    'staking',
    'Staking Crypto',
    'Earn rewards by staking cryptocurrencies with our user-friendly staking platform.',
    'https://codecanyon.net/item/staking-crypto-addon-for-bicrypto-staking-investments-any-tokens-networks/37434481',
    0,
    '0.0.1',
    '/img/extensions/staking.png'
  );
INSERT INTO
  `extension` (
    `id`,
    `productId`,
    `name`,
    `title`,
    `description`,
    `link`,
    `status`,
    `version`,
    `image`
  )
VALUES
  (
    '99c85800-c187-448b-8b5c-ad7965d30d95',
    '61433370',
    'ico',
    'Token ICO',
    'Launch and manage your Initial Coin Offerings with ease and efficiency.',
    'https://codecanyon.net/item/token-ico-addon-for-bicrypto-token-offers-metamask-bep20-erc20-smart-contracts/36120046',
    0,
    '0.0.1',
    '/img/extensions/ico.png'
  );
INSERT INTO
  `extension` (
    `id`,
    `productId`,
    `name`,
    `title`,
    `description`,
    `link`,
    `status`,
    `version`,
    `image`
  )
VALUES
  (
    'b7e5bc45-4fa7-41e5-a398-175557a4b9ff',
    'D29FD60F',
    'mlm',
    'Multi Level Marketing',
    'Incorporate multi-level marketing features into your platform to boost engagement.',
    'https://codecanyon.net/item/multi-level-marketing-addon-for-bicrypto/36667808',
    0,
    '0.0.1',
    '/img/extensions/mlm.png'
  );
INSERT INTO
  `extension` (
    `id`,
    `productId`,
    `name`,
    `title`,
    `description`,
    `link`,
    `status`,
    `version`,
    `image`
  )
VALUES
  (
    'cbf4f15a-61c5-4461-9cb1-e30c102321d1',
    '02B81D43',
    'mailwizard',
    'MailWizard',
    'Leverage AI for content and image generation, and design emails with drag-and-drop tools.',
    'https://codecanyon.net/item/mailwiz-addon-for-bicrypto-ai-image-generator-ai-content-generator-dragdrop-email-editor/45613491',
    0,
    '0.0.1',
    '/img/extensions/mailwizard.png'
  );
INSERT INTO
  `extension` (
    `id`,
    `productId`,
    `name`,
    `title`,
    `description`,
    `link`,
    `status`,
    `version`,
    `image`
  )
VALUES
  (
    'f57c0808-7e8d-4c2f-92f0-8f1fe8b35c0c',
    'EB4AADC3',
    'ecosystem',
    'EcoSystem & Native Trading',
    'Comprehensive ecosystem for native trading capabilities and integrated functionalities.',
    'https://codecanyon.net/item/ecosystem-native-trading-addon-for-bicrypto/40071914',
    0,
    '0.0.1',
    '/img/extensions/ecosystem.png'
  );

# ------------------------------------------------------------
# DATA DUMP FOR TABLE: faq
# ------------------------------------------------------------


# ------------------------------------------------------------
# DATA DUMP FOR TABLE: faq_category
# ------------------------------------------------------------

INSERT INTO
  `faq_category` (`id`)
VALUES
  ('AI_INVESTMENT');
INSERT INTO
  `faq_category` (`id`)
VALUES
  ('BINARY');
INSERT INTO
  `faq_category` (`id`)
VALUES
  ('DEPOSIT_FIAT');
INSERT INTO
  `faq_category` (`id`)
VALUES
  ('DEPOSIT_FUNDING');
INSERT INTO
  `faq_category` (`id`)
VALUES
  ('DEPOSIT_SPOT');
INSERT INTO
  `faq_category` (`id`)
VALUES
  ('ECOMMERCE');
INSERT INTO
  `faq_category` (`id`)
VALUES
  ('ECOSYSTEM');
INSERT INTO
  `faq_category` (`id`)
VALUES
  ('FOREX');
INSERT INTO
  `faq_category` (`id`)
VALUES
  ('FRONTEND');
INSERT INTO
  `faq_category` (`id`)
VALUES
  ('ICO');
INSERT INTO
  `faq_category` (`id`)
VALUES
  ('INVESTMENT');
INSERT INTO
  `faq_category` (`id`)
VALUES
  ('KYC');
INSERT INTO
  `faq_category` (`id`)
VALUES
  ('MAILWIZARD');
INSERT INTO
  `faq_category` (`id`)
VALUES
  ('MLM');
INSERT INTO
  `faq_category` (`id`)
VALUES
  ('P2P');
INSERT INTO
  `faq_category` (`id`)
VALUES
  ('STAKING');
INSERT INTO
  `faq_category` (`id`)
VALUES
  ('TRANSFER');
INSERT INTO
  `faq_category` (`id`)
VALUES
  ('WIDTHDRAW_FIAT');
INSERT INTO
  `faq_category` (`id`)
VALUES
  ('WIDTHDRAW_FUNDING');
INSERT INTO
  `faq_category` (`id`)
VALUES
  ('WIDTHDRAW_SPOT');

# ------------------------------------------------------------
# DATA DUMP FOR TABLE: forex_account
# ------------------------------------------------------------


# ------------------------------------------------------------
# DATA DUMP FOR TABLE: forex_account_signal
# ------------------------------------------------------------


# ------------------------------------------------------------
# DATA DUMP FOR TABLE: forex_currency
# ------------------------------------------------------------


# ------------------------------------------------------------
# DATA DUMP FOR TABLE: forex_duration
# ------------------------------------------------------------


# ------------------------------------------------------------
# DATA DUMP FOR TABLE: forex_investment
# ------------------------------------------------------------


# ------------------------------------------------------------
# DATA DUMP FOR TABLE: forex_plan
# ------------------------------------------------------------


# ------------------------------------------------------------
# DATA DUMP FOR TABLE: forex_plan_duration
# ------------------------------------------------------------


# ------------------------------------------------------------
# DATA DUMP FOR TABLE: forex_signal
# ------------------------------------------------------------


# ------------------------------------------------------------
# DATA DUMP FOR TABLE: frontend
# ------------------------------------------------------------


# ------------------------------------------------------------
# DATA DUMP FOR TABLE: futures_market
# ------------------------------------------------------------


# ------------------------------------------------------------
# DATA DUMP FOR TABLE: ico_allocation
# ------------------------------------------------------------


# ------------------------------------------------------------
# DATA DUMP FOR TABLE: ico_contribution
# ------------------------------------------------------------


# ------------------------------------------------------------
# DATA DUMP FOR TABLE: ico_phase
# ------------------------------------------------------------


# ------------------------------------------------------------
# DATA DUMP FOR TABLE: ico_phase_allocation
# ------------------------------------------------------------


# ------------------------------------------------------------
# DATA DUMP FOR TABLE: ico_project
# ------------------------------------------------------------


# ------------------------------------------------------------
# DATA DUMP FOR TABLE: ico_token
# ------------------------------------------------------------


# ------------------------------------------------------------
# DATA DUMP FOR TABLE: investment
# ------------------------------------------------------------


# ------------------------------------------------------------
# DATA DUMP FOR TABLE: investment_duration
# ------------------------------------------------------------


# ------------------------------------------------------------
# DATA DUMP FOR TABLE: investment_plan
# ------------------------------------------------------------


# ------------------------------------------------------------
# DATA DUMP FOR TABLE: investment_plan_duration
# ------------------------------------------------------------


# ------------------------------------------------------------
# DATA DUMP FOR TABLE: invoice
# ------------------------------------------------------------


# ------------------------------------------------------------
# DATA DUMP FOR TABLE: kyc
# ------------------------------------------------------------


# ------------------------------------------------------------
# DATA DUMP FOR TABLE: kyc_template
# ------------------------------------------------------------

INSERT INTO
  `kyc_template` (`id`, `title`, `options`, `status`, `customOptions`)
VALUES
  (
    'dfd9d696-1e5d-44ab-9986-a4f8f6ef47ea',
    'KYC',
    '\"{\\\"firstName\\\":{\\\"enabled\\\":true,\\\"required\\\":false,\\\"level\\\":\\\"1\\\"},\\\"lastName\\\":{\\\"enabled\\\":true,\\\"required\\\":false,\\\"level\\\":\\\"1\\\"},\\\"email\\\":{\\\"enabled\\\":true,\\\"required\\\":false,\\\"level\\\":\\\"1\\\"},\\\"phone\\\":{\\\"enabled\\\":true,\\\"required\\\":false,\\\"level\\\":\\\"1\\\"},\\\"address\\\":{\\\"enabled\\\":true,\\\"required\\\":false,\\\"level\\\":\\\"1\\\"},\\\"city\\\":{\\\"enabled\\\":true,\\\"required\\\":false,\\\"level\\\":\\\"1\\\"},\\\"state\\\":{\\\"enabled\\\":false,\\\"required\\\":false,\\\"level\\\":\\\"1\\\"},\\\"country\\\":{\\\"enabled\\\":true,\\\"required\\\":false,\\\"level\\\":\\\"1\\\"},\\\"zip\\\":{\\\"enabled\\\":true,\\\"required\\\":false,\\\"level\\\":\\\"1\\\"},\\\"dob\\\":{\\\"enabled\\\":true,\\\"required\\\":false,\\\"level\\\":\\\"1\\\"},\\\"ssn\\\":{\\\"enabled\\\":false,\\\"required\\\":false,\\\"level\\\":\\\"1\\\"},\\\"documentPassport\\\":{\\\"enabled\\\":false,\\\"required\\\":false,\\\"level\\\":\\\"1\\\"},\\\"documentDriversLicense\\\":{\\\"enabled\\\":false,\\\"required\\\":false,\\\"level\\\":\\\"1\\\"},\\\"documentIdCard\\\":{\\\"enabled\\\":true,\\\"required\\\":false,\\\"level\\\":\\\"1\\\"}}\"',
    1,
    '\"{}\"'
  );

# ------------------------------------------------------------
# DATA DUMP FOR TABLE: mailwizard_block
# ------------------------------------------------------------


# ------------------------------------------------------------
# DATA DUMP FOR TABLE: mailwizard_campaign
# ------------------------------------------------------------


# ------------------------------------------------------------
# DATA DUMP FOR TABLE: mailwizard_template
# ------------------------------------------------------------


# ------------------------------------------------------------
# DATA DUMP FOR TABLE: mlm_binary_node
# ------------------------------------------------------------


# ------------------------------------------------------------
# DATA DUMP FOR TABLE: mlm_referral
# ------------------------------------------------------------


# ------------------------------------------------------------
# DATA DUMP FOR TABLE: mlm_referral_condition
# ------------------------------------------------------------

INSERT INTO
  `mlm_referral_condition` (
    `id`,
    `name`,
    `title`,
    `description`,
    `type`,
    `reward`,
    `rewardType`,
    `rewardWalletType`,
    `rewardCurrency`,
    `rewardChain`,
    `status`,
    `image`
  )
VALUES
  (
    '21063caf-1e7e-4b23-8ca4-46fa3c733af5',
    'INVESTMENT',
    'Investment Bonus',
    'A bonus for investing in the company.',
    'INVESTMENT',
    5,
    'PERCENTAGE',
    'FIAT',
    'USD',
    NULL,
    1,
    NULL
  );
INSERT INTO
  `mlm_referral_condition` (
    `id`,
    `name`,
    `title`,
    `description`,
    `type`,
    `reward`,
    `rewardType`,
    `rewardWalletType`,
    `rewardCurrency`,
    `rewardChain`,
    `status`,
    `image`
  )
VALUES
  (
    '2df0288b-b6aa-4ee1-8b57-0ff202636c48',
    'ICO_CONTRIBUTION',
    'ICO Participation Bonus',
    'A special bonus for contributing to an Initial Coin Offering.',
    'ICO_CONTRIBUTION',
    15,
    'PERCENTAGE',
    'FIAT',
    'USD',
    NULL,
    1,
    NULL
  );
INSERT INTO
  `mlm_referral_condition` (
    `id`,
    `name`,
    `title`,
    `description`,
    `type`,
    `reward`,
    `rewardType`,
    `rewardWalletType`,
    `rewardCurrency`,
    `rewardChain`,
    `status`,
    `image`
  )
VALUES
  (
    '42a42983-f44b-4362-9fb8-50604bcfa5e1',
    'MONTHLY_TRADE_VOLUME',
    'Monthly Trade Volume Bonus',
    'A reward for users who trade more than 1,000 USDT in a month.',
    'TRADE',
    50,
    'FIXED',
    'FIAT',
    'USD',
    NULL,
    1,
    NULL
  );
INSERT INTO
  `mlm_referral_condition` (
    `id`,
    `name`,
    `title`,
    `description`,
    `type`,
    `reward`,
    `rewardType`,
    `rewardWalletType`,
    `rewardCurrency`,
    `rewardChain`,
    `status`,
    `image`
  )
VALUES
  (
    '4d582885-5e0f-453f-908c-36b65f5f0726',
    'FOREX_INVESTMENT',
    'Forex Investment Bonus',
    'Bonus for investing in Forex.',
    'FOREX_INVESTMENT',
    100,
    'FIXED',
    'FIAT',
    'USD',
    NULL,
    1,
    NULL
  );
INSERT INTO
  `mlm_referral_condition` (
    `id`,
    `name`,
    `title`,
    `description`,
    `type`,
    `reward`,
    `rewardType`,
    `rewardWalletType`,
    `rewardCurrency`,
    `rewardChain`,
    `status`,
    `image`
  )
VALUES
  (
    '53933aa9-1c89-4c23-b303-7f2500000410',
    'STAKING_LOYALTY',
    'Staking Loyalty Bonus',
    'A loyalty bonus for users who stake their coins for a certain period.',
    'STAKING',
    3,
    'PERCENTAGE',
    'FIAT',
    'USD',
    NULL,
    1,
    NULL
  );
INSERT INTO
  `mlm_referral_condition` (
    `id`,
    `name`,
    `title`,
    `description`,
    `type`,
    `reward`,
    `rewardType`,
    `rewardWalletType`,
    `rewardCurrency`,
    `rewardChain`,
    `status`,
    `image`
  )
VALUES
  (
    '5cc380ef-fc3e-42c7-a45e-5c38f3fbbf6c',
    'WELCOME_BONUS',
    'Welcome Deposit Bonus',
    'A welcome bonus for the first deposit of at least 100 USDT',
    'DEPOSIT',
    10,
    'PERCENTAGE',
    'FIAT',
    'USD',
    NULL,
    1,
    NULL
  );
INSERT INTO
  `mlm_referral_condition` (
    `id`,
    `name`,
    `title`,
    `description`,
    `type`,
    `reward`,
    `rewardType`,
    `rewardWalletType`,
    `rewardCurrency`,
    `rewardChain`,
    `status`,
    `image`
  )
VALUES
  (
    '6c4ccac9-161f-4e01-8234-b2048137e3ed',
    'ECOMMERCE_PURCHASE',
    'Ecommerce Shopping Reward',
    'Cashback reward for purchases made on the ecommerce platform.',
    'ECOMMERCE_PURCHASE',
    5,
    'PERCENTAGE',
    'FIAT',
    'USD',
    NULL,
    1,
    NULL
  );
INSERT INTO
  `mlm_referral_condition` (
    `id`,
    `name`,
    `title`,
    `description`,
    `type`,
    `reward`,
    `rewardType`,
    `rewardWalletType`,
    `rewardCurrency`,
    `rewardChain`,
    `status`,
    `image`
  )
VALUES
  (
    '84442db6-43cf-4b24-9078-e31a82979927',
    'TRADE_COMMISSION',
    'Trade Commission Reward',
    'A commission for the broker on every trade executed.',
    'TRADE',
    0.1,
    'PERCENTAGE',
    'FIAT',
    'USD',
    NULL,
    1,
    NULL
  );
INSERT INTO
  `mlm_referral_condition` (
    `id`,
    `name`,
    `title`,
    `description`,
    `type`,
    `reward`,
    `rewardType`,
    `rewardWalletType`,
    `rewardCurrency`,
    `rewardChain`,
    `status`,
    `image`
  )
VALUES
  (
    'a6967f09-373c-4a0d-a5dc-1c9d35784750',
    'AI_INVESTMENT',
    'AI Managed Portfolio Bonus',
    'Bonus for investing in AI managed portfolios.',
    'AI_INVESTMENT',
    2,
    'PERCENTAGE',
    'FIAT',
    'USD',
    NULL,
    1,
    NULL
  );
INSERT INTO
  `mlm_referral_condition` (
    `id`,
    `name`,
    `title`,
    `description`,
    `type`,
    `reward`,
    `rewardType`,
    `rewardWalletType`,
    `rewardCurrency`,
    `rewardChain`,
    `status`,
    `image`
  )
VALUES
  (
    'c849fad8-bb96-4975-bd3a-9baa087aa6f9',
    'P2P_TRADE',
    'P2P Trading Reward',
    'A reward for trading on the P2P platform.',
    'P2P_TRADE',
    1,
    'PERCENTAGE',
    'FIAT',
    'USD',
    NULL,
    1,
    NULL
  );

# ------------------------------------------------------------
# DATA DUMP FOR TABLE: mlm_referral_reward
# ------------------------------------------------------------


# ------------------------------------------------------------
# DATA DUMP FOR TABLE: mlm_unilevel_node
# ------------------------------------------------------------


# ------------------------------------------------------------
# DATA DUMP FOR TABLE: notification
# ------------------------------------------------------------

INSERT INTO
  `notification` (
    `id`,
    `userId`,
    `type`,
    `title`,
    `message`,
    `link`,
    `createdAt`,
    `updatedAt`
  )
VALUES
  (
    '3b0d4d25-a424-4dcb-b1bd-dab15ce8d73b',
    '5043cffe-2bdb-4385-93b4-dddb6dc2f97a',
    'ACTIVITY',
    'Deposit Confirmation',
    'Your deposit of 14 USDT has been confirmed.',
    NULL,
    '2024-10-04 21:17:56',
    '2024-10-04 21:17:56'
  );

# ------------------------------------------------------------
# DATA DUMP FOR TABLE: notification_template
# ------------------------------------------------------------

INSERT INTO
  `notification_template` (
    `id`,
    `name`,
    `subject`,
    `emailBody`,
    `smsBody`,
    `pushBody`,
    `shortCodes`,
    `email`,
    `sms`,
    `push`
  )
VALUES
  (
    1,
    'EmailVerification',
    'Please verify your email',
    '<p>Dear %FIRSTNAME%,</p>\n      <p>You recently created an account at %URL% on %CREATED_AT%. Please verify your email to continue with your account. Please use the following token to verify your email:</p>\n      <p>%TOKEN%</p>\n      <p>Alternatively, you can click the following link to verify your email:</p>\n      <p>%URL%/login?token=%TOKEN%</p>\n      <p>If you did not create an account, please disregard this email.</p>',
    NULL,
    NULL,
    '[\"FIRSTNAME\",\"CREATED_AT\",\"TOKEN\"]',
    1,
    0,
    0
  );
INSERT INTO
  `notification_template` (
    `id`,
    `name`,
    `subject`,
    `emailBody`,
    `smsBody`,
    `pushBody`,
    `shortCodes`,
    `email`,
    `sms`,
    `push`
  )
VALUES
  (
    2,
    'PasswordReset',
    'Password Reset Request',
    '<p>Dear %FIRSTNAME%,</p><p>You requested to reset your password. Please follow the link below. If you did not request to reset your password, disregard this email. Your last login time was: %LAST_LOGIN%.</p><p>This is a one-time password link that will reveal a temporary password.</p><p>Password reset link: %URL%/reset?token=%TOKEN%</p>',
    NULL,
    NULL,
    '[\"FIRSTNAME\",\"LAST_LOGIN\",\"TOKEN\"]',
    1,
    0,
    0
  );
INSERT INTO
  `notification_template` (
    `id`,
    `name`,
    `subject`,
    `emailBody`,
    `smsBody`,
    `pushBody`,
    `shortCodes`,
    `email`,
    `sms`,
    `push`
  )
VALUES
  (
    3,
    'EmailTest',
    'Email System Test',
    '<p>Dear %FIRSTNAME%,</p><p>Your email system at %URL% is working as expected. This test email was sent on %TIME%.</p><p>If you did not expect this email, please contact support.</p>',
    NULL,
    NULL,
    '[\"FIRSTNAME\",\"TIME\"]',
    1,
    0,
    0
  );
INSERT INTO
  `notification_template` (
    `id`,
    `name`,
    `subject`,
    `emailBody`,
    `smsBody`,
    `pushBody`,
    `shortCodes`,
    `email`,
    `sms`,
    `push`
  )
VALUES
  (
    4,
    'KycSubmission',
    'KYC Submission Confirmation',
    '<p>Dear %FIRSTNAME%,</p><p>Thank you for submitting your KYC application on %CREATED_AT%. Your application is now under review.</p><p>Level: %LEVEL%</p><p>Status: %STATUS%</p>',
    NULL,
    NULL,
    '[\"FIRSTNAME\",\"CREATED_AT\",\"LEVEL\",\"STATUS\"]',
    1,
    0,
    0
  );
INSERT INTO
  `notification_template` (
    `id`,
    `name`,
    `subject`,
    `emailBody`,
    `smsBody`,
    `pushBody`,
    `shortCodes`,
    `email`,
    `sms`,
    `push`
  )
VALUES
  (
    5,
    'KycUpdate',
    'KYC Update Confirmation',
    '<p>Dear %FIRSTNAME%,</p><p>Your KYC application has been updated on %UPDATED_AT%. It is now under review again.</p><p>Updated Level: %LEVEL%</p><p>Status: %STATUS%</p>',
    NULL,
    NULL,
    '[\"FIRSTNAME\",\"UPDATED_AT\",\"LEVEL\",\"STATUS\"]',
    1,
    0,
    0
  );
INSERT INTO
  `notification_template` (
    `id`,
    `name`,
    `subject`,
    `emailBody`,
    `smsBody`,
    `pushBody`,
    `shortCodes`,
    `email`,
    `sms`,
    `push`
  )
VALUES
  (
    6,
    'KycApproved',
    'Your KYC Application has been Approved',
    '<p>Dear %FIRSTNAME%,</p><p>Your KYC application submitted on %UPDATED_AT% has been approved.</p><p>Your current level is: %LEVEL%</p><p>Thank you for your cooperation.</p><p>Best regards,</p><p> YourSupport Team</p>',
    NULL,
    NULL,
    '[\"FIRSTNAME\",\"UPDATED_AT\",\"LEVEL\"]',
    1,
    0,
    0
  );
INSERT INTO
  `notification_template` (
    `id`,
    `name`,
    `subject`,
    `emailBody`,
    `smsBody`,
    `pushBody`,
    `shortCodes`,
    `email`,
    `sms`,
    `push`
  )
VALUES
  (
    7,
    'KycRejected',
    'Your KYC Application has been Rejected',
    '<p>Dear %FIRSTNAME%,</p><p>Unfortunately, your KYC application submitted on %UPDATED_AT% has been rejected.</p><p>Reason: %MESSAGE%</p><p>Please contact our support team for more information.</p><p>Best regards,</p><p>Your Support Team</p>',
    NULL,
    NULL,
    '[\"FIRSTNAME\",\"UPDATED_AT\",\"MESSAGE\",\"LEVEL\"]',
    1,
    0,
    0
  );
INSERT INTO
  `notification_template` (
    `id`,
    `name`,
    `subject`,
    `emailBody`,
    `smsBody`,
    `pushBody`,
    `shortCodes`,
    `email`,
    `sms`,
    `push`
  )
VALUES
  (
    8,
    'NewInvestmentCreated',
    'New Investment Created',
    '<p>Dear %FIRSTNAME%,</p><p>You have successfully created a new investment in the %PLAN_NAME% plan.</p><p>Amount Invested: %AMOUNT%</p><p>Duration: %DURATION% %TIMEFRAME%</p><p>Status: %STATUS%</p>',
    NULL,
    NULL,
    '[\"FIRSTNAME\",\"PLAN_NAME\",\"AMOUNT\",\"DURATION\",\"TIMEFRAME\",\"STATUS\"]',
    1,
    0,
    0
  );
INSERT INTO
  `notification_template` (
    `id`,
    `name`,
    `subject`,
    `emailBody`,
    `smsBody`,
    `pushBody`,
    `shortCodes`,
    `email`,
    `sms`,
    `push`
  )
VALUES
  (
    9,
    'InvestmentUpdated',
    'Investment Updated',
    '<p>Dear %FIRSTNAME%,</p><p>Your investment in the %PLAN_NAME% plan has been updated.</p><p>Amount: %AMOUNT% %CURRENCY%</p><p>Status: %STATUS%</p>',
    NULL,
    NULL,
    '[\"FIRSTNAME\",\"PLAN_NAME\",\"AMOUNT\",\"CURRENCY\",\"STATUS\"]',
    1,
    0,
    0
  );
INSERT INTO
  `notification_template` (
    `id`,
    `name`,
    `subject`,
    `emailBody`,
    `smsBody`,
    `pushBody`,
    `shortCodes`,
    `email`,
    `sms`,
    `push`
  )
VALUES
  (
    10,
    'InvestmentCanceled',
    'Investment Canceled',
    '<p>Dear %FIRSTNAME%,</p><p>Your investment in the %PLAN_NAME% plan has been canceled.</p><p>Amount Returned: %AMOUNT% %CURRENCY%</p><p>Status: %STATUS%</p>',
    NULL,
    NULL,
    '[\"FIRSTNAME\",\"PLAN_NAME\",\"AMOUNT\",\"CURRENCY\",\"STATUS\"]',
    1,
    0,
    0
  );
INSERT INTO
  `notification_template` (
    `id`,
    `name`,
    `subject`,
    `emailBody`,
    `smsBody`,
    `pushBody`,
    `shortCodes`,
    `email`,
    `sms`,
    `push`
  )
VALUES
  (
    11,
    'UserMessage',
    'New Message From Support',
    '<p>Dear %RECEIVER_NAME%,</p><p>You have a new message from our support team regarding ticket ID: %TICKET_ID%.</p><p>Message:</p><p>%MESSAGE%</p><p>Best regards,</p><p>Your Support Team</p>',
    NULL,
    NULL,
    '[\"RECEIVER_NAME\",\"TICKET_ID\",\"MESSAGE\"]',
    1,
    0,
    0
  );
INSERT INTO
  `notification_template` (
    `id`,
    `name`,
    `subject`,
    `emailBody`,
    `smsBody`,
    `pushBody`,
    `shortCodes`,
    `email`,
    `sms`,
    `push`
  )
VALUES
  (
    12,
    'SupportMessage',
    'New User Message',
    '<p>Dear %RECEIVER_NAME%,</p><p>You have a new message from %SENDER_NAME% regarding ticket ID: %TICKET_ID%.</p><p>Message:</p><p>%MESSAGE%</p><p>Best regards,</p><p>Your Support Team</p>',
    NULL,
    NULL,
    '[\"RECEIVER_NAME\",\"SENDER_NAME\",\"TICKET_ID\",\"MESSAGE\"]',
    1,
    0,
    0
  );
INSERT INTO
  `notification_template` (
    `id`,
    `name`,
    `subject`,
    `emailBody`,
    `smsBody`,
    `pushBody`,
    `shortCodes`,
    `email`,
    `sms`,
    `push`
  )
VALUES
  (
    13,
    'FiatWalletTransaction',
    'Transaction Alert: %TRANSACTION_TYPE%',
    '<p>Dear %FIRSTNAME%,</p><p>You have recently made a %TRANSACTION_TYPE% transaction.</p><p>Details:</p><ul><li>Transaction ID: %TRANSACTION_ID%</li><li>Amount: %AMOUNT% %CURRENCY%</li><li>Status: %TRANSACTION_STATUS%</li><li>Current Wallet Balance: %NEW_BALANCE% %CURRENCY%</li><li>Description: %DESCRIPTION%</li></ul><p>Best regards,</p><p>Your Support Team</p>',
    NULL,
    NULL,
    '[\"FIRSTNAME\",\"TRANSACTION_TYPE\",\"TRANSACTION_ID\",\"AMOUNT\",\"CURRENCY\",\"TRANSACTION_STATUS\",\"NEW_BALANCE\",\"DESCRIPTION\"]',
    1,
    0,
    0
  );
INSERT INTO
  `notification_template` (
    `id`,
    `name`,
    `subject`,
    `emailBody`,
    `smsBody`,
    `pushBody`,
    `shortCodes`,
    `email`,
    `sms`,
    `push`
  )
VALUES
  (
    14,
    'BinaryOrderResult',
    'Binary Order Result: %RESULT%',
    '<p>Dear %FIRSTNAME%,</p><p>Here is the outcome of your recent binary order (ID: %ORDER_ID%).</p><p><strong>Order Details:</strong></p><ul>  <li><strong>Market:</strong> %MARKET%</li>  <li><strong>Amount:</strong> %AMOUNT% %CURRENCY%</li>  <li><strong>Entry Price:</strong> %ENTRY_PRICE%</li>  <li><strong>Closed at Price:</strong> %CLOSE_PRICE%</li></ul><p><strong>Order Outcome:</strong></p><ul>  <li><strong>Result:</strong> %RESULT%</li>  <li><strong>Profit/Loss:</strong> %PROFIT% %CURRENCY%</li>  <li><strong>Side:</strong> %SIDE%</li></ul><p>Thank you for using our platform.</p><p>Best regards,</p><p>Your Support Team</p>',
    NULL,
    NULL,
    '[\"FIRSTNAME\",\"ORDER_ID\",\"RESULT\",\"MARKET\",\"AMOUNT\",\"PROFIT\",\"SIDE\",\"CURRENCY\",\"ENTRY_PRICE\",\"CLOSE_PRICE\"]',
    1,
    0,
    0
  );
INSERT INTO
  `notification_template` (
    `id`,
    `name`,
    `subject`,
    `emailBody`,
    `smsBody`,
    `pushBody`,
    `shortCodes`,
    `email`,
    `sms`,
    `push`
  )
VALUES
  (
    15,
    'WalletBalanceUpdate',
    'Wallet Balance Update',
    '<p>Hello %FIRSTNAME%,</p><p>Your wallet balance has been %ACTION% by an admin.</p><p>Details:</p><ul><li>Action: %ACTION%</li><li>Amount: %AMOUNT% %CURRENCY%</li><li>New Balance: %NEW_BALANCE% %CURRENCY%</li></ul><p>Best regards,</p><p>Your Support Team</p>',
    NULL,
    NULL,
    '[\"FIRSTNAME\",\"ACTION\",\"AMOUNT\",\"CURRENCY\",\"NEW_BALANCE\"]',
    1,
    0,
    0
  );
INSERT INTO
  `notification_template` (
    `id`,
    `name`,
    `subject`,
    `emailBody`,
    `smsBody`,
    `pushBody`,
    `shortCodes`,
    `email`,
    `sms`,
    `push`
  )
VALUES
  (
    16,
    'TransactionStatusUpdate',
    'Transaction Status Update: %TRANSACTION_TYPE%',
    '<p>Hello %FIRSTNAME%,</p><p>Your transaction of type %TRANSACTION_TYPE% has been updated.</p><p>Details:</p><ul><li>Transaction ID: %TRANSACTION_ID%</li><li>Status: %TRANSACTION_STATUS%</li><li>Amount: %AMOUNT% %CURRENCY%</li><li>Updated Balance: %NEW_BALANCE% %CURRENCY%</li><li>Note: %NOTE%</li></ul><p>Best regards,</p><p>Your Support Team</p>',
    NULL,
    NULL,
    '[\"FIRSTNAME\",\"TRANSACTION_TYPE\",\"TRANSACTION_ID\",\"TRANSACTION_STATUS\",\"AMOUNT\",\"CURRENCY\",\"NEW_BALANCE\",\"NOTE\"]',
    1,
    0,
    0
  );
INSERT INTO
  `notification_template` (
    `id`,
    `name`,
    `subject`,
    `emailBody`,
    `smsBody`,
    `pushBody`,
    `shortCodes`,
    `email`,
    `sms`,
    `push`
  )
VALUES
  (
    17,
    'AuthorStatusUpdate',
    'Author Application Status: %AUTHOR_STATUS%',
    '<p>Hello %FIRSTNAME%,</p><p>Your application to join our Authorship Program has been %AUTHOR_STATUS%.</p><p>Details:</p><ul><li>Application ID: %APPLICATION_ID%</li><li>Status: %AUTHOR_STATUS%</li></ul><p>Best regards,</p><p>Your Support Team</p>',
    NULL,
    NULL,
    '[\"FIRSTNAME\",\"AUTHOR_STATUS\",\"APPLICATION_ID\"]',
    1,
    0,
    0
  );
INSERT INTO
  `notification_template` (
    `id`,
    `name`,
    `subject`,
    `emailBody`,
    `smsBody`,
    `pushBody`,
    `shortCodes`,
    `email`,
    `sms`,
    `push`
  )
VALUES
  (
    18,
    'OutgoingWalletTransfer',
    'Outgoing Wallet Transfer Confirmation',
    '<p>Hello %FIRSTNAME%,</p><p>You have successfully transferred %AMOUNT% %CURRENCY% to %RECIPIENT_NAME%.</p><p>Your new balance: %NEW_BALANCE% %CURRENCY%</p><p>Transaction ID: %TRANSACTION_ID%</p>',
    NULL,
    NULL,
    '[\"FIRSTNAME\",\"AMOUNT\",\"CURRENCY\",\"NEW_BALANCE\",\"TRANSACTION_ID\",\"RECIPIENT_NAME\"]',
    1,
    0,
    0
  );
INSERT INTO
  `notification_template` (
    `id`,
    `name`,
    `subject`,
    `emailBody`,
    `smsBody`,
    `pushBody`,
    `shortCodes`,
    `email`,
    `sms`,
    `push`
  )
VALUES
  (
    19,
    'IncomingWalletTransfer',
    'Incoming Wallet Transfer Confirmation',
    '<p>Hello %FIRSTNAME%,</p><p>You have received %AMOUNT% %CURRENCY% from %SENDER_NAME%.</p><p>Your new balance: %NEW_BALANCE% %CURRENCY%</p><p>Transaction ID: %TRANSACTION_ID%</p>',
    NULL,
    NULL,
    '[\"FIRSTNAME\",\"AMOUNT\",\"CURRENCY\",\"NEW_BALANCE\",\"TRANSACTION_ID\",\"SENDER_NAME\"]',
    1,
    0,
    0
  );
INSERT INTO
  `notification_template` (
    `id`,
    `name`,
    `subject`,
    `emailBody`,
    `smsBody`,
    `pushBody`,
    `shortCodes`,
    `email`,
    `sms`,
    `push`
  )
VALUES
  (
    20,
    'SpotWalletWithdrawalConfirmation',
    'Spot Wallet Withdrawal',
    '<p>Dear %FIRSTNAME%,</p><p>You have successfully initiated a withdrawal from your Spot Wallet.</p><p>Details:</p><ul><li>Amount: %AMOUNT% %CURRENCY%</li><li>Address: %ADDRESS%</li><li>Transaction Fee: %FEE%</li><li>Network Chain: %CHAIN%</li><li>Memo: %MEMO%</li><li>Status: %STATUS%</li></ul><p>If you did not make this request, please contact our support immediately.</p><p>Best regards,</p><p>Your Support Team</p>',
    NULL,
    NULL,
    '[\"FIRSTNAME\",\"AMOUNT\",\"CURRENCY\",\"ADDRESS\",\"FEE\",\"CHAIN\",\"MEMO\",\"STATUS\"]',
    1,
    0,
    0
  );
INSERT INTO
  `notification_template` (
    `id`,
    `name`,
    `subject`,
    `emailBody`,
    `smsBody`,
    `pushBody`,
    `shortCodes`,
    `email`,
    `sms`,
    `push`
  )
VALUES
  (
    21,
    'SpotWalletDepositConfirmation',
    'Spot Wallet Deposit',
    '<p>Dear %FIRSTNAME%,</p><p>Your spot wallet deposit has been successfully processed.</p><p>Details:</p><ul><li>Transaction ID: %TRANSACTION_ID%</li><li>Amount: %AMOUNT% %CURRENCY%</li><li>Network Chain: %CHAIN%</li><li>Transaction Fee: %FEE%</li><li>Status: COMPLETED</li></ul><p>If you did not make this deposit, please contact our support immediately.</p><p>Best regards,</p><p>Your Support Team</p>',
    NULL,
    NULL,
    '[\"FIRSTNAME\",\"TRANSACTION_ID\",\"AMOUNT\",\"CURRENCY\",\"CHAIN\",\"FEE\"]',
    1,
    0,
    0
  );
INSERT INTO
  `notification_template` (
    `id`,
    `name`,
    `subject`,
    `emailBody`,
    `smsBody`,
    `pushBody`,
    `shortCodes`,
    `email`,
    `sms`,
    `push`
  )
VALUES
  (
    22,
    'NewAiInvestmentCreated',
    'New AI Investment Initiated',
    '<p>Dear %FIRSTNAME%,</p><p>You have successfully created a new AI investment in the %PLAN_NAME% plan.</p><p>Amount Invested: %AMOUNT% %CURRENCY%</p><p>Duration: %DURATION% %TIMEFRAME%</p><p>Status: %STATUS%</p>',
    NULL,
    NULL,
    '[\"FIRSTNAME\",\"PLAN_NAME\",\"AMOUNT\",\"CURRENCY\",\"DURATION\",\"TIMEFRAME\",\"STATUS\"]',
    1,
    0,
    0
  );
INSERT INTO
  `notification_template` (
    `id`,
    `name`,
    `subject`,
    `emailBody`,
    `smsBody`,
    `pushBody`,
    `shortCodes`,
    `email`,
    `sms`,
    `push`
  )
VALUES
  (
    23,
    'AiInvestmentCompleted',
    'AI Investment Completed',
    '<p>Dear %FIRSTNAME%,</p><p>Your AI investment in the %PLAN_NAME% plan has been completed.</p><p>Invested Amount: %AMOUNT% %CURRENCY%</p><p>Result: %PROFIT% %CURRENCY%</p><p>Status: %STATUS%</p>',
    NULL,
    NULL,
    '[\"FIRSTNAME\",\"PLAN_NAME\",\"AMOUNT\",\"PROFIT\",\"CURRENCY\",\"STATUS\"]',
    1,
    0,
    0
  );
INSERT INTO
  `notification_template` (
    `id`,
    `name`,
    `subject`,
    `emailBody`,
    `smsBody`,
    `pushBody`,
    `shortCodes`,
    `email`,
    `sms`,
    `push`
  )
VALUES
  (
    24,
    'AiInvestmentCanceled',
    'AI Investment Canceled',
    '<p>Dear %FIRSTNAME%,</p><p>Your AI investment in the %PLAN_NAME% plan has been canceled.</p><p>Amount Refunded: %AMOUNT% %CURRENCY%</p><p>Status: %STATUS%</p>',
    NULL,
    NULL,
    '[\"FIRSTNAME\",\"PLAN_NAME\",\"AMOUNT\",\"CURRENCY\",\"STATUS\"]',
    1,
    0,
    0
  );
INSERT INTO
  `notification_template` (
    `id`,
    `name`,
    `subject`,
    `emailBody`,
    `smsBody`,
    `pushBody`,
    `shortCodes`,
    `email`,
    `sms`,
    `push`
  )
VALUES
  (
    25,
    'WithdrawalStatus',
    'Withdrawal Status: %STATUS%',
    '<p>Dear %FIRSTNAME%,</p><p>Your withdrawal request has been %STATUS%.</p><p>If the withdrawal is canceled, the reason is: %REASON%.</p><p>Transaction ID: %TRANSACTION_ID%</p><p>Amount: %AMOUNT% %CURRENCY%</p><p>Best regards,</p><p>Your Support Team</p>',
    NULL,
    NULL,
    '[\"FIRSTNAME\",\"STATUS\",\"REASON\",\"TRANSACTION_ID\",\"AMOUNT\",\"CURRENCY\"]',
    1,
    0,
    0
  );
INSERT INTO
  `notification_template` (
    `id`,
    `name`,
    `subject`,
    `emailBody`,
    `smsBody`,
    `pushBody`,
    `shortCodes`,
    `email`,
    `sms`,
    `push`
  )
VALUES
  (
    26,
    'DepositConfirmation',
    'Deposit Confirmation',
    '<p>Dear %FIRSTNAME%,</p><p>Your deposit has been successfully confirmed.</p><p>Transaction ID: %TRANSACTION_ID%</p><p>Amount: %AMOUNT% %CURRENCY%</p><p>Best regards,</p><p>Your Support Team</p>',
    NULL,
    NULL,
    '[\"FIRSTNAME\",\"TRANSACTION_ID\",\"AMOUNT\",\"CURRENCY\"]',
    1,
    0,
    0
  );
INSERT INTO
  `notification_template` (
    `id`,
    `name`,
    `subject`,
    `emailBody`,
    `smsBody`,
    `pushBody`,
    `shortCodes`,
    `email`,
    `sms`,
    `push`
  )
VALUES
  (
    27,
    'TransferConfirmation',
    'Transfer Confirmation',
    '<p>Dear %FIRSTNAME%,</p><p>Your transfer has been successfully completed.</p><p>Transaction ID: %TRANSACTION_ID%</p><p>Amount: %AMOUNT% %CURRENCY%</p><p>To: %RECIPIENT_NAME%</p><p>Best regards,</p><p>Your Support Team</p>',
    NULL,
    NULL,
    '[\"FIRSTNAME\",\"TRANSACTION_ID\",\"AMOUNT\",\"CURRENCY\",\"RECIPIENT_NAME\"]',
    1,
    0,
    0
  );
INSERT INTO
  `notification_template` (
    `id`,
    `name`,
    `subject`,
    `emailBody`,
    `smsBody`,
    `pushBody`,
    `shortCodes`,
    `email`,
    `sms`,
    `push`
  )
VALUES
  (
    28,
    'NewForexInvestmentCreated',
    'New Forex Investment Initiated',
    '<p>Dear %FIRSTNAME%,</p><p>You have successfully created a new Forex investment in the %PLAN_NAME% plan.</p><p>Amount Invested: %AMOUNT%</p><p>Duration: %DURATION% %TIMEFRAME%</p><p>Status: %STATUS%</p>',
    NULL,
    NULL,
    '[\"FIRSTNAME\",\"PLAN_NAME\",\"AMOUNT\",\"DURATION\",\"TIMEFRAME\",\"STATUS\"]',
    1,
    0,
    0
  );
INSERT INTO
  `notification_template` (
    `id`,
    `name`,
    `subject`,
    `emailBody`,
    `smsBody`,
    `pushBody`,
    `shortCodes`,
    `email`,
    `sms`,
    `push`
  )
VALUES
  (
    29,
    'ForexInvestmentCompleted',
    'Forex Investment Completed',
    '<p>Dear %FIRSTNAME%,</p><p>Your Forex investment in the %PLAN_NAME% plan has been completed.</p><p>Invested Amount: %AMOUNT%</p><p>Result: %PROFIT%</p><p>Status: %STATUS%</p>',
    NULL,
    NULL,
    '[\"FIRSTNAME\",\"PLAN_NAME\",\"AMOUNT\",\"PROFIT\",\"STATUS\"]',
    1,
    0,
    0
  );
INSERT INTO
  `notification_template` (
    `id`,
    `name`,
    `subject`,
    `emailBody`,
    `smsBody`,
    `pushBody`,
    `shortCodes`,
    `email`,
    `sms`,
    `push`
  )
VALUES
  (
    30,
    'ForexInvestmentCanceled',
    'Forex Investment Canceled',
    '<p>Dear %FIRSTNAME%,</p><p>Your Forex investment in the %PLAN_NAME% plan has been canceled.</p><p>Amount Refunded: %AMOUNT%</p><p>Status: %STATUS%</p>',
    NULL,
    NULL,
    '[\"FIRSTNAME\",\"PLAN_NAME\",\"AMOUNT\",\"STATUS\"]',
    1,
    0,
    0
  );
INSERT INTO
  `notification_template` (
    `id`,
    `name`,
    `subject`,
    `emailBody`,
    `smsBody`,
    `pushBody`,
    `shortCodes`,
    `email`,
    `sms`,
    `push`
  )
VALUES
  (
    31,
    'ForexDepositConfirmation',
    'Forex Deposit Confirmation',
    '<p>Dear %FIRSTNAME%,</p><p>You have successfully deposited into your Forex account.</p><p>Account ID: %ACCOUNT_ID%</p><p>Transaction ID: %TRANSACTION_ID%</p><p>Amount: %AMOUNT% %CURRENCY%</p><p>Status: %STATUS%</p><p>Best regards,</p><p>Your Support Team</p>',
    NULL,
    NULL,
    '[\"FIRSTNAME\",\"ACCOUNT_ID\",\"TRANSACTION_ID\",\"AMOUNT\",\"CURRENCY\",\"STATUS\"]',
    1,
    0,
    0
  );
INSERT INTO
  `notification_template` (
    `id`,
    `name`,
    `subject`,
    `emailBody`,
    `smsBody`,
    `pushBody`,
    `shortCodes`,
    `email`,
    `sms`,
    `push`
  )
VALUES
  (
    32,
    'ForexWithdrawalConfirmation',
    'Forex Withdrawal Confirmation',
    '<p>Dear %FIRSTNAME%,</p><p>You have successfully withdrawn from your Forex account.</p><p>Account ID: %ACCOUNT_ID%</p><p>Transaction ID: %TRANSACTION_ID%</p><p>Amount: %AMOUNT% %CURRENCY%</p><p>Status: %STATUS%</p><p>Best regards,</p><p>Your Support Team</p>',
    NULL,
    NULL,
    '[\"FIRSTNAME\",\"ACCOUNT_ID\",\"TRANSACTION_ID\",\"AMOUNT\",\"CURRENCY\",\"STATUS\"]',
    1,
    0,
    0
  );
INSERT INTO
  `notification_template` (
    `id`,
    `name`,
    `subject`,
    `emailBody`,
    `smsBody`,
    `pushBody`,
    `shortCodes`,
    `email`,
    `sms`,
    `push`
  )
VALUES
  (
    33,
    'IcoNewContribution',
    'Confirmation of Your ICO Contribution',
    '\n      <p>Dear %FIRSTNAME%,</p>\n      <p>Thank you for your contribution to the %TOKEN_NAME% ICO.</p>\n      <p>Details of your contribution:</p>\n      <ul>\n        <li>Token: %TOKEN_NAME%</li>\n        <li>Phase: %PHASE_NAME%</li>\n        <li>Amount: %AMOUNT% %CURRENCY%</li>\n        <li>Contribution Status: %CONTRIBUTION_STATUS%</li>\n        <li>Date: %DATE%</li>\n      </ul>\n      <p>If you have any questions, please feel free to reach out to us.</p>\n      <p>Best regards,</p>\n      <p>Your Support Team</p>\n    ',
    NULL,
    NULL,
    '[\"FIRSTNAME\",\"TOKEN_NAME\",\"PHASE_NAME\",\"AMOUNT\",\"CURRENCY\",\"CONTRIBUTION_STATUS\",\"DATE\"]',
    1,
    0,
    0
  );
INSERT INTO
  `notification_template` (
    `id`,
    `name`,
    `subject`,
    `emailBody`,
    `smsBody`,
    `pushBody`,
    `shortCodes`,
    `email`,
    `sms`,
    `push`
  )
VALUES
  (
    34,
    'IcoContributionPaid',
    'Your ICO Contribution Tokens Have Been Dispatched',
    '\n      <p>Dear %FIRSTNAME%,</p>\n      <p>We are pleased to inform you that the tokens for your contribution to the %TOKEN_NAME% ICO have been dispatched.</p>\n      <p>Details of your transaction:</p>\n      <ul>\n        <li>Token: %TOKEN_NAME%</li>\n        <li>Phase: %PHASE_NAME%</li>\n        <li>Amount: %AMOUNT% %CURRENCY%</li>\n        <li>Transaction ID: %TRANSACTION_ID%</li>\n        <li>Date: %DATE%</li>\n      </ul>\n      <p>Please check your wallet to confirm the receipt of your tokens.</p>\n      <p>If you have any questions or did not receive your tokens, please contact support immediately.</p>\n      <p>Best regards,</p>\n      <p>Your Support Team</p>\n    ',
    NULL,
    NULL,
    '[\"FIRSTNAME\",\"TOKEN_NAME\",\"PHASE_NAME\",\"AMOUNT\",\"CURRENCY\",\"TRANSACTION_ID\",\"DATE\"]',
    1,
    0,
    0
  );
INSERT INTO
  `notification_template` (
    `id`,
    `name`,
    `subject`,
    `emailBody`,
    `smsBody`,
    `pushBody`,
    `shortCodes`,
    `email`,
    `sms`,
    `push`
  )
VALUES
  (
    35,
    'StakingInitiationConfirmation',
    'Confirmation of Your Staking Initiation',
    '\n      <p>Dear %FIRSTNAME%,</p>\n      <p>Your staking has been successfully initiated.</p>\n      <p>Details of your stake:</p>\n      <ul>\n        <li>Token: %TOKEN_NAME%</li>\n        <li>Amount: %STAKE_AMOUNT% %TOKEN_SYMBOL%</li>\n        <li>Stake Date: %STAKE_DATE%</li>\n        <li>Release Date: %RELEASE_DATE%</li>\n        <li>Expected Reward: %EXPECTED_REWARD% %TOKEN_SYMBOL%</li>\n      </ul>\n      <p>Your funds are now earning rewards!</p>\n      <p>If you have any questions, please feel free to reach out to us.</p>\n      <p>Best regards,</p>\n      <p>Your Support Team</p>\n    ',
    NULL,
    NULL,
    '[\"FIRSTNAME\",\"TOKEN_NAME\",\"STAKE_AMOUNT\",\"TOKEN_SYMBOL\",\"STAKE_DATE\",\"RELEASE_DATE\",\"EXPECTED_REWARD\"]',
    1,
    0,
    0
  );
INSERT INTO
  `notification_template` (
    `id`,
    `name`,
    `subject`,
    `emailBody`,
    `smsBody`,
    `pushBody`,
    `shortCodes`,
    `email`,
    `sms`,
    `push`
  )
VALUES
  (
    36,
    'StakingRewardDistribution',
    'Your Staking Rewards Have Been Distributed',
    '\n      <p>Dear %FIRSTNAME%,</p>\n      <p>We are pleased to inform you that rewards for your staking have been distributed to your account.</p>\n      <p>Details of the reward distribution:</p>\n      <ul>\n        <li>Token: %TOKEN_NAME%</li>\n        <li>Reward Amount: %REWARD_AMOUNT% %TOKEN_SYMBOL%</li>\n        <li>Distribution Date: %DISTRIBUTION_DATE%</li>\n      </ul>\n      <p>Thank you for staking with us, and enjoy your earnings!</p>\n      <p>If you have any questions or concerns about your rewards, please contact support.</p>\n      <p>Best regards,</p>\n      <p>Your Support Team</p>\n    ',
    NULL,
    NULL,
    '[\"FIRSTNAME\",\"TOKEN_NAME\",\"REWARD_AMOUNT\",\"TOKEN_SYMBOL\",\"DISTRIBUTION_DATE\"]',
    1,
    0,
    0
  );
INSERT INTO
  `notification_template` (
    `id`,
    `name`,
    `subject`,
    `emailBody`,
    `smsBody`,
    `pushBody`,
    `shortCodes`,
    `email`,
    `sms`,
    `push`
  )
VALUES
  (
    37,
    'OrderConfirmation',
    'Thank You for Your Order!',
    '\n      <p>Dear %CUSTOMER_NAME%,</p>\n      <p>Thank you for shopping with us. Your order has been successfully placed.</p>\n      <p>Order Details:</p>\n      <ul>\n        <li>Order Number: %ORDER_NUMBER%</li>\n        <li>Order Date: %ORDER_DATE%</li>\n        <li>Total Amount: %ORDER_TOTAL%</li>\n      </ul>\n      <p>You can track your order status in your account.</p>\n      <p>If you have any questions, please contact our customer service team.</p>\n      <p>Best regards,</p>\n      <p>Your Support Team</p>\n    ',
    NULL,
    NULL,
    '[\"CUSTOMER_NAME\",\"ORDER_NUMBER\",\"ORDER_DATE\",\"ORDER_TOTAL\"]',
    1,
    0,
    0
  );
INSERT INTO
  `notification_template` (
    `id`,
    `name`,
    `subject`,
    `emailBody`,
    `smsBody`,
    `pushBody`,
    `shortCodes`,
    `email`,
    `sms`,
    `push`
  )
VALUES
  (
    38,
    'OrderStatusUpdate',
    'Update on Your Order - Action Required',
    '\n      <p>Dear %CUSTOMER_NAME%,</p>\n      <p>Your recent order with us (Order No: %ORDER_NUMBER%) has been updated to %ORDER_STATUS%.</p>\n      <p>Please find below the details of your purchase:</p>\n      <ul>\n        %PRODUCT_DETAILS%\n      </ul>\n      <p>If your order status is \'COMPLETED\', your product keys (if applicable) are available and can be accessed through your account or the provided links.</p>\n      <p>If you have any questions or require further assistance, please do not hesitate to contact our support team.</p>\n      <p>Thank you for choosing our services!</p>\n      <p>Best regards,</p>\n      <p>Your Support Team</p>\n    ',
    NULL,
    NULL,
    '[\"CUSTOMER_NAME\",\"ORDER_NUMBER\",\"ORDER_STATUS\",\"PRODUCT_DETAILS\"]',
    1,
    0,
    0
  );
INSERT INTO
  `notification_template` (
    `id`,
    `name`,
    `subject`,
    `emailBody`,
    `smsBody`,
    `pushBody`,
    `shortCodes`,
    `email`,
    `sms`,
    `push`
  )
VALUES
  (
    39,
    'P2PTradeSaleConfirmation',
    'Confirmation of Your P2P Trade Sale',
    '<p>Dear %SELLER_NAME%,</p><p>A trade has been initiated on your offer for %CURRENCY%.</p><p>Trade Details:</p><ul><li>Buyer: %BUYER_NAME%</li><li>Amount: %AMOUNT% %CURRENCY%</li><li>Price: %PRICE%</li><li>Trade ID: %TRADE_ID%</li></ul><p>Please respond to the buyer to proceed with the trade.</p><p>Best regards,</p><p>Your Support Team</p>',
    NULL,
    NULL,
    '[\"SELLER_NAME\",\"BUYER_NAME\",\"CURRENCY\",\"AMOUNT\",\"PRICE\",\"TRADE_ID\"]',
    1,
    0,
    0
  );
INSERT INTO
  `notification_template` (
    `id`,
    `name`,
    `subject`,
    `emailBody`,
    `smsBody`,
    `pushBody`,
    `shortCodes`,
    `email`,
    `sms`,
    `push`
  )
VALUES
  (
    40,
    'P2PTradeReply',
    'New Message in Your P2P Trade',
    '<p>Dear %RECEIVER_NAME%,</p><p>You have a new message in your P2P trade with %SENDER_NAME%.</p><p>Trade ID: %TRADE_ID%</p><p>Message:</p><p>%MESSAGE%</p><p>Best regards,</p><p>Your Support Team</p>',
    NULL,
    NULL,
    '[\"RECEIVER_NAME\",\"SENDER_NAME\",\"TRADE_ID\",\"MESSAGE\"]',
    1,
    0,
    0
  );
INSERT INTO
  `notification_template` (
    `id`,
    `name`,
    `subject`,
    `emailBody`,
    `smsBody`,
    `pushBody`,
    `shortCodes`,
    `email`,
    `sms`,
    `push`
  )
VALUES
  (
    41,
    'P2PDisputeOpened',
    'Dispute Opened for Your P2P Trade',
    '<p>Dear %PARTICIPANT_NAME%,</p><p>A dispute has been opened for your trade with %OTHER_PARTY_NAME%.</p><p>Trade ID: %TRADE_ID%</p><p>Dispute Reason:</p><p>%DISPUTE_REASON%</p><p>Our support team will review the dispute and contact you shortly.</p><p>Best regards,</p><p>Your Support Team</p>',
    NULL,
    NULL,
    '[\"PARTICIPANT_NAME\",\"OTHER_PARTY_NAME\",\"TRADE_ID\",\"DISPUTE_REASON\"]',
    1,
    0,
    0
  );
INSERT INTO
  `notification_template` (
    `id`,
    `name`,
    `subject`,
    `emailBody`,
    `smsBody`,
    `pushBody`,
    `shortCodes`,
    `email`,
    `sms`,
    `push`
  )
VALUES
  (
    42,
    'P2PDisputeResolution',
    'Dispute Resolution Update for Your P2P Trade',
    '<p>Dear %PARTICIPANT_NAME%,</p><p>The dispute for your trade ID: %TRADE_ID% has a new resolution update.</p><p>Resolution Message:</p><p>%RESOLUTION_MESSAGE%</p><p>Please review the resolution and follow any necessary steps.</p><p>Best regards,</p><p>Your Support Team</p>',
    NULL,
    NULL,
    '[\"PARTICIPANT_NAME\",\"TRADE_ID\",\"RESOLUTION_MESSAGE\"]',
    1,
    0,
    0
  );
INSERT INTO
  `notification_template` (
    `id`,
    `name`,
    `subject`,
    `emailBody`,
    `smsBody`,
    `pushBody`,
    `shortCodes`,
    `email`,
    `sms`,
    `push`
  )
VALUES
  (
    43,
    'P2PDisputeResolving',
    'Your P2P Trade Dispute is Being Resolved',
    '<p>Dear %PARTICIPANT_NAME%,</p><p>Your trade dispute for Trade ID: %TRADE_ID% is in the process of being resolved.</p><p>Our team is working diligently to resolve the issue. We appreciate your patience.</p><p>Best regards,</p><p>Your Support Team</p>',
    NULL,
    NULL,
    '[\"PARTICIPANT_NAME\",\"TRADE_ID\"]',
    1,
    0,
    0
  );
INSERT INTO
  `notification_template` (
    `id`,
    `name`,
    `subject`,
    `emailBody`,
    `smsBody`,
    `pushBody`,
    `shortCodes`,
    `email`,
    `sms`,
    `push`
  )
VALUES
  (
    44,
    'P2PDisputeClosing',
    'Closure of Your P2P Trade Dispute',
    '<p>Dear %PARTICIPANT_NAME%,</p><p>The dispute for your trade ID: %TRADE_ID% has been closed.</p><p>We hope the resolution was satisfactory. If you have any further questions, please contact our support team.</p><p>Best regards,</p><p>Your Support Team</p>',
    NULL,
    NULL,
    '[\"PARTICIPANT_NAME\",\"TRADE_ID\"]',
    1,
    0,
    0
  );
INSERT INTO
  `notification_template` (
    `id`,
    `name`,
    `subject`,
    `emailBody`,
    `smsBody`,
    `pushBody`,
    `shortCodes`,
    `email`,
    `sms`,
    `push`
  )
VALUES
  (
    45,
    'P2PTradeCompletion',
    'Confirmation of Completed P2P Trade',
    '<p>Dear %SELLER_NAME%,</p><p>Your trade with %BUYER_NAME% for %AMOUNT% %CURRENCY% has been completed successfully.</p><p>Trade ID: %TRADE_ID%</p><p>Thank you for using our P2P platform.</p><p>Best regards,</p><p>Your Support Team</p>',
    NULL,
    NULL,
    '[\"SELLER_NAME\",\"BUYER_NAME\",\"AMOUNT\",\"CURRENCY\",\"TRADE_ID\"]',
    1,
    0,
    0
  );
INSERT INTO
  `notification_template` (
    `id`,
    `name`,
    `subject`,
    `emailBody`,
    `smsBody`,
    `pushBody`,
    `shortCodes`,
    `email`,
    `sms`,
    `push`
  )
VALUES
  (
    46,
    'P2PTradeCancellation',
    'Cancellation of Your P2P Trade',
    '<p>Dear %PARTICIPANT_NAME%,</p><p>Your trade ID: %TRADE_ID% has been cancelled.</p><p>If you have any questions or concerns, please contact our support team.</p><p>Best regards,</p><p>Your Support Team</p>',
    NULL,
    NULL,
    '[\"PARTICIPANT_NAME\",\"TRADE_ID\"]',
    1,
    0,
    0
  );
INSERT INTO
  `notification_template` (
    `id`,
    `name`,
    `subject`,
    `emailBody`,
    `smsBody`,
    `pushBody`,
    `shortCodes`,
    `email`,
    `sms`,
    `push`
  )
VALUES
  (
    47,
    'P2PTradePaymentConfirmation',
    'Payment Confirmation for Your P2P Trade',
    '<p>Dear %SELLER_NAME%,</p><p>%BUYER_NAME% has marked the trade ID: %TRADE_ID% as paid.</p><p>Transaction ID: %TRANSACTION_ID%</p><p>Please confirm the payment on your end to complete the trade.</p><p>Best regards,</p><p>Your Support Team</p>',
    NULL,
    NULL,
    '[\"SELLER_NAME\",\"BUYER_NAME\",\"TRADE_ID\",\"TRANSACTION_ID\"]',
    1,
    0,
    0
  );
INSERT INTO
  `notification_template` (
    `id`,
    `name`,
    `subject`,
    `emailBody`,
    `smsBody`,
    `pushBody`,
    `shortCodes`,
    `email`,
    `sms`,
    `push`
  )
VALUES
  (
    48,
    'P2PReviewNotification',
    'New Review for Your P2P Offer',
    '<p>Dear %SELLER_NAME%,</p><p>You have received a new review for your offer ID: %OFFER_ID%.</p><p>Reviewer: %REVIEWER_NAME%</p><p>Rating: %RATING%</p><p>Comment: %COMMENT%</p><p>Thank you for providing a quality service on our platform.</p><p>Best regards,</p><p>Your Support Team</p>',
    NULL,
    NULL,
    '[\"SELLER_NAME\",\"OFFER_ID\",\"REVIEWER_NAME\",\"RATING\",\"COMMENT\"]',
    1,
    0,
    0
  );
INSERT INTO
  `notification_template` (
    `id`,
    `name`,
    `subject`,
    `emailBody`,
    `smsBody`,
    `pushBody`,
    `shortCodes`,
    `email`,
    `sms`,
    `push`
  )
VALUES
  (
    49,
    'P2POfferAmountDepletion',
    'Notification of Offer Amount Depletion',
    '<p>Dear %SELLER_NAME%,</p><p>The available amount for your offer ID: %OFFER_ID% is running low.</p><p>Current Amount: %CURRENT_AMOUNT% %CURRENCY%</p><p>Consider updating your offer to continue trading.</p><p>Best regards,</p><p>Your Support Team</p>',
    NULL,
    NULL,
    '[\"SELLER_NAME\",\"OFFER_ID\",\"CURRENT_AMOUNT\",\"CURRENCY\"]',
    1,
    0,
    0
  );
INSERT INTO
  `notification_template` (
    `id`,
    `name`,
    `subject`,
    `emailBody`,
    `smsBody`,
    `pushBody`,
    `shortCodes`,
    `email`,
    `sms`,
    `push`
  )
VALUES
  (
    50,
    'OTPTokenVerification',
    'Your OTP Token for Login',
    '<p>Dear %FIRSTNAME%,</p>\n      <p>Your OTP token for login is: %TOKEN%</p>\n      <p>You can use this token to login to your account in the future. Please keep it secure.</p>\n      <p>If you did not request this token, please disregard this email.</p>',
    NULL,
    NULL,
    '[\"FIRSTNAME\",\"TOKEN\"]',
    1,
    0,
    0
  );
INSERT INTO
  `notification_template` (
    `id`,
    `name`,
    `subject`,
    `emailBody`,
    `smsBody`,
    `pushBody`,
    `shortCodes`,
    `email`,
    `sms`,
    `push`
  )
VALUES
  (
    51,
    'LiquidationWarning',
    'Warning: Position at Risk of Liquidation',
    '<p>Dear %FIRSTNAME%,</p>\n      <p>Your position in %SYMBOL% is at risk of liquidation.</p>\n      <p>Current Margin: %MARGIN%</p>\n      <p>Leverage: %LEVERAGE%</p>\n      <p>Entry Price: %ENTRY_PRICE%</p>\n      <p>Current Price: %CURRENT_PRICE%</p>\n      <p>Please take action to manage your position.</p>\n      <p>Best regards,</p>\n      <p>Your Support Team</p>',
    NULL,
    NULL,
    '[\"FIRSTNAME\",\"SYMBOL\",\"MARGIN\",\"LEVERAGE\",\"ENTRY_PRICE\",\"CURRENT_PRICE\"]',
    1,
    0,
    0
  );
INSERT INTO
  `notification_template` (
    `id`,
    `name`,
    `subject`,
    `emailBody`,
    `smsBody`,
    `pushBody`,
    `shortCodes`,
    `email`,
    `sms`,
    `push`
  )
VALUES
  (
    52,
    'LiquidationNotification',
    'Notification: Position Liquidated',
    '<p>Dear %FIRSTNAME%,</p>\n      <p>Your position in %SYMBOL% has been liquidated.</p>\n      <p>Leverage: %LEVERAGE%</p>\n      <p>Entry Price: %ENTRY_PRICE%</p>\n      <p>Current Price: %CURRENT_PRICE%</p>\n      <p>We encourage you to review your trading strategy and consider adjustments to manage your risk.</p>\n      <p>Best regards,</p>\n      <p>Your Support Team</p>',
    NULL,
    NULL,
    '[\"FIRSTNAME\",\"SYMBOL\",\"LEVERAGE\",\"ENTRY_PRICE\",\"CURRENT_PRICE\"]',
    1,
    0,
    0
  );
INSERT INTO
  `notification_template` (
    `id`,
    `name`,
    `subject`,
    `emailBody`,
    `smsBody`,
    `pushBody`,
    `shortCodes`,
    `email`,
    `sms`,
    `push`
  )
VALUES
  (
    53,
    'PartialLiquidationNotification',
    'Notification: Partial Position Liquidation',
    '<p>Dear %FIRSTNAME%,</p>\n      <p>Your position in %SYMBOL% has been partially liquidated.</p>\n      <p>Leverage: %LEVERAGE%</p>\n      <p>Entry Price: %ENTRY_PRICE%</p>\n      <p>Current Price: %CURRENT_PRICE%</p>\n      <p>Please review your remaining position and take any necessary actions to manage your risk.</p>\n      <p>Best regards,</p>\n      <p>Your Support Team</p>',
    NULL,
    NULL,
    '[\"FIRSTNAME\",\"SYMBOL\",\"LEVERAGE\",\"ENTRY_PRICE\",\"CURRENT_PRICE\"]',
    1,
    0,
    0
  );
INSERT INTO
  `notification_template` (
    `id`,
    `name`,
    `subject`,
    `emailBody`,
    `smsBody`,
    `pushBody`,
    `shortCodes`,
    `email`,
    `sms`,
    `push`
  )
VALUES
  (
    54,
    'AccountDeletionConfirmation',
    'Confirm Account Deletion',
    '<p>Dear %FIRSTNAME%,</p>\n      <p>We have received a request to delete your account.</p>\n      <p>If you did not make this request, please disregard this email.</p>\n      <p>Otherwise, use the code below to confirm the deletion of your account:</p>\n      <p><strong>%TOKEN%</strong></p>\n      <p>Best regards,</p>\n      <p>Your Support Team</p>',
    NULL,
    NULL,
    '[\"FIRSTNAME\",\"TOKEN\"]',
    1,
    0,
    0
  );
INSERT INTO
  `notification_template` (
    `id`,
    `name`,
    `subject`,
    `emailBody`,
    `smsBody`,
    `pushBody`,
    `shortCodes`,
    `email`,
    `sms`,
    `push`
  )
VALUES
  (
    55,
    'AccountDeletionConfirmed',
    'Account Deleted Successfully',
    '<p>Dear %FIRSTNAME%,</p>\n      <p>Your account has been successfully deleted.</p>\n      <p>We are sorry to see you go.</p>\n      <p>If this was a mistake, please contact our support team.</p>\n      <p>Best regards,</p>\n      <p>Your Support Team</p>',
    NULL,
    NULL,
    '[\"FIRSTNAME\"]',
    1,
    0,
    0
  );
INSERT INTO
  `notification_template` (
    `id`,
    `name`,
    `subject`,
    `emailBody`,
    `smsBody`,
    `pushBody`,
    `shortCodes`,
    `email`,
    `sms`,
    `push`
  )
VALUES
  (
    56,
    'EcoWithdrawalConfirmation',
    'Your Withdrawal is Successful',
    '\n      <p>Dear %FIRSTNAME%,</p>\n      <p>Your withdrawal of %AMOUNT% %CURRENCY% to address %TO_ADDRESS% has been successfully processed.</p>\n      <p>Transaction ID: %TRANSACTION_ID%</p>\n      <p>Network Chain: %CHAIN%</p>\n      <p>Thank you for using our services.</p>\n      <p>Best regards,</p>\n      <p>Your Support Team</p>\n    ',
    NULL,
    NULL,
    '[\"FIRSTNAME\",\"AMOUNT\",\"CURRENCY\",\"TO_ADDRESS\",\"TRANSACTION_ID\",\"CHAIN\"]',
    1,
    0,
    0
  );
INSERT INTO
  `notification_template` (
    `id`,
    `name`,
    `subject`,
    `emailBody`,
    `smsBody`,
    `pushBody`,
    `shortCodes`,
    `email`,
    `sms`,
    `push`
  )
VALUES
  (
    57,
    'EcoWithdrawalFailed',
    'Your Withdrawal Failed',
    '\n      <p>Dear %FIRSTNAME%,</p>\n      <p>We regret to inform you that your withdrawal of %AMOUNT% %CURRENCY% to address %TO_ADDRESS% has failed.</p>\n      <p>Reason: %REASON%</p>\n      <p>The withdrawn amount has been returned to your account.</p>\n      <p>If you have any questions, please contact our support team.</p>\n      <p>Best regards,</p>\n      <p>Your Support Team</p>\n    ',
    NULL,
    NULL,
    '[\"FIRSTNAME\",\"AMOUNT\",\"CURRENCY\",\"TO_ADDRESS\",\"REASON\"]',
    1,
    0,
    0
  );

# ------------------------------------------------------------
# DATA DUMP FOR TABLE: one_time_token
# ------------------------------------------------------------


# ------------------------------------------------------------
# DATA DUMP FOR TABLE: p2p_commission
# ------------------------------------------------------------


# ------------------------------------------------------------
# DATA DUMP FOR TABLE: p2p_dispute
# ------------------------------------------------------------


# ------------------------------------------------------------
# DATA DUMP FOR TABLE: p2p_escrow
# ------------------------------------------------------------


# ------------------------------------------------------------
# DATA DUMP FOR TABLE: p2p_offer
# ------------------------------------------------------------


# ------------------------------------------------------------
# DATA DUMP FOR TABLE: p2p_payment_method
# ------------------------------------------------------------


# ------------------------------------------------------------
# DATA DUMP FOR TABLE: p2p_review
# ------------------------------------------------------------


# ------------------------------------------------------------
# DATA DUMP FOR TABLE: p2p_trade
# ------------------------------------------------------------


# ------------------------------------------------------------
# DATA DUMP FOR TABLE: page
# ------------------------------------------------------------

INSERT INTO
  `page` (
    `id`,
    `title`,
    `content`,
    `description`,
    `image`,
    `slug`,
    `status`,
    `createdAt`,
    `updatedAt`,
    `deletedAt`
  )
VALUES
  (
    'b046879f-e3c8-4bdf-96ce-f5412661b5e1',
    'Frontend',
    '[encoded data, 52220 characters]',
    NULL,
    NULL,
    'frontend',
    'PUBLISHED',
    '2024-10-02 12:00:36',
    '2026-06-01 04:20:21',
    NULL
  );

# ------------------------------------------------------------
# DATA DUMP FOR TABLE: permission
# ------------------------------------------------------------

INSERT INTO
  `permission` (`id`, `name`)
VALUES
  (1, 'Access API Key Management');
INSERT INTO
  `permission` (`id`, `name`)
VALUES
  (2, 'Access Author Management');
INSERT INTO
  `permission` (`id`, `name`)
VALUES
  (3, 'Access Category Management');
INSERT INTO
  `permission` (`id`, `name`)
VALUES
  (4, 'Access Comment Management');
INSERT INTO
  `permission` (`id`, `name`)
VALUES
  (5, 'Access Media Management');
INSERT INTO
  `permission` (`id`, `name`)
VALUES
  (6, 'Access Post Management');
INSERT INTO
  `permission` (`id`, `name`)
VALUES
  (7, 'Access Tag Management');
INSERT INTO
  `permission` (`id`, `name`)
VALUES
  (8, 'Access KYC Application Management');
INSERT INTO
  `permission` (`id`, `name`)
VALUES
  (9, 'Access KYC Template Management');
INSERT INTO
  `permission` (`id`, `name`)
VALUES
  (10, 'Access Permission Management');
INSERT INTO
  `permission` (`id`, `name`)
VALUES
  (11, 'Access Role Management');
INSERT INTO
  `permission` (`id`, `name`)
VALUES
  (12, 'Access Support Ticket Management');
INSERT INTO
  `permission` (`id`, `name`)
VALUES
  (13, 'Access User Management');
INSERT INTO
  `permission` (`id`, `name`)
VALUES
  (14, 'Access Admin Dashboard');
INSERT INTO
  `permission` (`id`, `name`)
VALUES
  (15, 'Access MLM Referral Condition Management');
INSERT INTO
  `permission` (`id`, `name`)
VALUES
  (16, 'Access MLM Referral Management');
INSERT INTO
  `permission` (`id`, `name`)
VALUES
  (17, 'Access MLM Referral Reward Management');
INSERT INTO
  `permission` (`id`, `name`)
VALUES
  (18, 'Access AI Investment Duration Management');
INSERT INTO
  `permission` (`id`, `name`)
VALUES
  (19, 'Access AI Investment Management');
INSERT INTO
  `permission` (`id`, `name`)
VALUES
  (20, 'Access AI Investment Plan Management');
INSERT INTO
  `permission` (`id`, `name`)
VALUES
  (21, 'Access Ecommerce Category Management');
INSERT INTO
  `permission` (`id`, `name`)
VALUES
  (22, 'Access Ecommerce Discount Management');
INSERT INTO
  `permission` (`id`, `name`)
VALUES
  (23, 'Access Ecommerce Order Management');
INSERT INTO
  `permission` (`id`, `name`)
VALUES
  (24, 'Access Ecommerce Product Management');
INSERT INTO
  `permission` (`id`, `name`)
VALUES
  (25, 'Access Ecommerce Review Management');
INSERT INTO
  `permission` (`id`, `name`)
VALUES
  (26, 'Access Ecommerce Shipping Management');
INSERT INTO
  `permission` (`id`, `name`)
VALUES
  (27, 'Access Ecommerce Wishlist Management');
INSERT INTO
  `permission` (`id`, `name`)
VALUES
  (28, 'Access Futures Market Management');
INSERT INTO
  `permission` (`id`, `name`)
VALUES
  (29, 'Access Ecosystem Management');
INSERT INTO
  `permission` (`id`, `name`)
VALUES
  (30, 'Access Ecosystem Private Ledger Management');
INSERT INTO
  `permission` (`id`, `name`)
VALUES
  (31, 'Access Ecosystem Market Management');
INSERT INTO
  `permission` (`id`, `name`)
VALUES
  (32, 'Access Ecosystem Token Management');
INSERT INTO
  `permission` (`id`, `name`)
VALUES
  (33, 'Access Ecosystem UTXO Management');
INSERT INTO
  `permission` (`id`, `name`)
VALUES
  (
    34,
    'Access Ecosystem Custodial Wallet Management'
  );
INSERT INTO
  `permission` (`id`, `name`)
VALUES
  (35, 'Access Ecosystem Master Wallet Management');
INSERT INTO
  `permission` (`id`, `name`)
VALUES
  (36, 'Access FAQ Category Management');
INSERT INTO
  `permission` (`id`, `name`)
VALUES
  (37, 'Access FAQ Management');
INSERT INTO
  `permission` (`id`, `name`)
VALUES
  (38, 'Access Forex Account Management');
INSERT INTO
  `permission` (`id`, `name`)
VALUES
  (39, 'Access Forex Duration Management');
INSERT INTO
  `permission` (`id`, `name`)
VALUES
  (40, 'Access Forex Investment Management');
INSERT INTO
  `permission` (`id`, `name`)
VALUES
  (41, 'Access Forex Plan Management');
INSERT INTO
  `permission` (`id`, `name`)
VALUES
  (42, 'Access Forex Signal Management');
INSERT INTO
  `permission` (`id`, `name`)
VALUES
  (43, 'Access ICO Allocation Management');
INSERT INTO
  `permission` (`id`, `name`)
VALUES
  (44, 'Access ICO Contribution Management');
INSERT INTO
  `permission` (`id`, `name`)
VALUES
  (45, 'Access ICO Phase Management');
INSERT INTO
  `permission` (`id`, `name`)
VALUES
  (46, 'Access ICO Project Management');
INSERT INTO
  `permission` (`id`, `name`)
VALUES
  (47, 'Access ICO Token Management');
INSERT INTO
  `permission` (`id`, `name`)
VALUES
  (48, 'Access Mailwizard Campaign Management');
INSERT INTO
  `permission` (`id`, `name`)
VALUES
  (49, 'Access Mailwizard Template Management');
INSERT INTO
  `permission` (`id`, `name`)
VALUES
  (50, 'Access P2P Commission Management');
INSERT INTO
  `permission` (`id`, `name`)
VALUES
  (51, 'Access P2P Dispute Management');
INSERT INTO
  `permission` (`id`, `name`)
VALUES
  (52, 'Access P2P Escrow Management');
INSERT INTO
  `permission` (`id`, `name`)
VALUES
  (53, 'Access P2P Offer Management');
INSERT INTO
  `permission` (`id`, `name`)
VALUES
  (54, 'Access P2P Payment Method Management');
INSERT INTO
  `permission` (`id`, `name`)
VALUES
  (55, 'Access P2P Review Management');
INSERT INTO
  `permission` (`id`, `name`)
VALUES
  (56, 'Access P2P Trade Management');
INSERT INTO
  `permission` (`id`, `name`)
VALUES
  (57, 'Access Staking Duration Management');
INSERT INTO
  `permission` (`id`, `name`)
VALUES
  (58, 'Access Staking Management');
INSERT INTO
  `permission` (`id`, `name`)
VALUES
  (59, 'Access Staking Pool Management');
INSERT INTO
  `permission` (`id`, `name`)
VALUES
  (60, 'Access Fiat Currency Management');
INSERT INTO
  `permission` (`id`, `name`)
VALUES
  (61, 'Access Spot Currency Management');
INSERT INTO
  `permission` (`id`, `name`)
VALUES
  (62, 'Access Deposit Gateway Management');
INSERT INTO
  `permission` (`id`, `name`)
VALUES
  (63, 'Access Deposit Method Management');
INSERT INTO
  `permission` (`id`, `name`)
VALUES
  (64, 'Access Exchange Balance Management');
INSERT INTO
  `permission` (`id`, `name`)
VALUES
  (65, 'Access Exchange Fee Management');
INSERT INTO
  `permission` (`id`, `name`)
VALUES
  (66, 'Access Exchange Provider Management');
INSERT INTO
  `permission` (`id`, `name`)
VALUES
  (67, 'Access Exchange Market Management');
INSERT INTO
  `permission` (`id`, `name`)
VALUES
  (68, 'Access Investment Duration Management');
INSERT INTO
  `permission` (`id`, `name`)
VALUES
  (69, 'Access Investment Management');
INSERT INTO
  `permission` (`id`, `name`)
VALUES
  (70, 'Access Investment Plan Management');
INSERT INTO
  `permission` (`id`, `name`)
VALUES
  (71, 'Access Binary Order Management');
INSERT INTO
  `permission` (`id`, `name`)
VALUES
  (72, 'Access Ecosystem Order Management');
INSERT INTO
  `permission` (`id`, `name`)
VALUES
  (73, 'Access Exchange Order Management');
INSERT INTO
  `permission` (`id`, `name`)
VALUES
  (74, 'Access Transaction Management');
INSERT INTO
  `permission` (`id`, `name`)
VALUES
  (75, 'Access Wallet Management');
INSERT INTO
  `permission` (`id`, `name`)
VALUES
  (76, 'Access Withdrawal Method Management');
INSERT INTO
  `permission` (`id`, `name`)
VALUES
  (77, 'Access Pages Management');
INSERT INTO
  `permission` (`id`, `name`)
VALUES
  (78, 'Access Announcement Management');
INSERT INTO
  `permission` (`id`, `name`)
VALUES
  (79, 'Access Cron Job Management');
INSERT INTO
  `permission` (`id`, `name`)
VALUES
  (80, 'Access Database Backup Management');
INSERT INTO
  `permission` (`id`, `name`)
VALUES
  (81, 'Access Database Migration Management');
INSERT INTO
  `permission` (`id`, `name`)
VALUES
  (82, 'Access Extension Management');
INSERT INTO
  `permission` (`id`, `name`)
VALUES
  (83, 'Access Log Monitor');
INSERT INTO
  `permission` (`id`, `name`)
VALUES
  (84, 'Access Notification Template Management');
INSERT INTO
  `permission` (`id`, `name`)
VALUES
  (85, 'Access System Settings Management');
INSERT INTO
  `permission` (`id`, `name`)
VALUES
  (86, 'Access System Update Management');
INSERT INTO
  `permission` (`id`, `name`)
VALUES
  (87, 'Access Frontend Builder');

# ------------------------------------------------------------
# DATA DUMP FOR TABLE: post
# ------------------------------------------------------------

INSERT INTO
  `post` (
    `id`,
    `title`,
    `content`,
    `categoryId`,
    `authorId`,
    `slug`,
    `description`,
    `status`,
    `image`,
    `createdAt`,
    `updatedAt`,
    `deletedAt`
  )
VALUES
  (
    '98b62ba9-a519-4248-82b2-381f49d541c9',
    'Effective Trading Strategies',
    'Cryptocurrency trading can be lucrative but also highly volatile. Here are some effective trading strategies to help you navigate the market:\n\n    1. Research and Analysis: Before making any trades, thoroughly research the cryptocurrencies you\'re interested in. Analyze their technology, team, market trends, and community sentiment.\n\n    2. Diversification: Don\'t put all your eggs in one basket. Diversify your investment across multiple cryptocurrencies to spread risk.\n\n    3. Risk Management: Set stop-loss orders to limit potential losses and protect your capital. Only invest what you can afford to lose.\n\n    4. Technical Analysis: Use technical analysis tools like candlestick charts, moving averages, and support/resistance levels to identify potential entry and exit points.\n\n    5. Follow Trends: Stay updated on market trends and news that may impact cryptocurrency prices. Social media platforms and cryptocurrency forums can be valuable sources of information.\n\n    6. HODLing: Consider a long-term investment strategy by holding onto cryptocurrencies with strong fundamentals despite short-term price fluctuations.\n\n    Remember, there\'s no one-size-fits-all approach to trading. Experiment with different strategies and find what works best for you.',
    '6fab07de-770b-495d-a1c9-032b01558863',
    'ca2eb4d5-e15b-4980-a9b3-85a59d49e5d0',
    'effective-trading-strategies',
    'Strategies to succeed in crypto trading',
    'PUBLISHED',
    NULL,
    '2024-10-02 01:30:18',
    '2024-10-02 01:30:18',
    NULL
  );
INSERT INTO
  `post` (
    `id`,
    `title`,
    `content`,
    `categoryId`,
    `authorId`,
    `slug`,
    `description`,
    `status`,
    `image`,
    `createdAt`,
    `updatedAt`,
    `deletedAt`
  )
VALUES
  (
    'ea4508e1-b9d1-4abd-a910-d67ef14756a8',
    'Understanding Bitcoin',
    'Bitcoin is the first and most well-known cryptocurrency. It was created in 2009 by an unknown person or group of people using the pseudonym Satoshi Nakamoto. Bitcoin operates on a decentralized network called blockchain, which is a distributed ledger that records all transactions.\n\n    One of the key features of Bitcoin is its limited supply. There will only ever be 21 million bitcoins in existence, making it a deflationary asset. This scarcity has contributed to its value over time.\n\n    Bitcoin transactions are verified by network nodes through cryptography and recorded in a public ledger called a blockchain. This ensures transparency and security in the system.\n\n    Despite its volatility, Bitcoin has gained mainstream adoption and has become a popular investment asset. Its price is influenced by various factors including market demand, adoption rates, regulatory developments, and macroeconomic trends.',
    '6fab07de-770b-495d-a1c9-032b01558863',
    'ca2eb4d5-e15b-4980-a9b3-85a59d49e5d0',
    'understanding-bitcoin',
    'Exploring the fundamentals of Bitcoin',
    'PUBLISHED',
    NULL,
    '2024-10-02 01:30:18',
    '2024-10-02 01:30:18',
    NULL
  );

# ------------------------------------------------------------
# DATA DUMP FOR TABLE: post_tag
# ------------------------------------------------------------

INSERT INTO
  `post_tag` (`id`, `postId`, `tagId`)
VALUES
  (
    '49372d89-cfc9-4329-b019-1f1bef198e37',
    'ea4508e1-b9d1-4abd-a910-d67ef14756a8',
    '9746669e-e198-4ad5-82ff-e82260d46dd5'
  );
INSERT INTO
  `post_tag` (`id`, `postId`, `tagId`)
VALUES
  (
    '5288b191-5a7e-40d7-adc7-1e2fe1f801fc',
    '98b62ba9-a519-4248-82b2-381f49d541c9',
    '9746669e-e198-4ad5-82ff-e82260d46dd5'
  );
INSERT INTO
  `post_tag` (`id`, `postId`, `tagId`)
VALUES
  (
    'aded010c-4379-4d37-9b3f-7280eff58b28',
    '98b62ba9-a519-4248-82b2-381f49d541c9',
    '4e695234-66ac-4290-9108-82a1763aa896'
  );
INSERT INTO
  `post_tag` (`id`, `postId`, `tagId`)
VALUES
  (
    'ae714f24-ffca-44db-b292-0d0ad73c88b9',
    'ea4508e1-b9d1-4abd-a910-d67ef14756a8',
    '4e695234-66ac-4290-9108-82a1763aa896'
  );

# ------------------------------------------------------------
# DATA DUMP FOR TABLE: provider_user
# ------------------------------------------------------------


# ------------------------------------------------------------
# DATA DUMP FOR TABLE: role
# ------------------------------------------------------------

INSERT INTO
  `role` (`id`, `name`)
VALUES
  (2, 'Admin');
INSERT INTO
  `role` (`id`, `name`)
VALUES
  (1, 'Super Admin');
INSERT INTO
  `role` (`id`, `name`)
VALUES
  (3, 'Support');
INSERT INTO
  `role` (`id`, `name`)
VALUES
  (4, 'User');

# ------------------------------------------------------------
# DATA DUMP FOR TABLE: role_permission
# ------------------------------------------------------------

INSERT INTO
  `role_permission` (`id`, `roleId`, `permissionId`)
VALUES
  (1, 2, 1);
INSERT INTO
  `role_permission` (`id`, `roleId`, `permissionId`)
VALUES
  (2, 2, 2);
INSERT INTO
  `role_permission` (`id`, `roleId`, `permissionId`)
VALUES
  (3, 2, 3);
INSERT INTO
  `role_permission` (`id`, `roleId`, `permissionId`)
VALUES
  (4, 2, 4);
INSERT INTO
  `role_permission` (`id`, `roleId`, `permissionId`)
VALUES
  (5, 2, 5);
INSERT INTO
  `role_permission` (`id`, `roleId`, `permissionId`)
VALUES
  (6, 2, 6);
INSERT INTO
  `role_permission` (`id`, `roleId`, `permissionId`)
VALUES
  (7, 2, 7);
INSERT INTO
  `role_permission` (`id`, `roleId`, `permissionId`)
VALUES
  (8, 2, 8);
INSERT INTO
  `role_permission` (`id`, `roleId`, `permissionId`)
VALUES
  (9, 2, 9);
INSERT INTO
  `role_permission` (`id`, `roleId`, `permissionId`)
VALUES
  (10, 2, 10);
INSERT INTO
  `role_permission` (`id`, `roleId`, `permissionId`)
VALUES
  (11, 2, 11);
INSERT INTO
  `role_permission` (`id`, `roleId`, `permissionId`)
VALUES
  (12, 2, 12);
INSERT INTO
  `role_permission` (`id`, `roleId`, `permissionId`)
VALUES
  (13, 2, 13);
INSERT INTO
  `role_permission` (`id`, `roleId`, `permissionId`)
VALUES
  (14, 2, 14);
INSERT INTO
  `role_permission` (`id`, `roleId`, `permissionId`)
VALUES
  (15, 2, 15);
INSERT INTO
  `role_permission` (`id`, `roleId`, `permissionId`)
VALUES
  (16, 2, 16);
INSERT INTO
  `role_permission` (`id`, `roleId`, `permissionId`)
VALUES
  (17, 2, 17);
INSERT INTO
  `role_permission` (`id`, `roleId`, `permissionId`)
VALUES
  (18, 2, 18);
INSERT INTO
  `role_permission` (`id`, `roleId`, `permissionId`)
VALUES
  (19, 2, 19);
INSERT INTO
  `role_permission` (`id`, `roleId`, `permissionId`)
VALUES
  (20, 2, 20);
INSERT INTO
  `role_permission` (`id`, `roleId`, `permissionId`)
VALUES
  (21, 2, 21);
INSERT INTO
  `role_permission` (`id`, `roleId`, `permissionId`)
VALUES
  (22, 2, 22);
INSERT INTO
  `role_permission` (`id`, `roleId`, `permissionId`)
VALUES
  (23, 2, 23);
INSERT INTO
  `role_permission` (`id`, `roleId`, `permissionId`)
VALUES
  (24, 2, 24);
INSERT INTO
  `role_permission` (`id`, `roleId`, `permissionId`)
VALUES
  (25, 2, 25);
INSERT INTO
  `role_permission` (`id`, `roleId`, `permissionId`)
VALUES
  (26, 2, 26);
INSERT INTO
  `role_permission` (`id`, `roleId`, `permissionId`)
VALUES
  (27, 2, 27);
INSERT INTO
  `role_permission` (`id`, `roleId`, `permissionId`)
VALUES
  (28, 2, 28);
INSERT INTO
  `role_permission` (`id`, `roleId`, `permissionId`)
VALUES
  (29, 2, 29);
INSERT INTO
  `role_permission` (`id`, `roleId`, `permissionId`)
VALUES
  (30, 2, 30);
INSERT INTO
  `role_permission` (`id`, `roleId`, `permissionId`)
VALUES
  (31, 2, 31);
INSERT INTO
  `role_permission` (`id`, `roleId`, `permissionId`)
VALUES
  (32, 2, 32);
INSERT INTO
  `role_permission` (`id`, `roleId`, `permissionId`)
VALUES
  (33, 2, 33);
INSERT INTO
  `role_permission` (`id`, `roleId`, `permissionId`)
VALUES
  (34, 2, 34);
INSERT INTO
  `role_permission` (`id`, `roleId`, `permissionId`)
VALUES
  (35, 2, 35);
INSERT INTO
  `role_permission` (`id`, `roleId`, `permissionId`)
VALUES
  (36, 2, 36);
INSERT INTO
  `role_permission` (`id`, `roleId`, `permissionId`)
VALUES
  (37, 2, 37);
INSERT INTO
  `role_permission` (`id`, `roleId`, `permissionId`)
VALUES
  (38, 2, 38);
INSERT INTO
  `role_permission` (`id`, `roleId`, `permissionId`)
VALUES
  (39, 2, 39);
INSERT INTO
  `role_permission` (`id`, `roleId`, `permissionId`)
VALUES
  (40, 2, 40);
INSERT INTO
  `role_permission` (`id`, `roleId`, `permissionId`)
VALUES
  (41, 2, 41);
INSERT INTO
  `role_permission` (`id`, `roleId`, `permissionId`)
VALUES
  (42, 2, 42);
INSERT INTO
  `role_permission` (`id`, `roleId`, `permissionId`)
VALUES
  (43, 2, 43);
INSERT INTO
  `role_permission` (`id`, `roleId`, `permissionId`)
VALUES
  (44, 2, 44);
INSERT INTO
  `role_permission` (`id`, `roleId`, `permissionId`)
VALUES
  (45, 2, 45);
INSERT INTO
  `role_permission` (`id`, `roleId`, `permissionId`)
VALUES
  (46, 2, 46);
INSERT INTO
  `role_permission` (`id`, `roleId`, `permissionId`)
VALUES
  (47, 2, 47);
INSERT INTO
  `role_permission` (`id`, `roleId`, `permissionId`)
VALUES
  (48, 2, 48);
INSERT INTO
  `role_permission` (`id`, `roleId`, `permissionId`)
VALUES
  (49, 2, 49);
INSERT INTO
  `role_permission` (`id`, `roleId`, `permissionId`)
VALUES
  (50, 2, 50);
INSERT INTO
  `role_permission` (`id`, `roleId`, `permissionId`)
VALUES
  (51, 2, 51);
INSERT INTO
  `role_permission` (`id`, `roleId`, `permissionId`)
VALUES
  (52, 2, 52);
INSERT INTO
  `role_permission` (`id`, `roleId`, `permissionId`)
VALUES
  (53, 2, 53);
INSERT INTO
  `role_permission` (`id`, `roleId`, `permissionId`)
VALUES
  (54, 2, 54);
INSERT INTO
  `role_permission` (`id`, `roleId`, `permissionId`)
VALUES
  (55, 2, 55);
INSERT INTO
  `role_permission` (`id`, `roleId`, `permissionId`)
VALUES
  (56, 2, 56);
INSERT INTO
  `role_permission` (`id`, `roleId`, `permissionId`)
VALUES
  (57, 2, 57);
INSERT INTO
  `role_permission` (`id`, `roleId`, `permissionId`)
VALUES
  (58, 2, 58);
INSERT INTO
  `role_permission` (`id`, `roleId`, `permissionId`)
VALUES
  (59, 2, 59);
INSERT INTO
  `role_permission` (`id`, `roleId`, `permissionId`)
VALUES
  (60, 2, 60);
INSERT INTO
  `role_permission` (`id`, `roleId`, `permissionId`)
VALUES
  (61, 2, 61);
INSERT INTO
  `role_permission` (`id`, `roleId`, `permissionId`)
VALUES
  (62, 2, 62);
INSERT INTO
  `role_permission` (`id`, `roleId`, `permissionId`)
VALUES
  (63, 2, 63);
INSERT INTO
  `role_permission` (`id`, `roleId`, `permissionId`)
VALUES
  (64, 2, 64);
INSERT INTO
  `role_permission` (`id`, `roleId`, `permissionId`)
VALUES
  (65, 2, 65);
INSERT INTO
  `role_permission` (`id`, `roleId`, `permissionId`)
VALUES
  (66, 2, 66);
INSERT INTO
  `role_permission` (`id`, `roleId`, `permissionId`)
VALUES
  (67, 2, 67);
INSERT INTO
  `role_permission` (`id`, `roleId`, `permissionId`)
VALUES
  (68, 2, 68);
INSERT INTO
  `role_permission` (`id`, `roleId`, `permissionId`)
VALUES
  (69, 2, 69);
INSERT INTO
  `role_permission` (`id`, `roleId`, `permissionId`)
VALUES
  (70, 2, 70);
INSERT INTO
  `role_permission` (`id`, `roleId`, `permissionId`)
VALUES
  (71, 2, 71);
INSERT INTO
  `role_permission` (`id`, `roleId`, `permissionId`)
VALUES
  (72, 2, 72);
INSERT INTO
  `role_permission` (`id`, `roleId`, `permissionId`)
VALUES
  (73, 2, 73);
INSERT INTO
  `role_permission` (`id`, `roleId`, `permissionId`)
VALUES
  (74, 2, 74);
INSERT INTO
  `role_permission` (`id`, `roleId`, `permissionId`)
VALUES
  (75, 2, 75);
INSERT INTO
  `role_permission` (`id`, `roleId`, `permissionId`)
VALUES
  (76, 2, 76);
INSERT INTO
  `role_permission` (`id`, `roleId`, `permissionId`)
VALUES
  (77, 2, 77);
INSERT INTO
  `role_permission` (`id`, `roleId`, `permissionId`)
VALUES
  (78, 2, 78);
INSERT INTO
  `role_permission` (`id`, `roleId`, `permissionId`)
VALUES
  (79, 2, 79);
INSERT INTO
  `role_permission` (`id`, `roleId`, `permissionId`)
VALUES
  (80, 2, 80);
INSERT INTO
  `role_permission` (`id`, `roleId`, `permissionId`)
VALUES
  (81, 2, 81);
INSERT INTO
  `role_permission` (`id`, `roleId`, `permissionId`)
VALUES
  (82, 2, 82);
INSERT INTO
  `role_permission` (`id`, `roleId`, `permissionId`)
VALUES
  (83, 2, 83);
INSERT INTO
  `role_permission` (`id`, `roleId`, `permissionId`)
VALUES
  (84, 2, 84);
INSERT INTO
  `role_permission` (`id`, `roleId`, `permissionId`)
VALUES
  (85, 2, 85);
INSERT INTO
  `role_permission` (`id`, `roleId`, `permissionId`)
VALUES
  (86, 2, 86);
INSERT INTO
  `role_permission` (`id`, `roleId`, `permissionId`)
VALUES
  (87, 2, 87);

# ------------------------------------------------------------
# DATA DUMP FOR TABLE: settings
# ------------------------------------------------------------

INSERT INTO
  `settings` (`key`, `value`)
VALUES
  (
    'androidIcon192',
    '/uploads/logo/1779938605893-237362177.webp'
  );
INSERT INTO
  `settings` (`key`, `value`)
VALUES
  (
    'androidIcon256',
    '/uploads/logo/1779938607879-111531164.webp'
  );
INSERT INTO
  `settings` (`key`, `value`)
VALUES
  (
    'androidIcon384',
    '/uploads/logo/1779938609875-634519098.webp'
  );
INSERT INTO
  `settings` (`key`, `value`)
VALUES
  (
    'androidIcon512',
    '/uploads/logo/1779938611789-768549889.webp'
  );
INSERT INTO
  `settings` (`key`, `value`)
VALUES
  (
    'appleIcon114',
    '/uploads/logo/1779938587146-598288331.webp'
  );
INSERT INTO
  `settings` (`key`, `value`)
VALUES
  (
    'appleIcon120',
    '/uploads/logo/1779938589943-352798137.webp'
  );
INSERT INTO
  `settings` (`key`, `value`)
VALUES
  (
    'appleIcon144',
    '/uploads/logo/1779938593460-77767626.webp'
  );
INSERT INTO
  `settings` (`key`, `value`)
VALUES
  (
    'appleIcon152',
    '/uploads/logo/1779938600364-390581232.webp'
  );
INSERT INTO
  `settings` (`key`, `value`)
VALUES
  (
    'appleIcon180',
    '/uploads/logo/1779938603246-285501915.webp'
  );
INSERT INTO
  `settings` (`key`, `value`)
VALUES
  (
    'appleIcon57',
    '/uploads/logo/1780253512334-634044959.webp'
  );
INSERT INTO
  `settings` (`key`, `value`)
VALUES
  (
    'appleIcon60',
    '/uploads/logo/1780253515222-252722443.webp'
  );
INSERT INTO
  `settings` (`key`, `value`)
VALUES
  (
    'appleIcon72',
    '/uploads/logo/1780253518224-948327019.webp'
  );
INSERT INTO
  `settings` (`key`, `value`)
VALUES
  (
    'appleIcon76',
    '/uploads/logo/1779938584166-997678447.webp'
  );
INSERT INTO
  `settings` (`key`, `value`)
VALUES
  ('binaryLevels', '2');
INSERT INTO
  `settings` (`key`, `value`)
VALUES
  ('binaryRestrictions', 'false');
INSERT INTO
  `settings` (`key`, `value`)
VALUES
  ('botRestrictions', 'false');
INSERT INTO
  `settings` (`key`, `value`)
VALUES
  (
    'cardLogo',
    '/uploads/logo/1780253774019-176212381.webp'
  );
INSERT INTO
  `settings` (`key`, `value`)
VALUES
  (
    'darkFullLogo',
    '/uploads/logo/1780253493136-708156947.webp'
  );
INSERT INTO
  `settings` (`key`, `value`)
VALUES
  (
    'darkLogo',
    '/uploads/logo/1780253798298-743832551.webp'
  );
INSERT INTO
  `settings` (`key`, `value`)
VALUES
  ('deposit', 'true');
INSERT INTO
  `settings` (`key`, `value`)
VALUES
  ('depositExpiration', 'true');
INSERT INTO
  `settings` (`key`, `value`)
VALUES
  ('depositRestrictions', 'false');
INSERT INTO
  `settings` (`key`, `value`)
VALUES
  ('ecommerceRestrictions', 'false');
INSERT INTO
  `settings` (`key`, `value`)
VALUES
  (
    'favicon16',
    '/uploads/logo/1779938618563-153750124.webp'
  );
INSERT INTO
  `settings` (`key`, `value`)
VALUES
  (
    'favicon32',
    '/uploads/logo/1779938613957-279774888.webp'
  );
INSERT INTO
  `settings` (`key`, `value`)
VALUES
  (
    'favicon96',
    '/uploads/logo/1779938616250-891714911.webp'
  );
INSERT INTO
  `settings` (`key`, `value`)
VALUES
  ('fiatWallets', 'true');
INSERT INTO
  `settings` (`key`, `value`)
VALUES
  ('forexInvestment', 'true');
INSERT INTO
  `settings` (`key`, `value`)
VALUES
  ('forexRestrictions', 'false');
INSERT INTO
  `settings` (`key`, `value`)
VALUES
  (
    'fullLogo',
    '/uploads/logo/1780253802255-596949982.webp'
  );
INSERT INTO
  `settings` (`key`, `value`)
VALUES
  ('icoRestrictions', 'false');
INSERT INTO
  `settings` (`key`, `value`)
VALUES
  ('investment', 'true');
INSERT INTO
  `settings` (`key`, `value`)
VALUES
  (
    'logo',
    '/uploads/logo/1780253771648-934944075.webp'
  );
INSERT INTO
  `settings` (`key`, `value`)
VALUES
  ('mlmRestrictions', 'false');
INSERT INTO
  `settings` (`key`, `value`)
VALUES
  (
    'mlmSettings',
    '{\"unilevel\":{\"levels\":2,\"levelsPercentage\":[{\"level\":1,\"value\":0},{\"level\":2,\"value\":0}]}}'
  );
INSERT INTO
  `settings` (`key`, `value`)
VALUES
  ('mlmSystem', 'DIRECT');
INSERT INTO
  `settings` (`key`, `value`)
VALUES
  (
    'msIcon144',
    '/uploads/logo/1779938620788-60153676.webp'
  );
INSERT INTO
  `settings` (`key`, `value`)
VALUES
  ('p2pCommission', '1');
INSERT INTO
  `settings` (`key`, `value`)
VALUES
  ('stakingRestrictions', 'false');
INSERT INTO
  `settings` (`key`, `value`)
VALUES
  ('tradeRestrictions', 'false');
INSERT INTO
  `settings` (`key`, `value`)
VALUES
  ('transfer', 'true');
INSERT INTO
  `settings` (`key`, `value`)
VALUES
  ('unilevelLevel1', '0');
INSERT INTO
  `settings` (`key`, `value`)
VALUES
  ('unilevelLevel2', '0');
INSERT INTO
  `settings` (`key`, `value`)
VALUES
  ('unilevelLevels', '2');
INSERT INTO
  `settings` (`key`, `value`)
VALUES
  ('walletRestrictions', 'false');
INSERT INTO
  `settings` (`key`, `value`)
VALUES
  ('withdraw', 'true');
INSERT INTO
  `settings` (`key`, `value`)
VALUES
  ('withdrawalRestrictions', 'false');
INSERT INTO
  `settings` (`key`, `value`)
VALUES
  ('withdrawApproval', 'true');

# ------------------------------------------------------------
# DATA DUMP FOR TABLE: slider
# ------------------------------------------------------------


# ------------------------------------------------------------
# DATA DUMP FOR TABLE: staking_duration
# ------------------------------------------------------------


# ------------------------------------------------------------
# DATA DUMP FOR TABLE: staking_log
# ------------------------------------------------------------


# ------------------------------------------------------------
# DATA DUMP FOR TABLE: staking_pool
# ------------------------------------------------------------


# ------------------------------------------------------------
# DATA DUMP FOR TABLE: support_ticket
# ------------------------------------------------------------


# ------------------------------------------------------------
# DATA DUMP FOR TABLE: tag
# ------------------------------------------------------------

INSERT INTO
  `tag` (
    `id`,
    `name`,
    `slug`,
    `createdAt`,
    `updatedAt`,
    `deletedAt`
  )
VALUES
  (
    '4e695234-66ac-4290-9108-82a1763aa896',
    'Trading Strategies',
    'trading-strategies',
    '2024-10-02 01:30:18',
    '2024-10-02 01:30:18',
    NULL
  );
INSERT INTO
  `tag` (
    `id`,
    `name`,
    `slug`,
    `createdAt`,
    `updatedAt`,
    `deletedAt`
  )
VALUES
  (
    '9746669e-e198-4ad5-82ff-e82260d46dd5',
    'Bitcoin',
    'bitcoin',
    '2024-10-02 01:30:18',
    '2024-10-02 01:30:18',
    NULL
  );

# ------------------------------------------------------------
# DATA DUMP FOR TABLE: transaction
# ------------------------------------------------------------

INSERT INTO
  `transaction` (
    `id`,
    `userId`,
    `walletId`,
    `type`,
    `status`,
    `amount`,
    `fee`,
    `description`,
    `metadata`,
    `referenceId`,
    `createdAt`,
    `updatedAt`,
    `deletedAt`
  )
VALUES
  (
    '04288833-5d4b-4f63-8049-20eab7ef9aed',
    '5043cffe-2bdb-4385-93b4-dddb6dc2f97a',
    'd074f0ac-53e9-4a04-9e6a-6bdb50ed65eb',
    'WITHDRAW',
    'PENDING',
    50,
    1.5,
    'Withdrawal of 50 USDT to TRG2ShhPjkYZk2Pwn1x5ZK2TwunLG1wovS via TRC20',
    '{\"chain\":\"TRC20\",\"currency\":\"USDT\",\"toAddress\":\"TRG2ShhPjkYZk2Pwn1x5ZK2TwunLG1wovS\"}',
    NULL,
    '2024-10-04 22:22:26',
    '2024-10-04 22:22:26',
    NULL
  );
INSERT INTO
  `transaction` (
    `id`,
    `userId`,
    `walletId`,
    `type`,
    `status`,
    `amount`,
    `fee`,
    `description`,
    `metadata`,
    `referenceId`,
    `createdAt`,
    `updatedAt`,
    `deletedAt`
  )
VALUES
  (
    '051deadc-3cef-4615-bb81-c445b18d1d3d',
    '5043cffe-2bdb-4385-93b4-dddb6dc2f97a',
    'e779e15b-e263-45b0-b6c2-8d26a183bb7d',
    'WITHDRAW',
    'CANCELLED',
    0.1,
    0,
    'Withdrawal of 0.1 BTC to bc1qt8638090tltvnceuwczaqg39v28856w6ck9scz via BTC',
    '{\"chain\":\"BTC\",\"currency\":\"BTC\",\"toAddress\":\"bc1qt8638090tltvnceuwczaqg39v28856w6ck9scz\",\"error\":\"KuCoin withdrawal failed: kucoin {\\\"msg\\\":\\\"no balance\\\",\\\"code\\\":\\\"230003\\\"}\"}',
    NULL,
    '2026-02-25 08:20:22',
    '2026-02-25 08:20:22',
    NULL
  );
INSERT INTO
  `transaction` (
    `id`,
    `userId`,
    `walletId`,
    `type`,
    `status`,
    `amount`,
    `fee`,
    `description`,
    `metadata`,
    `referenceId`,
    `createdAt`,
    `updatedAt`,
    `deletedAt`
  )
VALUES
  (
    '086502c1-bd3b-45a7-9117-8dbe1c3a9e80',
    '5043cffe-2bdb-4385-93b4-dddb6dc2f97a',
    'd074f0ac-53e9-4a04-9e6a-6bdb50ed65eb',
    'WITHDRAW',
    'PENDING',
    5,
    1.5,
    'Withdrawal of 5 USDT to TRG2ShhPjkYZk2Pwn1x5ZK2TwunLG1wovS via TRC20',
    '{\"chain\":\"TRC20\",\"currency\":\"USDT\",\"toAddress\":\"TRG2ShhPjkYZk2Pwn1x5ZK2TwunLG1wovS\"}',
    NULL,
    '2024-10-04 22:20:08',
    '2024-10-04 22:20:08',
    NULL
  );
INSERT INTO
  `transaction` (
    `id`,
    `userId`,
    `walletId`,
    `type`,
    `status`,
    `amount`,
    `fee`,
    `description`,
    `metadata`,
    `referenceId`,
    `createdAt`,
    `updatedAt`,
    `deletedAt`
  )
VALUES
  (
    '08e21f86-aa62-4eeb-a6ec-e4e6a233f957',
    '5043cffe-2bdb-4385-93b4-dddb6dc2f97a',
    'e779e15b-e263-45b0-b6c2-8d26a183bb7d',
    'WITHDRAW',
    'CANCELLED',
    149.5,
    0,
    'Withdrawal of 149.5 BTC to bc1qt8638090tltvnceuwczaqg39v28856w6ck9scz via BTC',
    '{\"chain\":\"BTC\",\"currency\":\"BTC\",\"toAddress\":\"bc1qt8638090tltvnceuwczaqg39v28856w6ck9scz\",\"error\":\"KuCoin withdrawal failed: kucoin {\\\"msg\\\":\\\"no balance\\\",\\\"code\\\":\\\"230003\\\"}\"}',
    NULL,
    '2026-02-25 08:15:50',
    '2026-02-25 08:15:51',
    NULL
  );
INSERT INTO
  `transaction` (
    `id`,
    `userId`,
    `walletId`,
    `type`,
    `status`,
    `amount`,
    `fee`,
    `description`,
    `metadata`,
    `referenceId`,
    `createdAt`,
    `updatedAt`,
    `deletedAt`
  )
VALUES
  (
    '248a2e1c-a733-48e6-ae44-e9182c022c3a',
    '5043cffe-2bdb-4385-93b4-dddb6dc2f97a',
    'd074f0ac-53e9-4a04-9e6a-6bdb50ed65eb',
    'WITHDRAW',
    'PENDING',
    20,
    1.5,
    'Withdrawal of 20 USDT to TBuCJDNRDJP6zV3N44EmrHEmTQLkWMEBgD via TRC20',
    '{\"chain\":\"TRC20\",\"currency\":\"USDT\",\"toAddress\":\"TBuCJDNRDJP6zV3N44EmrHEmTQLkWMEBgD\"}',
    NULL,
    '2024-10-04 21:04:43',
    '2024-10-04 21:04:43',
    NULL
  );
INSERT INTO
  `transaction` (
    `id`,
    `userId`,
    `walletId`,
    `type`,
    `status`,
    `amount`,
    `fee`,
    `description`,
    `metadata`,
    `referenceId`,
    `createdAt`,
    `updatedAt`,
    `deletedAt`
  )
VALUES
  (
    '4521d437-e109-4128-a95d-05395208bfb8',
    '5043cffe-2bdb-4385-93b4-dddb6dc2f97a',
    'e779e15b-e263-45b0-b6c2-8d26a183bb7d',
    'WITHDRAW',
    'CANCELLED',
    0.0003,
    0,
    'Withdrawal of 0.0003 BTC to bc1qt8638090tltvnceuwczaqg39v28856w6ck9scz via BTC',
    '{\"chain\":\"BTC\",\"currency\":\"BTC\",\"toAddress\":\"bc1qt8638090tltvnceuwczaqg39v28856w6ck9scz\",\"error\":\"KuCoin withdrawal failed: kucoin {\\\"msg\\\":\\\"no balance\\\",\\\"code\\\":\\\"230003\\\"}\"}',
    NULL,
    '2026-02-25 08:20:49',
    '2026-02-25 08:20:50',
    NULL
  );
INSERT INTO
  `transaction` (
    `id`,
    `userId`,
    `walletId`,
    `type`,
    `status`,
    `amount`,
    `fee`,
    `description`,
    `metadata`,
    `referenceId`,
    `createdAt`,
    `updatedAt`,
    `deletedAt`
  )
VALUES
  (
    '567fb4d0-01fe-4732-96b3-3583d0ec18a7',
    '5043cffe-2bdb-4385-93b4-dddb6dc2f97a',
    'd074f0ac-53e9-4a04-9e6a-6bdb50ed65eb',
    'DEPOSIT',
    'COMPLETED',
    14,
    0,
    'Deposit of 14 USDT to wallet',
    '{\"currency\":\"USDT\",\"chain\":\"TRC20\",\"trx\":\"c43f81bdc0ad9f764876be224598ebc62eea052d66203053cd126aaac9e029e3\"}',
    'c43f81bdc0ad9f764876be224598ebc62eea052d66203053cd126aaac9e029e3',
    '2024-10-04 21:17:34',
    '2024-10-04 21:17:55',
    NULL
  );
INSERT INTO
  `transaction` (
    `id`,
    `userId`,
    `walletId`,
    `type`,
    `status`,
    `amount`,
    `fee`,
    `description`,
    `metadata`,
    `referenceId`,
    `createdAt`,
    `updatedAt`,
    `deletedAt`
  )
VALUES
  (
    '5e21debf-a8e0-4b78-9d67-3928c0cba020',
    '5043cffe-2bdb-4385-93b4-dddb6dc2f97a',
    'e779e15b-e263-45b0-b6c2-8d26a183bb7d',
    'WITHDRAW',
    'CANCELLED',
    0.001,
    0,
    'Withdrawal of 0.001 BTC to bc1qt8638090tltvnceuwczaqg39v28856w6ck9scz via BTC',
    '{\"chain\":\"BTC\",\"currency\":\"BTC\",\"toAddress\":\"bc1qt8638090tltvnceuwczaqg39v28856w6ck9scz\",\"error\":\"KuCoin withdrawal failed: kucoin {\\\"msg\\\":\\\"no balance\\\",\\\"code\\\":\\\"230003\\\"}\"}',
    NULL,
    '2026-02-25 08:20:40',
    '2026-02-25 08:20:40',
    NULL
  );
INSERT INTO
  `transaction` (
    `id`,
    `userId`,
    `walletId`,
    `type`,
    `status`,
    `amount`,
    `fee`,
    `description`,
    `metadata`,
    `referenceId`,
    `createdAt`,
    `updatedAt`,
    `deletedAt`
  )
VALUES
  (
    '60b574bb-2146-457e-9e25-192334c85297',
    '5043cffe-2bdb-4385-93b4-dddb6dc2f97a',
    'd074f0ac-53e9-4a04-9e6a-6bdb50ed65eb',
    'WITHDRAW',
    'CANCELLED',
    10,
    1.5,
    'Withdrawal of 10 USDT to xz8MVTULLxc8ddSefeC1JhFnNMKdWHcqkjRga725dix via SOL',
    '{\"chain\":\"SOL\",\"currency\":\"USDT\",\"toAddress\":\"xz8MVTULLxc8ddSefeC1JhFnNMKdWHcqkjRga725dix\",\"error\":\"KuCoin withdrawal failed: kucoin {\\\"msg\\\":\\\"no balance\\\",\\\"code\\\":\\\"230003\\\"}\"}',
    NULL,
    '2026-02-25 08:23:22',
    '2026-02-25 08:23:23',
    NULL
  );
INSERT INTO
  `transaction` (
    `id`,
    `userId`,
    `walletId`,
    `type`,
    `status`,
    `amount`,
    `fee`,
    `description`,
    `metadata`,
    `referenceId`,
    `createdAt`,
    `updatedAt`,
    `deletedAt`
  )
VALUES
  (
    '681e2f97-9bc0-44cc-8be3-e6c388275486',
    '5043cffe-2bdb-4385-93b4-dddb6dc2f97a',
    'e779e15b-e263-45b0-b6c2-8d26a183bb7d',
    'WITHDRAW',
    'CANCELLED',
    1,
    0,
    'Withdrawal of 1 BTC to bc1qt8638090tltvnceuwczaqg39v28856w6ck9scz via BTC',
    '{\"chain\":\"BTC\",\"currency\":\"BTC\",\"toAddress\":\"bc1qt8638090tltvnceuwczaqg39v28856w6ck9scz\",\"error\":\"KuCoin withdrawal failed: kucoin {\\\"msg\\\":\\\"no balance\\\",\\\"code\\\":\\\"230003\\\"}\"}',
    NULL,
    '2026-02-25 08:16:00',
    '2026-02-25 08:16:01',
    NULL
  );
INSERT INTO
  `transaction` (
    `id`,
    `userId`,
    `walletId`,
    `type`,
    `status`,
    `amount`,
    `fee`,
    `description`,
    `metadata`,
    `referenceId`,
    `createdAt`,
    `updatedAt`,
    `deletedAt`
  )
VALUES
  (
    '754d6528-6704-4a52-9c46-fc3dcecc512c',
    'be069c07-6263-405d-b11c-6825734c8ed0',
    '41fd8798-c063-4f57-866a-7f696ce1ed35',
    'DEPOSIT',
    'PENDING',
    0,
    0,
    'USDC deposit transaction initiated',
    '{\"currency\":\"USDC\",\"chain\":\"OPTIMISM\",\"trx\":\"sisis\"}',
    'sisis',
    '2025-01-27 08:10:59',
    '2025-01-27 08:10:59',
    NULL
  );
INSERT INTO
  `transaction` (
    `id`,
    `userId`,
    `walletId`,
    `type`,
    `status`,
    `amount`,
    `fee`,
    `description`,
    `metadata`,
    `referenceId`,
    `createdAt`,
    `updatedAt`,
    `deletedAt`
  )
VALUES
  (
    '91198c38-f62c-4524-b7bd-06cd0b614f95',
    '5043cffe-2bdb-4385-93b4-dddb6dc2f97a',
    'd074f0ac-53e9-4a04-9e6a-6bdb50ed65eb',
    'WITHDRAW',
    'CANCELLED',
    3,
    1.5,
    'Withdrawal of 3 USDT to xz8MVTULLxc8ddSefeC1JhFnNMKdWHcqkjRga725dix via SOL',
    '{\"chain\":\"SOL\",\"currency\":\"USDT\",\"toAddress\":\"xz8MVTULLxc8ddSefeC1JhFnNMKdWHcqkjRga725dix\",\"error\":\"KuCoin withdrawal failed: kucoin {\\\"msg\\\":\\\"no balance\\\",\\\"code\\\":\\\"230003\\\"}\"}',
    NULL,
    '2026-02-25 08:23:32',
    '2026-02-25 08:23:32',
    NULL
  );
INSERT INTO
  `transaction` (
    `id`,
    `userId`,
    `walletId`,
    `type`,
    `status`,
    `amount`,
    `fee`,
    `description`,
    `metadata`,
    `referenceId`,
    `createdAt`,
    `updatedAt`,
    `deletedAt`
  )
VALUES
  (
    'a1f5a4d7-7f85-4623-9437-1aa10732506f',
    '792ab94e-8af1-4ea5-bf79-c40d51396c97',
    'a4830e33-b4fd-428f-bb3d-3c9ddd7b071f',
    'DEPOSIT',
    'PENDING',
    0,
    0,
    'USDT deposit transaction initiated',
    '{\"currency\":\"USDT\",\"chain\":\"TRC20\",\"trx\":\"1000\"}',
    '1000',
    '2024-10-09 03:40:54',
    '2024-10-09 03:40:54',
    NULL
  );
INSERT INTO
  `transaction` (
    `id`,
    `userId`,
    `walletId`,
    `type`,
    `status`,
    `amount`,
    `fee`,
    `description`,
    `metadata`,
    `referenceId`,
    `createdAt`,
    `updatedAt`,
    `deletedAt`
  )
VALUES
  (
    'd6e6acb9-e1b6-4a20-a7b7-b96a67580c44',
    '5043cffe-2bdb-4385-93b4-dddb6dc2f97a',
    'd074f0ac-53e9-4a04-9e6a-6bdb50ed65eb',
    'WITHDRAW',
    'CANCELLED',
    40,
    1.5,
    'Withdrawal of 40 USDT to xz8MVTULLxc8ddSefeC1JhFnNMKdWHcqkjRga725dix via SOL',
    '{\"chain\":\"SOL\",\"currency\":\"USDT\",\"toAddress\":\"xz8MVTULLxc8ddSefeC1JhFnNMKdWHcqkjRga725dix\",\"error\":\"KuCoin withdrawal failed: kucoin {\\\"msg\\\":\\\"no balance\\\",\\\"code\\\":\\\"230003\\\"}\"}',
    NULL,
    '2026-02-25 08:23:16',
    '2026-02-25 08:23:17',
    NULL
  );
INSERT INTO
  `transaction` (
    `id`,
    `userId`,
    `walletId`,
    `type`,
    `status`,
    `amount`,
    `fee`,
    `description`,
    `metadata`,
    `referenceId`,
    `createdAt`,
    `updatedAt`,
    `deletedAt`
  )
VALUES
  (
    'f2292af1-4fe6-47d6-90f7-dc77d389990b',
    '5043cffe-2bdb-4385-93b4-dddb6dc2f97a',
    'e779e15b-e263-45b0-b6c2-8d26a183bb7d',
    'WITHDRAW',
    'CANCELLED',
    0.01,
    0,
    'Withdrawal of 0.01 BTC to bc1qt8638090tltvnceuwczaqg39v28856w6ck9scz via BTC',
    '{\"chain\":\"BTC\",\"currency\":\"BTC\",\"toAddress\":\"bc1qt8638090tltvnceuwczaqg39v28856w6ck9scz\",\"error\":\"KuCoin withdrawal failed: kucoin {\\\"msg\\\":\\\"no balance\\\",\\\"code\\\":\\\"230003\\\"}\"}',
    NULL,
    '2026-02-25 08:20:31',
    '2026-02-25 08:20:31',
    NULL
  );
INSERT INTO
  `transaction` (
    `id`,
    `userId`,
    `walletId`,
    `type`,
    `status`,
    `amount`,
    `fee`,
    `description`,
    `metadata`,
    `referenceId`,
    `createdAt`,
    `updatedAt`,
    `deletedAt`
  )
VALUES
  (
    'f312db47-30ca-4939-b820-19ca2f821e77',
    '5043cffe-2bdb-4385-93b4-dddb6dc2f97a',
    'e779e15b-e263-45b0-b6c2-8d26a183bb7d',
    'WITHDRAW',
    'CANCELLED',
    0.1,
    0,
    'Withdrawal of 0.1 BTC to bc1q5adkufnal49kh800wk5vehvelta8sfd99dp2g7 via BTC',
    '{\"chain\":\"BTC\",\"currency\":\"BTC\",\"toAddress\":\"bc1q5adkufnal49kh800wk5vehvelta8sfd99dp2g7\",\"error\":\"KuCoin withdrawal failed: kucoin {\\\"msg\\\":\\\"no balance\\\",\\\"code\\\":\\\"230003\\\"}\"}',
    NULL,
    '2026-06-14 12:27:02',
    '2026-06-14 12:27:02',
    NULL
  );
INSERT INTO
  `transaction` (
    `id`,
    `userId`,
    `walletId`,
    `type`,
    `status`,
    `amount`,
    `fee`,
    `description`,
    `metadata`,
    `referenceId`,
    `createdAt`,
    `updatedAt`,
    `deletedAt`
  )
VALUES
  (
    'fe365eab-69dc-43f9-a2f8-eaab7462499b',
    'be069c07-6263-405d-b11c-6825734c8ed0',
    '41fd8798-c063-4f57-866a-7f696ce1ed35',
    'DEPOSIT',
    'PENDING',
    0,
    0,
    'USDC deposit transaction initiated',
    '{\"currency\":\"USDC\",\"chain\":\"OPTIMISM\",\"trx\":\"sisissisisiskjAj\"}',
    'sisissisisiskjAj',
    '2025-01-27 08:11:04',
    '2025-01-27 08:11:04',
    NULL
  );

# ------------------------------------------------------------
# DATA DUMP FOR TABLE: two_factor
# ------------------------------------------------------------


# ------------------------------------------------------------
# DATA DUMP FOR TABLE: user
# ------------------------------------------------------------

INSERT INTO
  `user` (
    `id`,
    `email`,
    `password`,
    `avatar`,
    `firstName`,
    `lastName`,
    `emailVerified`,
    `phone`,
    `roleId`,
    `profile`,
    `lastLogin`,
    `lastFailedLogin`,
    `failedLoginAttempts`,
    `status`,
    `createdAt`,
    `updatedAt`,
    `deletedAt`
  )
VALUES
  (
    '5043cffe-2bdb-4385-93b4-dddb6dc2f97a',
    'superadmin@example.com',
    '$argon2id$v=19$m=65536,t=3,p=4$a7c8tf3LGRJfYB5n+LMCxg$1m2sw/dWxxlyuBGVWETtczgvylED4IIbxKx0ePtKNNA',
    '/uploads/avatars/1727870963278-221800500.webp',
    'Super',
    'Admin',
    1,
    NULL,
    1,
    '\"{\\\"bio\\\":\\\"\\\",\\\"location\\\":{\\\"address\\\":\\\"\\\",\\\"city\\\":\\\"\\\",\\\"country\\\":\\\"\\\",\\\"zip\\\":\\\"\\\"},\\\"social\\\":{\\\"facebook\\\":\\\"\\\",\\\"twitter\\\":\\\"\\\",\\\"dribbble\\\":\\\"\\\",\\\"instagram\\\":\\\"\\\",\\\"github\\\":\\\"\\\",\\\"gitlab\\\":\\\"\\\"}}\"',
    NULL,
    NULL,
    0,
    'ACTIVE',
    '2024-10-02 01:30:13',
    '2026-06-22 19:53:43',
    NULL
  );
INSERT INTO
  `user` (
    `id`,
    `email`,
    `password`,
    `avatar`,
    `firstName`,
    `lastName`,
    `emailVerified`,
    `phone`,
    `roleId`,
    `profile`,
    `lastLogin`,
    `lastFailedLogin`,
    `failedLoginAttempts`,
    `status`,
    `createdAt`,
    `updatedAt`,
    `deletedAt`
  )
VALUES
  (
    '5c81c16e-ab81-48c7-acec-62d30205b7f0',
    'sallamxrp@gmail.com',
    '$argon2id$v=19$m=65536,t=3,p=4$Afeg/gmu9pO99UclEJM+UA$CTzYOh82OMJNhJ4jo9GkddC39VABRX8l3Guo66cuQHE',
    NULL,
    'rachid',
    'salam',
    1,
    NULL,
    4,
    NULL,
    NULL,
    NULL,
    0,
    'ACTIVE',
    '2025-02-15 07:50:27',
    '2025-02-15 07:51:50',
    '2025-02-15 08:05:17'
  );
INSERT INTO
  `user` (
    `id`,
    `email`,
    `password`,
    `avatar`,
    `firstName`,
    `lastName`,
    `emailVerified`,
    `phone`,
    `roleId`,
    `profile`,
    `lastLogin`,
    `lastFailedLogin`,
    `failedLoginAttempts`,
    `status`,
    `createdAt`,
    `updatedAt`,
    `deletedAt`
  )
VALUES
  (
    '5d1e148c-062c-4abb-8b14-95bffad1051f',
    'comolliezequiel@gmail.com',
    '$argon2id$v=19$m=65536,t=3,p=4$JDfmy4pnqHvFOld0Ph9RiQ$puLwH/24IvpI4hTngffRy5VqpY/xDURkn4XB8y7F2Wk',
    NULL,
    'Ezequiel',
    'Comolli',
    0,
    NULL,
    4,
    NULL,
    NULL,
    '2026-04-20 04:07:23',
    1,
    'ACTIVE',
    '2026-01-23 22:35:24',
    '2026-04-20 04:07:23',
    NULL
  );
INSERT INTO
  `user` (
    `id`,
    `email`,
    `password`,
    `avatar`,
    `firstName`,
    `lastName`,
    `emailVerified`,
    `phone`,
    `roleId`,
    `profile`,
    `lastLogin`,
    `lastFailedLogin`,
    `failedLoginAttempts`,
    `status`,
    `createdAt`,
    `updatedAt`,
    `deletedAt`
  )
VALUES
  (
    '602f8846-5a01-46e9-adbd-980da74bf663',
    'demo@demo.com',
    '$argon2id$v=19$m=65536,t=3,p=4$Bciy7YHvKzerXcDkmgpo6w$bz8su60BQy3e9T20YJRpq6Cg4qsqn3AVMWpfIVC35a0',
    NULL,
    'Demo',
    'Demo',
    0,
    NULL,
    4,
    NULL,
    NULL,
    NULL,
    0,
    'ACTIVE',
    '2024-10-02 15:38:07',
    '2024-10-02 15:38:49',
    NULL
  );
INSERT INTO
  `user` (
    `id`,
    `email`,
    `password`,
    `avatar`,
    `firstName`,
    `lastName`,
    `emailVerified`,
    `phone`,
    `roleId`,
    `profile`,
    `lastLogin`,
    `lastFailedLogin`,
    `failedLoginAttempts`,
    `status`,
    `createdAt`,
    `updatedAt`,
    `deletedAt`
  )
VALUES
  (
    '77da77bb-2ac7-47f6-9d54-ff99e985e020',
    'alimuratsacinn@gmail.com',
    '$argon2id$v=19$m=65536,t=3,p=4$yDmkPiUWv5Iig5YWuPW+IQ$31cQxohj/RqwwEJtF2ykumoFMpU15nb910kjVMTe9Ak',
    NULL,
    'Ali',
    'Sacin',
    1,
    '1523858159',
    2,
    '\"{\\\"bio\\\":\\\"a\\\",\\\"location\\\":{\\\"address\\\":\\\"Beethovenstr 26\\\",\\\"city\\\":\\\"Albstadt\\\",\\\"country\\\":\\\"Germany\\\",\\\"zip\\\":\\\"72458\\\"},\\\"social\\\":{\\\"facebook\\\":null,\\\"twitter\\\":null,\\\"dribbble\\\":null,\\\"instagram\\\":null,\\\"github\\\":null,\\\"gitlab\\\":null}}\"',
    NULL,
    NULL,
    0,
    'ACTIVE',
    '2024-10-07 04:30:16',
    '2024-10-07 04:30:36',
    NULL
  );
INSERT INTO
  `user` (
    `id`,
    `email`,
    `password`,
    `avatar`,
    `firstName`,
    `lastName`,
    `emailVerified`,
    `phone`,
    `roleId`,
    `profile`,
    `lastLogin`,
    `lastFailedLogin`,
    `failedLoginAttempts`,
    `status`,
    `createdAt`,
    `updatedAt`,
    `deletedAt`
  )
VALUES
  (
    '792ab94e-8af1-4ea5-bf79-c40d51396c97',
    'metamarketing333@gmail.com',
    '$argon2id$v=19$m=65536,t=3,p=4$HX5ivdH3Gbt2dPiVzbw51g$YQTVuC1Cljz5b8Z/La0ZTkHEtXeiOcEDyIV6QLOuFjc',
    NULL,
    'Ezequiel',
    'martin',
    0,
    NULL,
    4,
    NULL,
    NULL,
    '2026-06-22 02:16:22',
    4,
    'ACTIVE',
    '2024-10-04 17:04:44',
    '2026-06-22 02:16:22',
    NULL
  );
INSERT INTO
  `user` (
    `id`,
    `email`,
    `password`,
    `avatar`,
    `firstName`,
    `lastName`,
    `emailVerified`,
    `phone`,
    `roleId`,
    `profile`,
    `lastLogin`,
    `lastFailedLogin`,
    `failedLoginAttempts`,
    `status`,
    `createdAt`,
    `updatedAt`,
    `deletedAt`
  )
VALUES
  (
    'be069c07-6263-405d-b11c-6825734c8ed0',
    'tuyuluz02@gmail.com',
    '$argon2id$v=19$m=65536,t=3,p=4$hPR4M/SJDCXTs5wi37a7LQ$lPFCFLSE+3Uiz6C5bEAcFvULL6R0gkV+0cMG645vscc',
    NULL,
    'Timotius',
    'Benhur',
    0,
    NULL,
    4,
    NULL,
    NULL,
    NULL,
    0,
    'ACTIVE',
    '2025-01-27 08:08:43',
    '2025-01-27 08:08:43',
    NULL
  );
INSERT INTO
  `user` (
    `id`,
    `email`,
    `password`,
    `avatar`,
    `firstName`,
    `lastName`,
    `emailVerified`,
    `phone`,
    `roleId`,
    `profile`,
    `lastLogin`,
    `lastFailedLogin`,
    `failedLoginAttempts`,
    `status`,
    `createdAt`,
    `updatedAt`,
    `deletedAt`
  )
VALUES
  (
    'cd983dab-e29a-4b49-afe6-35b792105769',
    'pirado6103@dolofan.com',
    '$argon2id$v=19$m=65536,t=3,p=4$cQaLl+RuWFo72wuyrGY8Mg$pP/h2heUfDSsStUz6lUtQkbXzVVYZQtWhOB9XvkzyHc',
    NULL,
    'Jhon',
    'KRAGER',
    0,
    NULL,
    4,
    NULL,
    NULL,
    NULL,
    0,
    'ACTIVE',
    '2026-02-25 07:54:45',
    '2026-02-25 08:02:37',
    NULL
  );

# ------------------------------------------------------------
# DATA DUMP FOR TABLE: wallet
# ------------------------------------------------------------

INSERT INTO
  `wallet` (
    `id`,
    `userId`,
    `type`,
    `currency`,
    `balance`,
    `inOrder`,
    `status`,
    `createdAt`,
    `updatedAt`,
    `deletedAt`,
    `address`
  )
VALUES
  (
    '3b9364b8-b208-4982-8b15-564b07a0ef22',
    '5043cffe-2bdb-4385-93b4-dddb6dc2f97a',
    'SPOT',
    'XRP',
    0,
    0,
    1,
    '2024-10-04 21:07:28',
    '2024-10-04 21:07:28',
    NULL,
    NULL
  );
INSERT INTO
  `wallet` (
    `id`,
    `userId`,
    `type`,
    `currency`,
    `balance`,
    `inOrder`,
    `status`,
    `createdAt`,
    `updatedAt`,
    `deletedAt`,
    `address`
  )
VALUES
  (
    '41fd8798-c063-4f57-866a-7f696ce1ed35',
    'be069c07-6263-405d-b11c-6825734c8ed0',
    'SPOT',
    'USDC',
    0,
    0,
    1,
    '2025-01-27 08:10:59',
    '2025-01-27 08:10:59',
    NULL,
    NULL
  );
INSERT INTO
  `wallet` (
    `id`,
    `userId`,
    `type`,
    `currency`,
    `balance`,
    `inOrder`,
    `status`,
    `createdAt`,
    `updatedAt`,
    `deletedAt`,
    `address`
  )
VALUES
  (
    '5c2b66fa-d2c5-437a-95f1-2040612bf1c1',
    '5c81c16e-ab81-48c7-acec-62d30205b7f0',
    'SPOT',
    'BTC',
    0.91,
    0,
    1,
    '2025-02-15 07:58:02',
    '2025-02-15 08:00:59',
    NULL,
    NULL
  );
INSERT INTO
  `wallet` (
    `id`,
    `userId`,
    `type`,
    `currency`,
    `balance`,
    `inOrder`,
    `status`,
    `createdAt`,
    `updatedAt`,
    `deletedAt`,
    `address`
  )
VALUES
  (
    'a4830e33-b4fd-428f-bb3d-3c9ddd7b071f',
    '792ab94e-8af1-4ea5-bf79-c40d51396c97',
    'SPOT',
    'USDT',
    0,
    0,
    1,
    '2024-10-09 03:40:54',
    '2024-10-09 03:40:54',
    NULL,
    NULL
  );
INSERT INTO
  `wallet` (
    `id`,
    `userId`,
    `type`,
    `currency`,
    `balance`,
    `inOrder`,
    `status`,
    `createdAt`,
    `updatedAt`,
    `deletedAt`,
    `address`
  )
VALUES
  (
    'abb20365-9334-41ea-b447-8a0a20445080',
    '5043cffe-2bdb-4385-93b4-dddb6dc2f97a',
    'FIAT',
    'ARS',
    0,
    0,
    1,
    '2024-10-04 21:28:30',
    '2024-10-04 21:28:30',
    '2024-10-04 21:42:39',
    NULL
  );
INSERT INTO
  `wallet` (
    `id`,
    `userId`,
    `type`,
    `currency`,
    `balance`,
    `inOrder`,
    `status`,
    `createdAt`,
    `updatedAt`,
    `deletedAt`,
    `address`
  )
VALUES
  (
    'ca74ceba-2fd3-48ee-b821-2b40022be2ca',
    '5c81c16e-ab81-48c7-acec-62d30205b7f0',
    'SPOT',
    'USDT',
    0,
    0,
    1,
    '2025-02-15 07:58:02',
    '2025-02-15 07:58:02',
    NULL,
    NULL
  );
INSERT INTO
  `wallet` (
    `id`,
    `userId`,
    `type`,
    `currency`,
    `balance`,
    `inOrder`,
    `status`,
    `createdAt`,
    `updatedAt`,
    `deletedAt`,
    `address`
  )
VALUES
  (
    'd074f0ac-53e9-4a04-9e6a-6bdb50ed65eb',
    '5043cffe-2bdb-4385-93b4-dddb6dc2f97a',
    'SPOT',
    'USDT',
    42,
    0,
    1,
    '2024-10-04 06:17:25',
    '2026-02-25 08:23:32',
    NULL,
    NULL
  );
INSERT INTO
  `wallet` (
    `id`,
    `userId`,
    `type`,
    `currency`,
    `balance`,
    `inOrder`,
    `status`,
    `createdAt`,
    `updatedAt`,
    `deletedAt`,
    `address`
  )
VALUES
  (
    'e779e15b-e263-45b0-b6c2-8d26a183bb7d',
    '5043cffe-2bdb-4385-93b4-dddb6dc2f97a',
    'SPOT',
    'BTC',
    149.9,
    0,
    1,
    '2024-10-04 21:25:00',
    '2026-06-14 12:27:02',
    NULL,
    NULL
  );

# ------------------------------------------------------------
# DATA DUMP FOR TABLE: wallet_data
# ------------------------------------------------------------


# ------------------------------------------------------------
# DATA DUMP FOR TABLE: wallet_pnl
# ------------------------------------------------------------

INSERT INTO
  `wallet_pnl` (`id`, `userId`, `balances`, `createdAt`, `updatedAt`)
VALUES
  (
    '015ff19a-214f-439c-9172-1a809eff1992',
    '5043cffe-2bdb-4385-93b4-dddb6dc2f97a',
    '{\"FIAT\":0,\"SPOT\":9440009.49,\"ECO\":0}',
    '2026-06-18 03:00:00',
    '2026-06-19 00:00:00'
  );
INSERT INTO
  `wallet_pnl` (`id`, `userId`, `balances`, `createdAt`, `updatedAt`)
VALUES
  (
    '283e55cc-9a54-4613-81f7-a2ef1176b6d7',
    '5043cffe-2bdb-4385-93b4-dddb6dc2f97a',
    '{\"FIAT\":0,\"SPOT\":9642329.520000001,\"ECO\":0}',
    '2026-06-20 03:00:00',
    '2026-06-21 00:00:00'
  );
INSERT INTO
  `wallet_pnl` (`id`, `userId`, `balances`, `createdAt`, `updatedAt`)
VALUES
  (
    '29fd5aad-3148-4520-b59f-f1b17feeb56d',
    '5043cffe-2bdb-4385-93b4-dddb6dc2f97a',
    '{\"FIAT\":0,\"SPOT\":11047394.309400002,\"ECO\":0}',
    '2026-05-31 03:00:00',
    '2026-06-01 00:00:00'
  );
INSERT INTO
  `wallet_pnl` (`id`, `userId`, `balances`, `createdAt`, `updatedAt`)
VALUES
  (
    '3bc7c613-5ac2-4c27-8564-386d755619fe',
    '5043cffe-2bdb-4385-93b4-dddb6dc2f97a',
    '{\"FIAT\":0,\"SPOT\":11163926.802620001,\"ECO\":0}',
    '2026-05-27 03:00:00',
    '2026-05-28 00:00:00'
  );
INSERT INTO
  `wallet_pnl` (`id`, `userId`, `balances`, `createdAt`, `updatedAt`)
VALUES
  (
    '3d9a3f17-3dbc-4350-a64b-654dcd507eb6',
    '5043cffe-2bdb-4385-93b4-dddb6dc2f97a',
    '{\"FIAT\":0,\"SPOT\":9859309.770000001,\"ECO\":0}',
    '2026-06-14 03:00:00',
    '2026-06-15 00:00:00'
  );
INSERT INTO
  `wallet_pnl` (`id`, `userId`, `balances`, `createdAt`, `updatedAt`)
VALUES
  (
    '3f340552-c57b-4187-a919-4be83763f1a4',
    '5043cffe-2bdb-4385-93b4-dddb6dc2f97a',
    '{\"FIAT\":0,\"SPOT\":9534086.73,\"ECO\":0}',
    '2026-06-19 03:00:00',
    '2026-06-20 00:00:00'
  );
INSERT INTO
  `wallet_pnl` (`id`, `userId`, `balances`, `createdAt`, `updatedAt`)
VALUES
  (
    '6306c431-e2fe-4908-a44f-8ecb52797ff6',
    '5043cffe-2bdb-4385-93b4-dddb6dc2f97a',
    '{\"FIAT\":0,\"SPOT\":9248785.579790002,\"ECO\":0}',
    '2026-06-09 03:00:00',
    '2026-06-10 00:00:00'
  );
INSERT INTO
  `wallet_pnl` (`id`, `userId`, `balances`, `createdAt`, `updatedAt`)
VALUES
  (
    '64496d64-ade7-48a1-bc38-f4c6a94ffffa',
    '5043cffe-2bdb-4385-93b4-dddb6dc2f97a',
    '{\"FIAT\":0,\"SPOT\":9568807.73026,\"ECO\":0}',
    '2026-06-04 03:00:00',
    '2026-06-05 00:00:00'
  );
INSERT INTO
  `wallet_pnl` (`id`, `userId`, `balances`, `createdAt`, `updatedAt`)
VALUES
  (
    '7d1bd184-c30e-43ee-9cad-e01f4d182979',
    '5043cffe-2bdb-4385-93b4-dddb6dc2f97a',
    '{\"FIAT\":0,\"SPOT\":11037440.929480001,\"ECO\":0}',
    '2026-05-28 03:00:00',
    '2026-05-29 00:00:00'
  );
INSERT INTO
  `wallet_pnl` (`id`, `userId`, `balances`, `createdAt`, `updatedAt`)
VALUES
  (
    '8e225061-d0fc-4033-a0f2-809710603ecd',
    '5043cffe-2bdb-4385-93b4-dddb6dc2f97a',
    '{\"FIAT\":0,\"SPOT\":11013067.140700001,\"ECO\":0}',
    '2026-05-29 03:00:00',
    '2026-05-30 00:00:00'
  );
INSERT INTO
  `wallet_pnl` (`id`, `userId`, `balances`, `createdAt`, `updatedAt`)
VALUES
  (
    '95658fd8-2d7f-4d72-b831-7c766921b8b3',
    '5043cffe-2bdb-4385-93b4-dddb6dc2f97a',
    '{\"FIAT\":0,\"SPOT\":9838518.64,\"ECO\":0}',
    '2026-06-16 03:00:00',
    '2026-06-17 00:00:00'
  );
INSERT INTO
  `wallet_pnl` (`id`, `userId`, `balances`, `createdAt`, `updatedAt`)
VALUES
  (
    '96e7bf7f-fcd3-44ff-93b7-47a6c6b72db1',
    '5043cffe-2bdb-4385-93b4-dddb6dc2f97a',
    '{\"FIAT\":0,\"SPOT\":9528799.34019,\"ECO\":0}',
    '2026-06-12 03:00:00',
    '2026-06-13 00:00:00'
  );
INSERT INTO
  `wallet_pnl` (`id`, `userId`, `balances`, `createdAt`, `updatedAt`)
VALUES
  (
    '99a8657b-c00e-4c83-84d0-64201396ad5e',
    '5043cffe-2bdb-4385-93b4-dddb6dc2f97a',
    '{\"FIAT\":0,\"SPOT\":11073851.712350002,\"ECO\":0}',
    '2026-05-30 03:00:00',
    '2026-05-31 00:00:00'
  );
INSERT INTO
  `wallet_pnl` (`id`, `userId`, `balances`, `createdAt`, `updatedAt`)
VALUES
  (
    '9c59a753-767c-4935-8e3a-863cd49fd1c5',
    '5043cffe-2bdb-4385-93b4-dddb6dc2f97a',
    '{\"FIAT\":0,\"SPOT\":9490525.790000001,\"ECO\":0}',
    '2026-06-21 03:00:00',
    '2026-06-22 00:00:00'
  );
INSERT INTO
  `wallet_pnl` (`id`, `userId`, `balances`, `createdAt`, `updatedAt`)
VALUES
  (
    'a3dc9327-e269-465a-b4e8-6d33255bdbf7',
    '5043cffe-2bdb-4385-93b4-dddb6dc2f97a',
    '{\"FIAT\":0,\"SPOT\":11594290.56392,\"ECO\":0}',
    '2026-05-25 03:00:00',
    '2026-05-26 00:00:00'
  );
INSERT INTO
  `wallet_pnl` (`id`, `userId`, `balances`, `createdAt`, `updatedAt`)
VALUES
  (
    'a6f0b608-9bc3-453e-82e4-a22fcd2ed033',
    '5043cffe-2bdb-4385-93b4-dddb6dc2f97a',
    '{\"FIAT\":0,\"SPOT\":9538078.16876,\"ECO\":0}',
    '2026-06-11 03:00:00',
    '2026-06-12 00:00:00'
  );
INSERT INTO
  `wallet_pnl` (`id`, `userId`, `balances`, `createdAt`, `updatedAt`)
VALUES
  (
    'a80b7c11-f2cb-43ae-aeb0-ff1c6e9810c2',
    '5043cffe-2bdb-4385-93b4-dddb6dc2f97a',
    '{\"FIAT\":0,\"SPOT\":9609505.66171,\"ECO\":0}',
    '2026-06-03 03:00:00',
    '2026-06-04 00:00:00'
  );
INSERT INTO
  `wallet_pnl` (`id`, `userId`, `balances`, `createdAt`, `updatedAt`)
VALUES
  (
    'b038be9e-6e14-493d-a420-dcb9a7ea271e',
    '5043cffe-2bdb-4385-93b4-dddb6dc2f97a',
    '{\"FIAT\":0,\"SPOT\":11512025.279280001,\"ECO\":0}',
    '2026-05-23 03:00:00',
    '2026-05-24 00:00:00'
  );
INSERT INTO
  `wallet_pnl` (`id`, `userId`, `balances`, `createdAt`, `updatedAt`)
VALUES
  (
    'b1f05fe3-3393-4365-a280-0961bd361970',
    '5043cffe-2bdb-4385-93b4-dddb6dc2f97a',
    '{\"FIAT\":0,\"SPOT\":9945202.47,\"ECO\":0}',
    '2026-06-15 03:00:00',
    '2026-06-16 00:00:00'
  );
INSERT INTO
  `wallet_pnl` (`id`, `userId`, `balances`, `createdAt`, `updatedAt`)
VALUES
  (
    'b2d0942b-6a91-46e7-a63f-504df7c21cd2',
    '5043cffe-2bdb-4385-93b4-dddb6dc2f97a',
    '{\"FIAT\":0,\"SPOT\":11380712.616480002,\"ECO\":0}',
    '2026-05-26 03:00:00',
    '2026-05-27 00:00:00'
  );
INSERT INTO
  `wallet_pnl` (`id`, `userId`, `balances`, `createdAt`, `updatedAt`)
VALUES
  (
    'b9c1a2c7-033a-49e0-86d7-3752263ecbf7',
    '5043cffe-2bdb-4385-93b4-dddb6dc2f97a',
    '{\"FIAT\":0,\"SPOT\":9665294.200000001,\"ECO\":0}',
    '2026-06-17 03:00:00',
    '2026-06-18 00:00:00'
  );
INSERT INTO
  `wallet_pnl` (`id`, `userId`, `balances`, `createdAt`, `updatedAt`)
VALUES
  (
    'c1b8613f-5246-4bf0-88d3-0135508e7f85',
    '5043cffe-2bdb-4385-93b4-dddb6dc2f97a',
    '{\"FIAT\":0,\"SPOT\":10701754.197660001,\"ECO\":0}',
    '2026-06-01 03:00:00',
    '2026-06-02 00:00:00'
  );
INSERT INTO
  `wallet_pnl` (`id`, `userId`, `balances`, `createdAt`, `updatedAt`)
VALUES
  (
    'c850b727-c6a6-4546-a532-4de1facdfc9d',
    '5043cffe-2bdb-4385-93b4-dddb6dc2f97a',
    '{\"FIAT\":0,\"SPOT\":9661790.88635,\"ECO\":0}',
    '2026-06-13 03:00:00',
    '2026-06-14 00:00:00'
  );
INSERT INTO
  `wallet_pnl` (`id`, `userId`, `balances`, `createdAt`, `updatedAt`)
VALUES
  (
    'c9075ffb-c92b-49dd-8897-dedc599aa5ec',
    '5043cffe-2bdb-4385-93b4-dddb6dc2f97a',
    '{\"FIAT\":0,\"SPOT\":9657964.09,\"ECO\":0}',
    '2026-06-22 03:00:00',
    '2026-06-22 20:32:03'
  );
INSERT INTO
  `wallet_pnl` (`id`, `userId`, `balances`, `createdAt`, `updatedAt`)
VALUES
  (
    'cc3cfd4d-3fbb-4bd5-8547-f6c62200f29b',
    '5043cffe-2bdb-4385-93b4-dddb6dc2f97a',
    '{\"FIAT\":0,\"SPOT\":9131113.844290001,\"ECO\":0}',
    '2026-06-05 03:00:00',
    '2026-06-06 00:00:00'
  );
INSERT INTO
  `wallet_pnl` (`id`, `userId`, `balances`, `createdAt`, `updatedAt`)
VALUES
  (
    'd0092ba4-58fb-4e26-baae-cae926784897',
    '5043cffe-2bdb-4385-93b4-dddb6dc2f97a',
    '{\"FIAT\":0,\"SPOT\":9127531.22712,\"ECO\":0}',
    '2026-06-06 03:00:00',
    '2026-06-07 00:00:00'
  );
INSERT INTO
  `wallet_pnl` (`id`, `userId`, `balances`, `createdAt`, `updatedAt`)
VALUES
  (
    'd49355e7-139e-4869-aa2d-9fe24569dcd2',
    '5043cffe-2bdb-4385-93b4-dddb6dc2f97a',
    '{\"FIAT\":0,\"SPOT\":10022136.21752,\"ECO\":0}',
    '2026-06-02 03:00:00',
    '2026-06-03 00:00:00'
  );
INSERT INTO
  `wallet_pnl` (`id`, `userId`, `balances`, `createdAt`, `updatedAt`)
VALUES
  (
    'ddd23cb7-e31d-486b-ade3-614aa86462b8',
    '5043cffe-2bdb-4385-93b4-dddb6dc2f97a',
    '{\"FIAT\":0,\"SPOT\":9480576.41368,\"ECO\":0}',
    '2026-06-07 03:00:00',
    '2026-06-08 00:00:00'
  );
INSERT INTO
  `wallet_pnl` (`id`, `userId`, `balances`, `createdAt`, `updatedAt`)
VALUES
  (
    'f70718b7-4172-4129-8c63-b1babb35bea4',
    '5043cffe-2bdb-4385-93b4-dddb6dc2f97a',
    '{\"FIAT\":0,\"SPOT\":11557400.10009,\"ECO\":0}',
    '2026-05-24 03:00:00',
    '2026-05-25 00:00:00'
  );
INSERT INTO
  `wallet_pnl` (`id`, `userId`, `balances`, `createdAt`, `updatedAt`)
VALUES
  (
    'f83f515a-7494-41bb-8162-29f1980b53b8',
    '5043cffe-2bdb-4385-93b4-dddb6dc2f97a',
    '{\"FIAT\":0,\"SPOT\":9263116.048470002,\"ECO\":0}',
    '2026-06-10 03:00:00',
    '2026-06-11 00:40:24'
  );
INSERT INTO
  `wallet_pnl` (`id`, `userId`, `balances`, `createdAt`, `updatedAt`)
VALUES
  (
    'fff042cf-067c-4700-8cb7-fffabae06390',
    '5043cffe-2bdb-4385-93b4-dddb6dc2f97a',
    '{\"FIAT\":0,\"SPOT\":9460909.494320001,\"ECO\":0}',
    '2026-06-08 03:00:00',
    '2026-06-09 00:00:00'
  );

# ------------------------------------------------------------
# DATA DUMP FOR TABLE: withdraw_method
# ------------------------------------------------------------


